{"id":109588,"date":"2023-11-13T15:32:48","date_gmt":"2023-11-13T14:32:48","guid":{"rendered":"https:\/\/madelinefashion.pl\/?post_type=product&#038;p=109588"},"modified":"2026-03-01T12:57:57","modified_gmt":"2026-03-01T11:57:57","slug":"czapka-alpaka-zimowa-z-daszkiem-i-pomponem-szara","status":"publish","type":"product","link":"https:\/\/madelinefashion.pl\/sk\/czapka-alpaka-zimowa-z-daszkiem-i-pomponem-szara\/","title":{"rendered":"Zimn\u00e1 alpakov\u00e1 \u010diapka so \u0161iltom a brmbolcom, siv\u00e1"},"content":{"rendered":"<h3 style=\"text-align: center;\">Zimn\u00e1 alpakov\u00e1 \u010diapka so \u0161iltom a brmbolcom, siv\u00e1<\/h3>\n<p>&nbsp;<\/p>\n<p style=\"text-align: center;\">D\u00e1mska zimn\u00e1 \u010diapka z alpaky s brmbolcom. Univerz\u00e1lna ve\u013ekos\u0165, vyroben\u00e1 z ve\u013emi m\u00e4kk\u00e9ho materi\u00e1lu. Dostupn\u00e1 v nieko\u013ek\u00fdch v\u0161estrann\u00fdch a kr\u00e1snych farb\u00e1ch, ur\u010dite si n\u00e1jdete t\u00fa spr\u00e1vnu pre ka\u017ed\u00fd outfit. T\u00e1to \u010diapka je ide\u00e1lna pre tie, ktor\u00e9 sa rady c\u00edtia pohodlne. \u0160t\u00fdlov\u00fd doplnok do v\u00e1\u0161ho \u0161atn\u00edka!<\/p>\n<h3 style=\"text-align: center;\">Rozmery uz\u00e1veru:<\/h3>\n<p style=\"text-align: center;\">Obvod: 24-26 cm<\/p>\n<p style=\"text-align: center;\">Celkov\u00e1 d\u013a\u017eka: 14 cm<\/p>\n<p style=\"text-align: center;\">V\u00fd\u0161ka pompomu: 10 cm<\/p>\n<p>&nbsp;<\/p>\n<p style=\"text-align: center;\">Rozmery sa m\u00f4\u017eu mierne l\u00ed\u0161i\u0165 od uveden\u00fdch +\/- 2cm. V\u0161etky uveden\u00e9 rozmery s\u00fa meran\u00e9 plo\u0161ne.<\/p>\n<p>&nbsp;<\/p>\n<p style=\"text-align: center;\">Model m\u00e1\u00a0<strong>169<\/strong>\u00a0cm vysok\u00fd, nos\u00ed ve\u013ekos\u0165 ka\u017ed\u00fd de\u0148\u00a0<strong>S<\/strong><\/p>\n<p style=\"text-align: center;\">\u0160\u00edrka hrudn\u00edka 91 cm<\/p>\n<p style=\"text-align: center;\">\u0160\u00edrka p\u00e1su 71 cm<\/p>\n<p style=\"text-align: center;\">\u0160\u00edrka bokov 96 cm<\/p>\n<p style=\"text-align: center;\">","protected":false},"excerpt":{"rendered":"<p>Czapka Alpaka Zimowa z Daszkiem I Pomponem Szara &nbsp; Damska czapka z daszkiem zimowa z alpaki zdobiona pomponem. Model w rozmiarze uniwersalnym, wykonana z bardzo przyjemnego w dotyku materia\u0142u. Wyst\u0119puje w naszej ofercie w kilku uniwersalnych i pi\u0119knych kolorach, dzi\u0119ki czemu na pewno dopasujesz j\u0105 do ka\u017cdej stylizacji. Czapka z daszkiem to idealna propozycja dla<\/p>\n<div class=\"klb-readmore post-buttons\"><a class=\"button black outline size-sm\" href=\"https:\/\/madelinefashion.pl\/sk\/czapka-alpaka-zimowa-z-daszkiem-i-pomponem-szara\/\">\u010c\u00edta\u0165 \u010falej <i class=\"klbth-icon-right-arrow\"><\/i><\/a><\/div>","protected":false},"featured_media":109571,"template":"","meta":[],"product_brand":[],"product_cat":[86,395],"product_tag":[],"class_list":{"0":"post-109588","1":"product","2":"type-product","3":"status-publish","4":"has-post-thumbnail","6":"product_cat-czapki-dodatki","7":"product_cat-nowosci","9":"first","10":"outofstock","11":"sale","12":"purchasable","13":"product-type-simple"},"_links":{"self":[{"href":"https:\/\/madelinefashion.pl\/sk\/wp-json\/wp\/v2\/product\/109588","targetHints":{"allow":["GET"]}}],"collection":[{"href":"https:\/\/madelinefashion.pl\/sk\/wp-json\/wp\/v2\/product"}],"about":[{"href":"https:\/\/madelinefashion.pl\/sk\/wp-json\/wp\/v2\/types\/product"}],"wp:featuredmedia":[{"embeddable":true,"href":"https:\/\/madelinefashion.pl\/sk\/wp-json\/wp\/v2\/media\/109571"}],"wp:attachment":[{"href":"https:\/\/madelinefashion.pl\/sk\/wp-json\/wp\/v2\/media?parent=109588"}],"wp:term":[{"taxonomy":"product_brand","embeddable":true,"href":"https:\/\/madelinefashion.pl\/sk\/wp-json\/wp\/v2\/product_brand?post=109588"},{"taxonomy":"product_cat","embeddable":true,"href":"https:\/\/madelinefashion.pl\/sk\/wp-json\/wp\/v2\/product_cat?post=109588"},{"taxonomy":"product_tag","embeddable":true,"href":"https:\/\/madelinefashion.pl\/sk\/wp-json\/wp\/v2\/product_tag?post=109588"}],"curies":[{"name":"pracovn\u00fd list","href":"https:\/\/api.w.org\/{rel}","templated":true}]}}

Zimná alpaková čiapka so šiltom a brmbolcom, sivá

<h3 style="text-align: center;">Zimná alpaková čiapka so šiltom a brmbolcom, sivá</h3>
<p>&nbsp;</p>
<p style="text-align: center;">Dámska zimná čiapka z alpaky s brmbolcom. Univerzálna veľkosť, vyrobená z veľmi mäkkého materiálu. Dostupná v niekoľkých všestranných a krásnych farbách, určite si nájdete tú správnu pre každý outfit. Táto čiapka je ideálna pre tie, ktoré sa rady cítia pohodlne. Štýlový doplnok do vášho šatníka!</p>
<h3 style="text-align: center;">Rozmery uzáveru:</h3>
<p style="text-align: center;">Obvod: 24-26 cm</p>
<p style="text-align: center;">Celková dĺžka: 14 cm</p>
<p style="text-align: center;">Výška pompomu: 10 cm</p>
<p>&nbsp;</p>
<p style="text-align: center;">Rozmery sa môžu mierne líšiť od uvedených +/- 2cm. Všetky uvedené rozmery sú merané plošne.</p>
<p>&nbsp;</p>
<p style="text-align: center;">Model má <strong>169</strong> cm vysoký, nosí veľkosť každý deň <strong>S</strong></p>
<p style="text-align: center;">Šírka hrudníka 91 cm</p>
<p style="text-align: center;">Šírka pásu 71 cm</p>
<p style="text-align: center;">Šírka bokov 96 cm</p>
<p style="text-align: center;">

<p>Czapka Alpaka Zimowa z Daszkiem I Pomponem Szara &nbsp; Damska czapka z daszkiem zimowa z alpaki zdobiona pomponem. Model w rozmiarze uniwersalnym, wykonana z bardzo przyjemnego w dotyku materiału. Występuje w naszej ofercie w kilku uniwersalnych i pięknych kolorach, dzięki czemu na pewno dopasujesz ją do każdej stylizacji. Czapka z daszkiem to idealna propozycja dla</p>
<div class="klb-readmore post-buttons"><a class="button black outline size-sm" href="https://madelinefashion.pl/sk/czapka-alpaka-zimowa-z-daszkiem-i-pomponem-szara/">Čítať ďalej <i class="klbth-icon-right-arrow"></i></a></div>

pracovný list
