{"id":109893,"date":"2023-11-15T12:37:04","date_gmt":"2023-11-15T11:37:04","guid":{"rendered":"https:\/\/madelinefashion.pl\/?post_type=product&#038;p=109893"},"modified":"2026-01-15T12:42:55","modified_gmt":"2026-01-15T11:42:55","slug":"plaszcz-wrzosowy-plus-size-z-flauszu","status":"publish","type":"product","link":"https:\/\/madelinefashion.pl\/sk\/plaszcz-wrzosowy-plus-size-z-flauszu\/","title":{"rendered":"Fl\u00edsov\u00fd kab\u00e1t Heather Plus Size"},"content":{"rendered":"<h3 style=\"text-align: center;\">Fl\u00edsov\u00fd kab\u00e1t Heather Plus Size<\/h3>\n<p style=\"text-align: center;\">Farebn\u00fd kab\u00e1t <strong>Intense Green fleece je skuto\u010dn\u00fdm hitom<\/strong> na ka\u017ed\u00e9 ro\u010dn\u00e9 obdobie. Je to spojenie elegancie, modernosti a funk\u010dnosti - farebn\u00fd kab\u00e1t <strong>zelen\u00e1 pripom\u00edna farby pr\u00edrody<\/strong>, letn\u00fd les, listy stromov, mach. Je to kr\u00e1sna a neprehliadnute\u013en\u00e1 farba - nenechajte si ju ujs\u0165 v \u0161atn\u00edku!!! . V\u010faka \u0161trukt\u00fare materi\u00e1lu sa s n\u00edm bude lep\u0161ie pracova\u0165 <strong>po\u010das chladnej\u0161\u00edch dn\u00ed a prechodn\u00fdch obdob\u00ed.<\/strong> Ve\u013ekos\u0165 <strong>univerz\u00e1lna ve\u013ekos\u0165 plus <\/strong>\u00a0odpor\u00fa\u010dan\u00e9 pre\u00a0 <strong>P\u00e1n<\/strong> nosenie<strong> ve\u013ekos\u0165<\/strong> <strong>44,46,48,50<\/strong> \u010do je obrovsk\u00e1 v\u00fdhoda tohto modelu. V ponuke <strong>m\u00e1me<\/strong> tie\u017e <a href=\"https:\/\/madelinefashion.pl\/sk\/kurtki-i-plaszcze\/plaszcze\/plaszcze-dlugie\/\"><strong>men\u0161ie<\/strong> <\/a>odpor\u00fa\u010dan\u00e9 pre SML XL. Kab\u00e1t je dostupn\u00fd aj v in\u00fdch farebn\u00fdch variantoch - odpor\u00fa\u010dame V\u00e1m zozn\u00e1mi\u0165 sa s na\u0161imi \u010fal\u0161\u00edmi produktmi v na\u0161om e-shope. Na\u0161e kab\u00e1ty vyu\u017eijete na <strong>najviac<\/strong> ich <strong>styling<\/strong>, vzh\u013eadom k tomu, \u017ee farby s\u00fa tlmen\u00e9, <strong>elegantn\u00fd<\/strong> a \u0161ik.<\/p>\n<p style=\"text-align: center;\">Kab\u00e1t je univerz\u00e1lny - hod\u00ed sa na ka\u017ed\u00fa pr\u00edle\u017eitos\u0165, bude sa perfektne hodi\u0165 <strong>jar<\/strong> a <strong>jese\u0148<\/strong> \u0161tyliz\u00e1cie, navy\u0161e vyroben\u00e9 z fleece, dokonale padn\u00fa.<\/p>\n<h3 style=\"text-align: center;\">Perfektn\u00fd kab\u00e1t na ka\u017ed\u00fa pr\u00edle\u017eitos\u0165<\/h3>\n<h3 style=\"text-align: center;\">Rozmery kab\u00e1ta nadmernej ve\u013ekosti:<\/h3>\n<ul style=\"text-align: center;\">\n<li>celkov\u00e1 d\u013a\u017eka chrbta: 90 cm<\/li>\n<li>\u0161\u00edrka od pazuchy po pazuchu: 59 cm<\/li>\n<li>d\u013a\u017eka ruk\u00e1va od ramena: 62 cm<\/li>\n<li>d\u013a\u017eka ruk\u00e1va od podpazu\u0161ia: 47 cm<\/li>\n<li>odpor\u00fa\u010dan\u00fd maxim\u00e1lny obvod poprsia: 130-145 cm<\/li>\n<li>\u0161\u00edrka v bicepsoch: 39 cm<\/li>\n<\/ul>\n<p style=\"text-align: center;\"><strong>Obr\u00e1zok produktu!!!<\/strong><\/p>\n<p style=\"text-align: center;\">Rozmery sa m\u00f4\u017eu mierne l\u00ed\u0161i\u0165 od uveden\u00fdch +\/- 2cm. V\u0161etky uveden\u00e9 rozmery s\u00fa meran\u00e9 plo\u0161ne.<\/p>\n<p style=\"text-align: center;\"><strong>\u00a0<\/strong><\/p>\n<table width=\"617\">\n<tbody>\n<tr>\n<td width=\"302\">Meno modela<\/td>\n<td width=\"302\">Fleeceov\u00fd kab\u00e1t ve\u013ekej ve\u013ekosti<\/td>\n<\/tr>\n<tr>\n<td width=\"302\">Farba<\/td>\n<td width=\"302\">Heather<\/td>\n<\/tr>\n<tr>\n<td width=\"302\">Zbierka<\/td>\n<td width=\"302\">jar\/jese\u0148\/zima<\/td>\n<\/tr>\n<tr>\n<td width=\"302\">ve\u013ekosti<\/td>\n<td width=\"302\">Univerz\u00e1lny (nadmern\u00e1 ve\u013ekos\u0165)<\/td>\n<\/tr>\n<tr>\n<td width=\"302\">M\u00f3da<\/td>\n<td width=\"302\">nadrozmern\u00e9<\/td>\n<\/tr>\n<tr>\n<td width=\"302\">Hood<\/td>\n<td width=\"302\">Bez kapucne<\/td>\n<\/tr>\n<tr>\n<td width=\"302\">izolovan\u00e9<\/td>\n<td width=\"302\">jednopl\u00e1\u0161\u0165ov\u00e9<\/td>\n<\/tr>\n<tr>\n<td width=\"302\">Materi\u00e1l<\/td>\n<td width=\"302\">Petersham<\/td>\n<\/tr>\n<\/tbody>\n<\/table>\n<p style=\"text-align: center;\">Model m\u00e1\u00a0<strong>169<\/strong>\u00a0cm vysok\u00fd, nos\u00ed ve\u013ekos\u0165 ka\u017ed\u00fd de\u0148\u00a0<strong>S<\/strong><\/p>\n<p style=\"text-align: center;\">\u0160\u00edrka hrudn\u00edka 91 cm<\/p>\n<p style=\"text-align: center;\">\u0160\u00edrka p\u00e1su 71 cm<\/p>\n<p style=\"text-align: center;\">\u0160\u00edrka bokov 96 cm<\/p>","protected":false},"excerpt":{"rendered":"<p>Vresov\u00fd fl\u00edsov\u00fd kab\u00e1t pre v\u00e4\u010d\u0161ie ve\u013ekosti. Tento intenz\u00edvne zelen\u00fd fl\u00edsov\u00fd kab\u00e1t je skuto\u010dn\u00fdm hitom ka\u017ed\u00e9ho ro\u010dn\u00e9ho obdobia. Je kombin\u00e1ciou elegancie, modernosti a funk\u010dnosti. Tento zelen\u00fd kab\u00e1t evokuje farby pr\u00edrody, letn\u00e9ho lesa, listov stromov a machu. Je to kr\u00e1sna a jedine\u010dn\u00e1 farba \u2013 nenechajte ju ch\u00fdba\u0165 vo va\u0161om \u0161atn\u00edku!<\/p>\n<div class=\"klb-readmore post-buttons\"><a class=\"button black outline size-sm\" href=\"https:\/\/madelinefashion.pl\/sk\/plaszcz-wrzosowy-plus-size-z-flauszu\/\">\u010c\u00edta\u0165 \u010falej <i class=\"klbth-icon-right-arrow\"><\/i><\/a><\/div>","protected":false},"featured_media":109889,"template":"","meta":[],"product_brand":[],"product_cat":[102,395,279],"product_tag":[510],"class_list":{"0":"post-109893","1":"product","2":"type-product","3":"status-publish","4":"has-post-thumbnail","6":"product_cat-plaszcze-plus-size","7":"product_cat-nowosci","8":"product_cat-plaszcze-wiosenne","9":"product_tag-plaszcze-flauszowe","11":"first","12":"instock","13":"sale","14":"purchasable","15":"product-type-simple"},"_links":{"self":[{"href":"https:\/\/madelinefashion.pl\/sk\/wp-json\/wp\/v2\/product\/109893","targetHints":{"allow":["GET"]}}],"collection":[{"href":"https:\/\/madelinefashion.pl\/sk\/wp-json\/wp\/v2\/product"}],"about":[{"href":"https:\/\/madelinefashion.pl\/sk\/wp-json\/wp\/v2\/types\/product"}],"wp:featuredmedia":[{"embeddable":true,"href":"https:\/\/madelinefashion.pl\/sk\/wp-json\/wp\/v2\/media\/109889"}],"wp:attachment":[{"href":"https:\/\/madelinefashion.pl\/sk\/wp-json\/wp\/v2\/media?parent=109893"}],"wp:term":[{"taxonomy":"product_brand","embeddable":true,"href":"https:\/\/madelinefashion.pl\/sk\/wp-json\/wp\/v2\/product_brand?post=109893"},{"taxonomy":"product_cat","embeddable":true,"href":"https:\/\/madelinefashion.pl\/sk\/wp-json\/wp\/v2\/product_cat?post=109893"},{"taxonomy":"product_tag","embeddable":true,"href":"https:\/\/madelinefashion.pl\/sk\/wp-json\/wp\/v2\/product_tag?post=109893"}],"curies":[{"name":"pracovn\u00fd list","href":"https:\/\/api.w.org\/{rel}","templated":true}]}}

Flísový kabát Heather Plus Size

<h3 style="text-align: center;">Flísový kabát Heather Plus Size</h3>
<p style="text-align: center;">Farebný kabát <strong>Intense Green fleece je skutočným hitom</strong> na každé ročné obdobie. Je to spojenie elegancie, modernosti a funkčnosti - farebný kabát <strong>zelená pripomína farby prírody</strong>, letný les, listy stromov, mach. Je to krásna a neprehliadnuteľná farba - nenechajte si ju ujsť v šatníku!!! . Vďaka štruktúre materiálu sa s ním bude lepšie pracovať <strong>počas chladnejších dní a prechodných období.</strong> Veľkosť <strong>univerzálna veľkosť plus </strong> odporúčané pre  <strong>Pán</strong> nosenie<strong> veľkosť</strong> <strong>44,46,48,50</strong> čo je obrovská výhoda tohto modelu. V ponuke <strong>máme</strong> tiež <a href="https://madelinefashion.pl/sk/kurtki-i-plaszcze/plaszcze/plaszcze-dlugie/"><strong>menšie</strong> </a>odporúčané pre SML XL. Kabát je dostupný aj v iných farebných variantoch - odporúčame Vám zoznámiť sa s našimi ďalšími produktmi v našom e-shope. Naše kabáty využijete na <strong>najviac</strong> ich <strong>styling</strong>, vzhľadom k tomu, že farby sú tlmené, <strong>elegantný</strong> a šik.</p>
<p style="text-align: center;">Kabát je univerzálny - hodí sa na každú príležitosť, bude sa perfektne hodiť <strong>jar</strong> a <strong>jeseň</strong> štylizácie, navyše vyrobené z fleece, dokonale padnú.</p>
<h3 style="text-align: center;">Perfektný kabát na každú príležitosť</h3>
<h3 style="text-align: center;">Rozmery kabáta nadmernej veľkosti:</h3>
<ul style="text-align: center;">
<li>celková dĺžka chrbta: 90 cm</li>
<li>šírka od pazuchy po pazuchu: 59 cm</li>
<li>dĺžka rukáva od ramena: 62 cm</li>
<li>dĺžka rukáva od podpazušia: 47 cm</li>
<li>odporúčaný maximálny obvod poprsia: 130-145 cm</li>
<li>šírka v bicepsoch: 39 cm</li>
</ul>
<p style="text-align: center;"><strong>Obrázok produktu!!!</strong></p>
<p style="text-align: center;">Rozmery sa môžu mierne líšiť od uvedených +/- 2cm. Všetky uvedené rozmery sú merané plošne.</p>
<p style="text-align: center;"><strong> </strong></p>
<table width="617">
<tbody>
<tr>
<td width="302">Meno modela</td>
<td width="302">Fleeceový kabát veľkej veľkosti</td>
</tr>
<tr>
<td width="302">Farba</td>
<td width="302">Heather</td>
</tr>
<tr>
<td width="302">Zbierka</td>
<td width="302">jar/jeseň/zima</td>
</tr>
<tr>
<td width="302">veľkosti</td>
<td width="302">Univerzálny (nadmerná veľkosť)</td>
</tr>
<tr>
<td width="302">Móda</td>
<td width="302">nadrozmerné</td>
</tr>
<tr>
<td width="302">Hood</td>
<td width="302">Bez kapucne</td>
</tr>
<tr>
<td width="302">izolované</td>
<td width="302">jednoplášťové</td>
</tr>
<tr>
<td width="302">Materiál</td>
<td width="302">Petersham</td>
</tr>
</tbody>
</table>
<p style="text-align: center;">Model má <strong>169</strong> cm vysoký, nosí veľkosť každý deň <strong>S</strong></p>
<p style="text-align: center;">Šírka hrudníka 91 cm</p>
<p style="text-align: center;">Šírka pásu 71 cm</p>
<p style="text-align: center;">Šírka bokov 96 cm</p>

<p>Vresový flísový kabát pre väčšie veľkosti. Tento intenzívne zelený flísový kabát je skutočným hitom každého ročného obdobia. Je kombináciou elegancie, modernosti a funkčnosti. Tento zelený kabát evokuje farby prírody, letného lesa, listov stromov a machu. Je to krásna a jedinečná farba – nenechajte ju chýbať vo vašom šatníku!</p>
<div class="klb-readmore post-buttons"><a class="button black outline size-sm" href="https://madelinefashion.pl/sk/plaszcz-wrzosowy-plus-size-z-flauszu/">Čítať ďalej <i class="klbth-icon-right-arrow"></i></a></div>

pracovný list
