{"id":110082,"date":"2023-11-16T12:34:24","date_gmt":"2023-11-16T11:34:24","guid":{"rendered":"https:\/\/madelinefashion.pl\/?post_type=product&#038;p=110082"},"modified":"2025-09-09T10:08:36","modified_gmt":"2025-09-09T08:08:36","slug":"sukienka-brokatowa-z-rozcieciem-viena-rozowa","status":"publish","type":"product","link":"https:\/\/madelinefashion.pl\/sk\/sukienka-brokatowa-z-rozcieciem-viena-rozowa\/","title":{"rendered":"Sukienka Brokatowa Z Rozci\u0119ciem Viena R\u00f3\u017cowa"},"content":{"rendered":"<h3 style=\"text-align: center;\">Sukienka Brokatowa Z Rozci\u0119ciem Viena R\u00f3\u017cowa<\/h3>\n<p style=\"text-align: center;\"><span style=\"font-size: 10pt;\">Kr\u00e1sne dlh\u00e9 brok\u00e1tov\u00e9 spolo\u010densk\u00e9 \u0161aty kr\u00e1sne odha\u013euj\u00fa \u017eensk\u00e9 tvary.\u0160aty dokonale zd\u00f4raz\u0148uj\u00fa \u017eensk\u00e9 tvary - mega <strong>vybaven\u00e9<\/strong> Ur\u010dite up\u00fataj\u00fa pozornos\u0165. Tieto dlh\u00e9 \u0161aty po zem s\u00fa priliehav\u00e9 a maj\u00fa hlbok\u00fd v\u00fdstrih. <strong>Efekt dop\u013a\u0148a ve\u013ek\u00fd strih odha\u013euj\u00faci nohu<\/strong> <\/span><span style=\"font-size: 10pt;\">Zozn\u00e1mte sa s na\u0161ou ponukou <strong><a href=\"https:\/\/madelinefashion.pl\/sk\/sukienki-i-kombinezony\/sukienki-okolicznosciowe\/\">ve\u010dern\u00e9 \u0161aty<\/a>\u00a0a vyberte si model, <\/strong>v ktorom budete <strong>vyzera\u0165 ako hviezda a vy\u010dnieva\u0165 z davu. Maxi \u0161aty sa vo svetle l\u00e1mp rozpr\u00e1vkovo trblietaj\u00fa. <\/strong>Nem\u00f4\u017eete by\u0165 k tomu \u013eahostajn\u00ed.<strong> Maxi \u0161aty a\u017e po zem.<\/strong><\/span><span style=\"font-size: 10pt;\"> Perfektn\u00e1 vo\u013eba na svadby, stu\u017ekov\u00e9, Silvestra a in\u00e9 elegantn\u00e9 \u0161peci\u00e1lne pr\u00edle\u017eitosti. V na\u0161om internetovom obchode dostupn\u00e9 v nieko\u013ek\u00fdch farebn\u00fdch variantoch, tak\u017ee nev\u00e1hajte a vyberte si t\u00fa, ktor\u00e1 je pre v\u00e1s ide\u00e1lna. Ak sa neviete rozhodn\u00fa\u0165, ktor\u00fa farbu si vybra\u0165, <strong>ve\u013ekos\u0165<\/strong> je pre v\u00e1s to najlep\u0161ie <strong>kontaktuj n\u00e1s<\/strong> cez <a href=\"https:\/\/www.facebook.com\/madelinefashionbutik\" target=\"_blank\" rel=\"noopener\">Facebook<\/a> alebo <a href=\"https:\/\/madelinefashion.pl\/sk\/kontakt\/\">telef\u00f3n<\/a>. Ak ve\u013ekos\u0165 nie je na str\u00e1nke, kontaktujte n\u00e1s. Jednove\u013ekostn\u00e9 \u0161aty odpor\u00fa\u010dan\u00e9 z odpor\u00fa\u010dan\u00fdch z <strong>XS a\u017e L<\/strong><\/span><\/p>\n<h3 style=\"text-align: center;\">ROZMERY \u0161iat:<\/h3>\n<ul style=\"text-align: center;\">\n<li>celkov\u00e1 d\u013a\u017eka 143 cm<\/li>\n<li>\u0161\u00edrka od pazuchy k pazuche: 45-58 cm<\/li>\n<li>\u0161\u00edrka p\u00e1su: 36-49 cm<\/li>\n<li><\/li>\n<\/ul>\n<p style=\"text-align: center;\">Rozmery sa m\u00f4\u017eu mierne l\u00ed\u0161i\u0165 od uveden\u00fdch +\/- 2cm. V\u0161etky uveden\u00e9 rozmery s\u00fa meran\u00e9 plo\u0161ne. <strong>rozmer x2<\/strong><\/p>\n<p style=\"text-align: center;\"><strong>\u00a0<\/strong><\/p>\n<table width=\"728\">\n<tbody>\n<tr>\n<td width=\"302\">Meno modela<\/td>\n<td width=\"302\">Brok\u00e1tov\u00e9 \u0161aty Viena s rozparkom<\/td>\n<\/tr>\n<tr>\n<td width=\"302\">Farba<\/td>\n<td width=\"302\">Ru\u017eov\u00e1<\/td>\n<\/tr>\n<tr>\n<td width=\"302\">D\u013a\u017eka<\/td>\n<td width=\"302\">maxi<\/td>\n<\/tr>\n<tr>\n<td width=\"302\">ve\u013ekosti<\/td>\n<td width=\"302\">Univerz\u00e1lny XS SML<\/td>\n<\/tr>\n<tr>\n<td width=\"302\">M\u00f3da<\/td>\n<td width=\"302\">Na mieru<\/td>\n<\/tr>\n<tr>\n<td width=\"302\">Materi\u00e1l<\/td>\n<td width=\"302\">95% Polyester 5% Elastan<\/td>\n<\/tr>\n<tr>\n<td width=\"302\">Zap\u00ednanie na zips<\/td>\n<td width=\"302\">Nie<\/td>\n<\/tr>\n<\/tbody>\n<\/table>\n<div class=\"additional-details\">\n<p style=\"text-align: center;\">Model m\u00e1\u00a0<strong>169<\/strong>\u00a0cm vysok\u00fd, nos\u00ed ve\u013ekos\u0165 ka\u017ed\u00fd de\u0148\u00a0<strong>S<\/strong><\/p>\n<p style=\"text-align: center;\">\u0160\u00edrka hrudn\u00edka 91 cm<\/p>\n<p style=\"text-align: center;\">\u0160\u00edrka p\u00e1su 72 cm<\/p>\n<p style=\"text-align: center;\">\u0160\u00edrka bokov 96 cm<\/p>\n<\/div>","protected":false},"excerpt":{"rendered":"<p>Sukienka Brokatowa Z Rozci\u0119ciem Viena R\u00f3\u017cowa Pi\u0119kna d\u0142uga suknia wieczorowa\u00a0 brokatowa pi\u0119knie eksponuje kobiece kszta\u0142ty .Sukienka \u015bwietnie podkre\u015bla kobiece kszta\u0142ty- mega dopasowana z ca\u0142\u0105 pewno\u015bci\u0105 skupi uwag\u0119 innych. Sukienka w wersji maxi do ziemi, dopasowana z\u00a0 g\u0142\u0119bokim dekoltem. Efektu dope\u0142nia du\u017ce rozci\u0119cie ods\u0142aniaj\u0105ce nog\u0119 Zapoznaj si\u0119 z nasz\u0105 ofert\u0105 sukni wieczorowych\u00a0i wybierz model, w kt\u00f3rej<\/p>\n<div class=\"klb-readmore post-buttons\"><a class=\"button black outline size-sm\" href=\"https:\/\/madelinefashion.pl\/sk\/sukienka-brokatowa-z-rozcieciem-viena-rozowa\/\">\u010c\u00edta\u0165 \u010falej <i class=\"klbth-icon-right-arrow\"><\/i><\/a><\/div>","protected":false},"featured_media":110090,"template":"","meta":[],"product_brand":[],"product_cat":[124,395,560],"product_tag":[163,215],"class_list":{"0":"post-110082","1":"product","2":"type-product","3":"status-publish","4":"has-post-thumbnail","6":"product_cat-sukienki-okolicznosciowe","7":"product_cat-nowosci","8":"product_cat-sukienki-brokatowe","9":"product_tag-sukienki-dlugie","10":"product_tag-sukienki-rozowe","12":"first","13":"outofstock","14":"purchasable","15":"product-type-simple"},"_links":{"self":[{"href":"https:\/\/madelinefashion.pl\/sk\/wp-json\/wp\/v2\/product\/110082","targetHints":{"allow":["GET"]}}],"collection":[{"href":"https:\/\/madelinefashion.pl\/sk\/wp-json\/wp\/v2\/product"}],"about":[{"href":"https:\/\/madelinefashion.pl\/sk\/wp-json\/wp\/v2\/types\/product"}],"wp:featuredmedia":[{"embeddable":true,"href":"https:\/\/madelinefashion.pl\/sk\/wp-json\/wp\/v2\/media\/110090"}],"wp:attachment":[{"href":"https:\/\/madelinefashion.pl\/sk\/wp-json\/wp\/v2\/media?parent=110082"}],"wp:term":[{"taxonomy":"product_brand","embeddable":true,"href":"https:\/\/madelinefashion.pl\/sk\/wp-json\/wp\/v2\/product_brand?post=110082"},{"taxonomy":"product_cat","embeddable":true,"href":"https:\/\/madelinefashion.pl\/sk\/wp-json\/wp\/v2\/product_cat?post=110082"},{"taxonomy":"product_tag","embeddable":true,"href":"https:\/\/madelinefashion.pl\/sk\/wp-json\/wp\/v2\/product_tag?post=110082"}],"curies":[{"name":"pracovn\u00fd list","href":"https:\/\/api.w.org\/{rel}","templated":true}]}}

Sukienka Brokatowa Z Rozcięciem Viena Różowa

<h3 style="text-align: center;">Sukienka Brokatowa Z Rozcięciem Viena Różowa</h3>
<p style="text-align: center;"><span style="font-size: 10pt;">Krásne dlhé brokátové spoločenské šaty krásne odhaľujú ženské tvary.Šaty dokonale zdôrazňujú ženské tvary - mega <strong>vybavené</strong> Určite upútajú pozornosť. Tieto dlhé šaty po zem sú priliehavé a majú hlboký výstrih. <strong>Efekt dopĺňa veľký strih odhaľujúci nohu</strong> </span><span style="font-size: 10pt;">Zoznámte sa s našou ponukou <strong><a href="https://madelinefashion.pl/sk/sukienki-i-kombinezony/sukienki-okolicznosciowe/">večerné šaty</a> a vyberte si model, </strong>v ktorom budete <strong>vyzerať ako hviezda a vyčnievať z davu. Maxi šaty sa vo svetle lámp rozprávkovo trblietajú. </strong>Nemôžete byť k tomu ľahostajní.<strong> Maxi šaty až po zem.</strong></span><span style="font-size: 10pt;"> Perfektná voľba na svadby, stužkové, Silvestra a iné elegantné špeciálne príležitosti. V našom internetovom obchode dostupné v niekoľkých farebných variantoch, takže neváhajte a vyberte si tú, ktorá je pre vás ideálna. Ak sa neviete rozhodnúť, ktorú farbu si vybrať, <strong>veľkosť</strong> je pre vás to najlepšie <strong>kontaktuj nás</strong> cez <a href="https://www.facebook.com/madelinefashionbutik" target="_blank" rel="noopener">Facebook</a> alebo <a href="https://madelinefashion.pl/sk/kontakt/">telefón</a>. Ak veľkosť nie je na stránke, kontaktujte nás. Jednoveľkostné šaty odporúčané z odporúčaných z <strong>XS až L</strong></span></p>
<h3 style="text-align: center;">ROZMERY šiat:</h3>
<ul style="text-align: center;">
<li>celková dĺžka 143 cm</li>
<li>šírka od pazuchy k pazuche: 45-58 cm</li>
<li>šírka pásu: 36-49 cm</li>
<li></li>
</ul>
<p style="text-align: center;">Rozmery sa môžu mierne líšiť od uvedených +/- 2cm. Všetky uvedené rozmery sú merané plošne. <strong>rozmer x2</strong></p>
<p style="text-align: center;"><strong> </strong></p>
<table width="728">
<tbody>
<tr>
<td width="302">Meno modela</td>
<td width="302">Brokátové šaty Viena s rozparkom</td>
</tr>
<tr>
<td width="302">Farba</td>
<td width="302">Ružová</td>
</tr>
<tr>
<td width="302">Dĺžka</td>
<td width="302">maxi</td>
</tr>
<tr>
<td width="302">veľkosti</td>
<td width="302">Univerzálny XS SML</td>
</tr>
<tr>
<td width="302">Móda</td>
<td width="302">Na mieru</td>
</tr>
<tr>
<td width="302">Materiál</td>
<td width="302">95% Polyester 5% Elastan</td>
</tr>
<tr>
<td width="302">Zapínanie na zips</td>
<td width="302">Nie</td>
</tr>
</tbody>
</table>
<div class="additional-details">
<p style="text-align: center;">Model má <strong>169</strong> cm vysoký, nosí veľkosť každý deň <strong>S</strong></p>
<p style="text-align: center;">Šírka hrudníka 91 cm</p>
<p style="text-align: center;">Šírka pásu 72 cm</p>
<p style="text-align: center;">Šírka bokov 96 cm</p>
</div>

<p>Sukienka Brokatowa Z Rozcięciem Viena Różowa Piękna długa suknia wieczorowa  brokatowa pięknie eksponuje kobiece kształty .Sukienka świetnie podkreśla kobiece kształty- mega dopasowana z całą pewnością skupi uwagę innych. Sukienka w wersji maxi do ziemi, dopasowana z  głębokim dekoltem. Efektu dopełnia duże rozcięcie odsłaniające nogę Zapoznaj się z naszą ofertą sukni wieczorowych i wybierz model, w której</p>
<div class="klb-readmore post-buttons"><a class="button black outline size-sm" href="https://madelinefashion.pl/sk/sukienka-brokatowa-z-rozcieciem-viena-rozowa/">Čítať ďalej <i class="klbth-icon-right-arrow"></i></a></div>

pracovný list
