{"id":111676,"date":"2023-11-28T13:50:45","date_gmt":"2023-11-28T12:50:45","guid":{"rendered":"https:\/\/madelinefashion.pl\/?post_type=product&#038;p=111676"},"modified":"2025-10-14T12:11:40","modified_gmt":"2025-10-14T10:11:40","slug":"spodniczka-cekinowa-flary-zlota","status":"publish","type":"product","link":"https:\/\/madelinefashion.pl\/sk\/spodniczka-cekinowa-flary-zlota\/","title":{"rendered":"Zlat\u00e1 flitrovan\u00e1 roz\u0161\u00edren\u00e1 suk\u0148a"},"content":{"rendered":"<h3 style=\"text-align: center;\">Zlat\u00e1 flitrovan\u00e1 roz\u0161\u00edren\u00e1 suk\u0148a<\/h3>\n<p style=\"text-align: center;\"><span style=\"font-family: arial, helvetica, sans-serif; font-size: 10pt;\"><strong>Flitrovan\u00e1 roz\u0161\u00edren\u00e1 suk\u0148a<\/strong> dokonale <strong>zd\u00f4raz\u0148uje \u017eensk\u00e9 tvary<\/strong>. Elastick\u00e1 suk\u0148a, m\u00e1 pod\u0161\u00edvku, ktor\u00e1 je vysoko elastick\u00e1 a priliehav\u00e1. V na\u0161om butiku je bestsellerom. Suk\u0148a je skuto\u010dn\u00fdm hitom medzi blogerkami a celebritami. <\/span><span style=\"font-size: 10pt;\">\u00a0V na\u0161ej sukni sa v\u017edy predstav\u00edte <strong>pr\u00ed\u0165a\u017elivo<\/strong>. <\/span><span style=\"font-size: 10pt;\"><strong>Vytvorte perfektn\u00fd set<\/strong> s na\u0161im <a href=\"https:\/\/madelinefashion.pl\/sk\/bluzki-2\/bluzki\/\">bl\u00fazky<\/a> a <a href=\"https:\/\/madelinefashion.pl\/sk\/body\/\">bodami<\/a>. . Ur\u010dite v na\u0161om online butiku n\u00e1jdete t\u00fa spr\u00e1vnu kombin\u00e1ciu s <strong>suk\u0148a<\/strong>. Odpor\u00fa\u010dame pre d\u00e1my vo ve\u013ekostiach S, M, L Odpor\u00fa\u010dame <strong>presn\u00e9 meranie\u00a0<\/strong>pod\u013ea ni\u017e\u0161ie uvedenej tabu\u013eky rozmerov. Dostupn\u00e9 v na\u0161om e-shope v <strong>nieko\u013eko farebn\u00fdch variantov<\/strong>tak nev\u00e1hajte a vyberte si ten, ktor\u00fd je pre v\u00e1s ide\u00e1lny. Ak sa neviete rozhodn\u00fa\u0165, ktor\u00e1 farba je pre v\u00e1s najlep\u0161ia, kontaktujte n\u00e1s prostredn\u00edctvom <a href=\"https:\/\/www.facebook.com\/madelinefashionbutik\" target=\"_blank\" rel=\"noopener\">Facebook<\/a>\u00a0alebo <a href=\"https:\/\/madelinefashion.pl\/sk\/kontakt\/\">telef\u00f3n<\/a>.<\/span><\/p>\n<p>&nbsp;<\/p>\n<p>&nbsp;<\/p>\n<h3 style=\"text-align: center;\">Rozmery:<\/h3>\n<ul>\n<li style=\"text-align: center;\">Celkov\u00e1 d\u013a\u017eka \u2013 41 cm<\/li>\n<li style=\"text-align: center;\">\u0160\u00edrka p\u00e1su \u2013 32 \u2013 48 cm (gumi\u010dka)<\/li>\n<li style=\"text-align: center;\">\u0160\u00edrka bokov 45-55 cm<\/li>\n<\/ul>\n<p style=\"text-align: center;\"><span style=\"font-size: 10pt;\">\u00a0<\/span><\/p>\n<p style=\"text-align: center;\"><span style=\"font-size: 10pt;\">Rozmery sa m\u00f4\u017eu mierne l\u00ed\u0161i\u0165 od uveden\u00fdch +\/- 2cm. V\u0161etky uveden\u00e9 rozmery s\u00fa meran\u00e9 plo\u0161ne.<\/span><\/p>\n<p style=\"text-align: center;\"><span style=\"font-size: 10pt;\">\u00a0<\/span><\/p>\n<table>\n<tbody>\n<tr>\n<td width=\"302\">Meno Produktu<\/td>\n<td width=\"302\">Flitrovan\u00e1 roz\u0161\u00edren\u00e1 suk\u0148a<\/td>\n<\/tr>\n<tr>\n<td width=\"302\">Farba<\/td>\n<td width=\"302\">Zlat\u00fd<\/td>\n<\/tr>\n<tr>\n<td width=\"302\">ve\u013ekosti<\/td>\n<td width=\"302\">Univerz\u00e1lny<\/td>\n<\/tr>\n<tr>\n<td width=\"302\">M\u00f3da<\/td>\n<td width=\"302\">Na mieru<\/td>\n<\/tr>\n<tr>\n<td width=\"302\">Materi\u00e1l<\/td>\n<td width=\"302\">95 % Polyester 5 % Elastan<\/td>\n<\/tr>\n<\/tbody>\n<\/table>\n<p>&nbsp;<\/p>\n<p>&nbsp;<\/p>\n<p style=\"text-align: center;\">Model m\u00e1\u00a0<strong>169<\/strong>\u00a0cm vysok\u00fd, nos\u00ed ve\u013ekos\u0165 ka\u017ed\u00fd de\u0148\u00a0<strong>S<\/strong><\/p>\n<p style=\"text-align: center;\">\u0160\u00edrka hrudn\u00edka 91 cm<\/p>\n<p style=\"text-align: center;\">\u0160\u00edrka p\u00e1su 71 cm<\/p>\n<p style=\"text-align: center;\">\u0160\u00edrka bokov 96 cm<\/p>\n<p style=\"text-align: center;\"><span style=\"font-size: 10pt;\">\u00a0<\/span><\/p>\n<p style=\"text-align: center;\"><span style=\"font-size: 10pt;\">\u00a0<\/span><\/p>","protected":false},"excerpt":{"rendered":"<p>Sp\u00f3dniczka Cekinowa Flary Z\u0142ota Sp\u00f3dniczka Cekinowa Flary idealnie podkre\u015bla kobiece kszta\u0142ty. Sp\u00f3dniczka na gumk\u0119, posiada podszewk\u0119\u00a0 mocno elastyczna dopasowana. Jest to\u00a0 bestseler w naszym butiku. Sp\u00f3dnica jest prawdziwym hitem w\u015br\u00f3d blogerek i gwiazd. \u00a0W naszej sp\u00f3dnicy zawsze b\u0119dziesz si\u0119\u00a0 prezentowa\u0107 atrakcyjnie. Stw\u00f3rz idealny zestaw z naszymi bluzkami i bodami. . ,\u00a0 Z pewno\u015bci\u0105 w naszym<\/p>\n<div class=\"klb-readmore post-buttons\"><a class=\"button black outline size-sm\" href=\"https:\/\/madelinefashion.pl\/sk\/spodniczka-cekinowa-flary-zlota\/\">\u010c\u00edta\u0165 \u010falej <i class=\"klbth-icon-right-arrow\"><\/i><\/a><\/div>","protected":false},"featured_media":111664,"template":"","meta":[],"product_brand":[],"product_cat":[121,395],"product_tag":[504],"class_list":{"0":"post-111676","1":"product","2":"type-product","3":"status-publish","4":"has-post-thumbnail","6":"product_cat-mini","7":"product_cat-nowosci","8":"product_tag-party-time","9":"pa_rozmiar-s-36","10":"pa_rozmiar-m-38","11":"pa_rozmiar-l-40","13":"first","14":"outofstock","15":"purchasable","16":"product-type-simple"},"_links":{"self":[{"href":"https:\/\/madelinefashion.pl\/sk\/wp-json\/wp\/v2\/product\/111676","targetHints":{"allow":["GET"]}}],"collection":[{"href":"https:\/\/madelinefashion.pl\/sk\/wp-json\/wp\/v2\/product"}],"about":[{"href":"https:\/\/madelinefashion.pl\/sk\/wp-json\/wp\/v2\/types\/product"}],"wp:featuredmedia":[{"embeddable":true,"href":"https:\/\/madelinefashion.pl\/sk\/wp-json\/wp\/v2\/media\/111664"}],"wp:attachment":[{"href":"https:\/\/madelinefashion.pl\/sk\/wp-json\/wp\/v2\/media?parent=111676"}],"wp:term":[{"taxonomy":"product_brand","embeddable":true,"href":"https:\/\/madelinefashion.pl\/sk\/wp-json\/wp\/v2\/product_brand?post=111676"},{"taxonomy":"product_cat","embeddable":true,"href":"https:\/\/madelinefashion.pl\/sk\/wp-json\/wp\/v2\/product_cat?post=111676"},{"taxonomy":"product_tag","embeddable":true,"href":"https:\/\/madelinefashion.pl\/sk\/wp-json\/wp\/v2\/product_tag?post=111676"}],"curies":[{"name":"pracovn\u00fd list","href":"https:\/\/api.w.org\/{rel}","templated":true}]}}

Zlatá flitrovaná rozšírená sukňa

<h3 style="text-align: center;">Zlatá flitrovaná rozšírená sukňa</h3>
<p style="text-align: center;"><span style="font-family: arial, helvetica, sans-serif; font-size: 10pt;"><strong>Flitrovaná rozšírená sukňa</strong> dokonale <strong>zdôrazňuje ženské tvary</strong>. Elastická sukňa, má podšívku, ktorá je vysoko elastická a priliehavá. V našom butiku je bestsellerom. Sukňa je skutočným hitom medzi blogerkami a celebritami. </span><span style="font-size: 10pt;"> V našej sukni sa vždy predstavíte <strong>príťažlivo</strong>. </span><span style="font-size: 10pt;"><strong>Vytvorte perfektný set</strong> s našim <a href="https://madelinefashion.pl/sk/bluzki-2/bluzki/">blúzky</a> a <a href="https://madelinefashion.pl/sk/body/">bodami</a>. . Určite v našom online butiku nájdete tú správnu kombináciu s <strong>sukňa</strong>. Odporúčame pre dámy vo veľkostiach S, M, L Odporúčame <strong>presné meranie </strong>podľa nižšie uvedenej tabuľky rozmerov. Dostupné v našom e-shope v <strong>niekoľko farebných variantov</strong>tak neváhajte a vyberte si ten, ktorý je pre vás ideálny. Ak sa neviete rozhodnúť, ktorá farba je pre vás najlepšia, kontaktujte nás prostredníctvom <a href="https://www.facebook.com/madelinefashionbutik" target="_blank" rel="noopener">Facebook</a> alebo <a href="https://madelinefashion.pl/sk/kontakt/">telefón</a>.</span></p>
<p>&nbsp;</p>
<p>&nbsp;</p>
<h3 style="text-align: center;">Rozmery:</h3>
<ul>
<li style="text-align: center;">Celková dĺžka – 41 cm</li>
<li style="text-align: center;">Šírka pásu – 32 – 48 cm (gumička)</li>
<li style="text-align: center;">Šírka bokov 45-55 cm</li>
</ul>
<p style="text-align: center;"><span style="font-size: 10pt;"> </span></p>
<p style="text-align: center;"><span style="font-size: 10pt;">Rozmery sa môžu mierne líšiť od uvedených +/- 2cm. Všetky uvedené rozmery sú merané plošne.</span></p>
<p style="text-align: center;"><span style="font-size: 10pt;"> </span></p>
<table>
<tbody>
<tr>
<td width="302">Meno Produktu</td>
<td width="302">Flitrovaná rozšírená sukňa</td>
</tr>
<tr>
<td width="302">Farba</td>
<td width="302">Zlatý</td>
</tr>
<tr>
<td width="302">veľkosti</td>
<td width="302">Univerzálny</td>
</tr>
<tr>
<td width="302">Móda</td>
<td width="302">Na mieru</td>
</tr>
<tr>
<td width="302">Materiál</td>
<td width="302">95 % Polyester 5 % Elastan</td>
</tr>
</tbody>
</table>
<p>&nbsp;</p>
<p>&nbsp;</p>
<p style="text-align: center;">Model má <strong>169</strong> cm vysoký, nosí veľkosť každý deň <strong>S</strong></p>
<p style="text-align: center;">Šírka hrudníka 91 cm</p>
<p style="text-align: center;">Šírka pásu 71 cm</p>
<p style="text-align: center;">Šírka bokov 96 cm</p>
<p style="text-align: center;"><span style="font-size: 10pt;"> </span></p>
<p style="text-align: center;"><span style="font-size: 10pt;"> </span></p>

<p>Spódniczka Cekinowa Flary Złota Spódniczka Cekinowa Flary idealnie podkreśla kobiece kształty. Spódniczka na gumkę, posiada podszewkę  mocno elastyczna dopasowana. Jest to  bestseler w naszym butiku. Spódnica jest prawdziwym hitem wśród blogerek i gwiazd.  W naszej spódnicy zawsze będziesz się  prezentować atrakcyjnie. Stwórz idealny zestaw z naszymi bluzkami i bodami. . ,  Z pewnością w naszym</p>
<div class="klb-readmore post-buttons"><a class="button black outline size-sm" href="https://madelinefashion.pl/sk/spodniczka-cekinowa-flary-zlota/">Čítať ďalej <i class="klbth-icon-right-arrow"></i></a></div>

pracovný list
