{"id":111785,"date":"2023-11-29T11:25:03","date_gmt":"2023-11-29T10:25:03","guid":{"rendered":"https:\/\/madelinefashion.pl\/?post_type=product&#038;p=111785"},"modified":"2026-02-27T17:42:55","modified_gmt":"2026-02-27T16:42:55","slug":"spodnie-dresowe-z-emblematem-czarne","status":"publish","type":"product","link":"https:\/\/madelinefashion.pl\/sk\/spodnie-dresowe-z-emblematem-czarne\/","title":{"rendered":"Tepl\u00e1ky Black Emblem"},"content":{"rendered":"<h3 style=\"text-align: center;\">Tepl\u00e1ky Black Emblem<\/h3>\n<p style=\"text-align: center;\"><strong><span style=\"vertical-align: inherit;\"><span style=\"vertical-align: inherit;\">Pohodln\u00e9 tepl\u00e1ky <\/span><\/span><\/strong><span style=\"vertical-align: inherit;\"><span style=\"vertical-align: inherit;\">je nenahradite\u013en\u00fd model, ktor\u00fd mus\u00edte ma\u0165 vo svojom \u0161atn\u00edku. \u00datuln\u00fd, tepl\u00fd a super pohodln\u00fd, je ide\u00e1lnym ka\u017edodenn\u00fdm predmetom. Vysok\u00e1 kvalita s hrub\u0161\u00edm, m\u00e4sit\u00fdm materi\u00e1lom klasick\u00e9ho jednoduch\u00e9ho strihu, v\u010faka ktor\u00e9mu bud\u00fa na\u0161e Nohavice s vami roky. S\u00fa ve\u013emi pohodln\u00e9 a \u013eahko sa kombinuj\u00fa, \u013eahko ich skombinujete s na\u0161imi bl\u00fazkami, kardig\u00e1nmi, bundami \u010di mikinami. <strong>Model dla Pa\u0144 w Rozmiarze od S- XL !! <\/strong>Tepl\u00e1ky s elastick\u00fdm p\u00e1som a \u0161n\u00farkou s\u00fa zateplen\u00e9, v\u010faka \u010domu s\u00fa ako stvoren\u00e9 na jesenn\u00e9 chladn\u00e9 ve\u010dery. Model m\u00e1 dve vreck\u00e1. <strong>Ide\u00e1lne pre ka\u017edodenn\u00fd styling.\u00a0<\/strong><\/span><\/span><strong><span style=\"vertical-align: inherit;\"><span style=\"vertical-align: inherit;\"><br \/>\n<\/span><\/span><\/strong><\/p>\n<p>&nbsp;<\/p>\n<h3 style=\"text-align: center;\"><span style=\"vertical-align: inherit;\"><span style=\"vertical-align: inherit;\">Rozmery<\/span><\/span><\/h3>\n<p style=\"text-align: center;\">S\/36<\/p>\n<p style=\"text-align: center;\"><span style=\"vertical-align: inherit;\"><span style=\"vertical-align: inherit;\">Celkov\u00e1 d\u013a\u017eka: 100 cm<\/span><\/span><\/p>\n<p style=\"text-align: center;\"><span style=\"vertical-align: inherit;\"><span style=\"vertical-align: inherit;\">D\u0142ugo\u015b\u0107 nogawki od wewn\u0105trz: 71 cm<\/span><\/span><\/p>\n<p style=\"text-align: center;\"><span style=\"vertical-align: inherit;\"><span style=\"vertical-align: inherit;\">\u0160\u00edrka v p\u00e1se: 37-48 cm<\/span><\/span><\/p>\n<p style=\"text-align: center;\"><span style=\"vertical-align: inherit;\"><span style=\"vertical-align: inherit;\">Szeroko\u015b\u0107 biodra: 47-55 cm<\/span><\/span><\/p>\n<p style=\"text-align: center;\">M\/38<\/p>\n<p style=\"text-align: center;\"><span style=\"vertical-align: inherit;\">Celkov\u00e1 d\u013a\u017eka: 100 cm<\/span><\/p>\n<p style=\"text-align: center;\"><span style=\"vertical-align: inherit;\">Vn\u00fatorn\u00e1 d\u013a\u017eka nohav\u00edc: 72 cm<\/span><\/p>\n<p style=\"text-align: center;\"><span style=\"vertical-align: inherit;\">\u0160\u00edrka p\u00e1su: 39-50 cm<\/span><\/p>\n<p style=\"text-align: center;\"><span style=\"vertical-align: inherit;\">\u0160\u00edrka bokov: 49-57 cm<\/span><\/p>\n<h5 style=\"text-align: center;\">L\/40<\/h5>\n<p style=\"text-align: center;\"><span style=\"vertical-align: inherit;\">Celkov\u00e1 d\u013a\u017eka: 101 cm<\/span><\/p>\n<p style=\"text-align: center;\"><span style=\"vertical-align: inherit;\">Vn\u00fatorn\u00e1 d\u013a\u017eka nohav\u00edc: 73 cm<\/span><\/p>\n<p style=\"text-align: center;\"><span style=\"vertical-align: inherit;\">Szeroko\u015b\u0107 w pasie: 41-52 cm<\/span><\/p>\n<p style=\"text-align: center;\"><span style=\"vertical-align: inherit;\">Szeroko\u015b\u0107 biodra: 51-59 cm<\/span><\/p>\n<h5 style=\"text-align: center;\">XL\/42<\/h5>\n<p style=\"text-align: center;\"><span style=\"vertical-align: inherit;\">Celkov\u00e1 d\u013a\u017eka: 102 cm<\/span><\/p>\n<p style=\"text-align: center;\"><span style=\"vertical-align: inherit;\">Vn\u00fatorn\u00e1 d\u013a\u017eka nohav\u00edc: 74 cm<\/span><\/p>\n<p style=\"text-align: center;\"><span style=\"vertical-align: inherit;\">\u0160\u00edrka v p\u00e1se: 43-54 cm<\/span><\/p>\n<p style=\"text-align: center;\"><span style=\"vertical-align: inherit;\">Szeroko\u015b\u0107 biodra: 53-61cm<\/span><\/p>\n<p style=\"text-align: center;\"><span style=\"vertical-align: inherit;\"><span style=\"vertical-align: inherit;\">Rozmery sa m\u00f4\u017eu l\u00ed\u0161i\u0165 od uveden\u00fdch +\/- 2cm. <\/span><span style=\"vertical-align: inherit;\">V\u0161etky uveden\u00e9 rozmery s\u00fa meran\u00e9 plo\u0161ne.<\/span><\/span><\/p>\n<p>&nbsp;<\/p>\n<p style=\"text-align: center;\">Model m\u00e1\u00a0<strong>169<\/strong>\u00a0cm vysok\u00fd, nos\u00ed ve\u013ekos\u0165 ka\u017ed\u00fd de\u0148\u00a0<strong>S<\/strong><\/p>\n<p style=\"text-align: center;\">\u0160\u00edrka hrudn\u00edka 91 cm<\/p>\n<p style=\"text-align: center;\">\u0160\u00edrka p\u00e1su 71 cm<\/p>\n<p style=\"text-align: center;\">\u0160\u00edrka bokov 96 cm<\/p>\n<p style=\"text-align: center;\">","protected":false},"excerpt":{"rendered":"<p>Spodnie Dresowe Z Emblematem Czarne Wygodne spodnie dresowe to niezast\u0105piony model, kt\u00f3ry musisz mie\u0107 w swojej szafie. Przytulny, ciep\u0142y i mega wygodny jest idealn\u0105 propozycj\u0105 na co dzie\u0144. Wysokiej jako\u015bci z grubszym, mi\u0119sistym materia\u0142em o klasycznym, prostym fasonie dzi\u0119ki czemu nasze Spodnie b\u0119d\u0105 z Tob\u0105 na lata. S\u0105 bardzo wygodne oraz \u0142atwe w \u0142\u0105czeniu, bez<\/p>\n<div class=\"klb-readmore post-buttons\"><a class=\"button black outline size-sm\" href=\"https:\/\/madelinefashion.pl\/sk\/spodnie-dresowe-z-emblematem-czarne\/\">\u010c\u00edta\u0165 \u010falej <i class=\"klbth-icon-right-arrow\"><\/i><\/a><\/div>","protected":false},"featured_media":111781,"template":"","meta":[],"product_brand":[],"product_cat":[83,395],"product_tag":[475],"class_list":{"0":"post-111785","1":"product","2":"type-product","3":"status-publish","4":"has-post-thumbnail","6":"product_cat-spodnie","7":"product_cat-nowosci","8":"product_tag-spodnie-dlugie","9":"pa_rozmiar-s","10":"pa_rozmiar-m","11":"pa_rozmiar-l","12":"pa_rozmiar-xl","14":"first","15":"instock","16":"purchasable","17":"product-type-variable"},"_links":{"self":[{"href":"https:\/\/madelinefashion.pl\/sk\/wp-json\/wp\/v2\/product\/111785","targetHints":{"allow":["GET"]}}],"collection":[{"href":"https:\/\/madelinefashion.pl\/sk\/wp-json\/wp\/v2\/product"}],"about":[{"href":"https:\/\/madelinefashion.pl\/sk\/wp-json\/wp\/v2\/types\/product"}],"wp:featuredmedia":[{"embeddable":true,"href":"https:\/\/madelinefashion.pl\/sk\/wp-json\/wp\/v2\/media\/111781"}],"wp:attachment":[{"href":"https:\/\/madelinefashion.pl\/sk\/wp-json\/wp\/v2\/media?parent=111785"}],"wp:term":[{"taxonomy":"product_brand","embeddable":true,"href":"https:\/\/madelinefashion.pl\/sk\/wp-json\/wp\/v2\/product_brand?post=111785"},{"taxonomy":"product_cat","embeddable":true,"href":"https:\/\/madelinefashion.pl\/sk\/wp-json\/wp\/v2\/product_cat?post=111785"},{"taxonomy":"product_tag","embeddable":true,"href":"https:\/\/madelinefashion.pl\/sk\/wp-json\/wp\/v2\/product_tag?post=111785"}],"curies":[{"name":"pracovn\u00fd list","href":"https:\/\/api.w.org\/{rel}","templated":true}]}}

Tepláky Black Emblem

<h3 style="text-align: center;">Tepláky Black Emblem</h3>
<p style="text-align: center;"><strong><span style="vertical-align: inherit;"><span style="vertical-align: inherit;">Pohodlné tepláky </span></span></strong><span style="vertical-align: inherit;"><span style="vertical-align: inherit;">je nenahraditeľný model, ktorý musíte mať vo svojom šatníku. Útulný, teplý a super pohodlný, je ideálnym každodenným predmetom. Vysoká kvalita s hrubším, mäsitým materiálom klasického jednoduchého strihu, vďaka ktorému budú naše Nohavice s vami roky. Sú veľmi pohodlné a ľahko sa kombinujú, ľahko ich skombinujete s našimi blúzkami, kardigánmi, bundami či mikinami. <strong>Model dla Pań w Rozmiarze od S- XL !! </strong>Tepláky s elastickým pásom a šnúrkou sú zateplené, vďaka čomu sú ako stvorené na jesenné chladné večery. Model má dve vrecká. <strong>Ideálne pre každodenný styling. </strong></span></span><strong><span style="vertical-align: inherit;"><span style="vertical-align: inherit;"><br />
</span></span></strong></p>
<p>&nbsp;</p>
<h3 style="text-align: center;"><span style="vertical-align: inherit;"><span style="vertical-align: inherit;">Rozmery</span></span></h3>
<p style="text-align: center;">S/36</p>
<p style="text-align: center;"><span style="vertical-align: inherit;"><span style="vertical-align: inherit;">Celková dĺžka: 100 cm</span></span></p>
<p style="text-align: center;"><span style="vertical-align: inherit;"><span style="vertical-align: inherit;">Długość nogawki od wewnątrz: 71 cm</span></span></p>
<p style="text-align: center;"><span style="vertical-align: inherit;"><span style="vertical-align: inherit;">Šírka v páse: 37-48 cm</span></span></p>
<p style="text-align: center;"><span style="vertical-align: inherit;"><span style="vertical-align: inherit;">Szerokość biodra: 47-55 cm</span></span></p>
<p style="text-align: center;">M/38</p>
<p style="text-align: center;"><span style="vertical-align: inherit;">Celková dĺžka: 100 cm</span></p>
<p style="text-align: center;"><span style="vertical-align: inherit;">Vnútorná dĺžka nohavíc: 72 cm</span></p>
<p style="text-align: center;"><span style="vertical-align: inherit;">Šírka pásu: 39-50 cm</span></p>
<p style="text-align: center;"><span style="vertical-align: inherit;">Šírka bokov: 49-57 cm</span></p>
<h5 style="text-align: center;">L/40</h5>
<p style="text-align: center;"><span style="vertical-align: inherit;">Celková dĺžka: 101 cm</span></p>
<p style="text-align: center;"><span style="vertical-align: inherit;">Vnútorná dĺžka nohavíc: 73 cm</span></p>
<p style="text-align: center;"><span style="vertical-align: inherit;">Szerokość w pasie: 41-52 cm</span></p>
<p style="text-align: center;"><span style="vertical-align: inherit;">Szerokość biodra: 51-59 cm</span></p>
<h5 style="text-align: center;">XL/42</h5>
<p style="text-align: center;"><span style="vertical-align: inherit;">Celková dĺžka: 102 cm</span></p>
<p style="text-align: center;"><span style="vertical-align: inherit;">Vnútorná dĺžka nohavíc: 74 cm</span></p>
<p style="text-align: center;"><span style="vertical-align: inherit;">Šírka v páse: 43-54 cm</span></p>
<p style="text-align: center;"><span style="vertical-align: inherit;">Szerokość biodra: 53-61cm</span></p>
<p style="text-align: center;"><span style="vertical-align: inherit;"><span style="vertical-align: inherit;">Rozmery sa môžu líšiť od uvedených +/- 2cm. </span><span style="vertical-align: inherit;">Všetky uvedené rozmery sú merané plošne.</span></span></p>
<p>&nbsp;</p>
<p style="text-align: center;">Model má <strong>169</strong> cm vysoký, nosí veľkosť každý deň <strong>S</strong></p>
<p style="text-align: center;">Šírka hrudníka 91 cm</p>
<p style="text-align: center;">Šírka pásu 71 cm</p>
<p style="text-align: center;">Šírka bokov 96 cm</p>
<p style="text-align: center;">

<p>Spodnie Dresowe Z Emblematem Czarne Wygodne spodnie dresowe to niezastąpiony model, który musisz mieć w swojej szafie. Przytulny, ciepły i mega wygodny jest idealną propozycją na co dzień. Wysokiej jakości z grubszym, mięsistym materiałem o klasycznym, prostym fasonie dzięki czemu nasze Spodnie będą z Tobą na lata. Są bardzo wygodne oraz łatwe w łączeniu, bez</p>
<div class="klb-readmore post-buttons"><a class="button black outline size-sm" href="https://madelinefashion.pl/sk/spodnie-dresowe-z-emblematem-czarne/">Čítať ďalej <i class="klbth-icon-right-arrow"></i></a></div>

pracovný list
