{"id":113974,"date":"2023-12-13T12:23:39","date_gmt":"2023-12-13T11:23:39","guid":{"rendered":"https:\/\/madelinefashion.pl\/?post_type=product&#038;p=113974"},"modified":"2026-02-20T14:56:51","modified_gmt":"2026-02-20T13:56:51","slug":"sweter-swiateczny-renifer-rogacz-merry-christmas-czerwony","status":"publish","type":"product","link":"https:\/\/madelinefashion.pl\/sk\/sweter-swiateczny-renifer-rogacz-merry-christmas-czerwony\/","title":{"rendered":"Viano\u010dn\u00fd sveter s \u010derven\u00fdmi sobami parohmi Vesel\u00e9 Vianoce"},"content":{"rendered":"<h3 style=\"text-align: center;\">Viano\u010dn\u00fd sveter s \u010derven\u00fdmi sobami parohmi Vesel\u00e9 Vianoce<\/h3>\n<p>&nbsp;<\/p>\n<p style=\"text-align: center;\"><strong>Viano\u010dn\u00fd sveter, ide\u00e1lny na sviato\u010dn\u00e9 stretnutia. <\/strong>Tento kr\u00e1sny model je vyroben\u00fd z najkvalitnej\u0161ej priadze, ktor\u00e1 v\u010faka prec\u00edznemu procesu spracovania dod\u00e1va m\u00e4kkos\u0165, hebkos\u0165 a maxim\u00e1lne pohodlie. Sveter m\u00e1 univerz\u00e1lnu ve\u013ekos\u0165 odpor\u00fa\u010dan\u00fa pre <b>P\u00e1n<\/b>\u00a0nosn\u00e1 ve\u013ekos\u0165\u00a0<b>S, M, L, XL<\/b>\u00a0Pritiahne pozornos\u0165 a vy budete\u00a0<b>vyzera\u0165 \u00fa\u017easne<\/b>. Vianoce s\u00fa za dverami, a tak je \u010das myslie\u0165 na pr\u00edpravy, vr\u00e1tane t\u00fdch, ktor\u00e9 s\u00favisia s osvie\u017een\u00edm \u0161atn\u00edka. V na\u0161ej predajni n\u00e1jdete <a href=\"https:\/\/madelinefashion.pl\/sk\/product-tag\/swiateczny\/\"><strong>viano\u010dn\u00e9 oble\u010denie<\/strong><\/a>v\u010faka tomu sa znova budete c\u00edti\u0165 <strong>k\u00fazlo Vianoc.<\/strong> <strong>Sl\u00e1vnostn\u00fd charakter <\/strong>dobre posl\u00fa\u017ei aj na ka\u017edodenn\u00e9 pou\u017eitie<strong>, <\/strong>ako aj po\u010das ve\u010dere <b>\u0160tedr\u00fd ve\u010der. Z materi\u00e1lu sa stal kr\u00e1sny sob spojen\u00fd so zimou a Vianocami. <\/b>Je \u0165a\u017ek\u00e9 si predstavi\u0165 ka\u017edodenn\u00e9 jesenn\u00e9 a zimn\u00e9 \u0161tyliz\u00e1cie bez \u00fa\u010dasti <strong>tepl\u00fd sveter<\/strong>. Je v\u0161ak sveter tou spr\u00e1vnou vo\u013ebou na elegantnej\u0161ie vych\u00e1dzky? Samozrejme! <strong>Viano\u010dn\u00fd sveter<\/strong> dokonale zapad\u00e1 do sl\u00e1vnostn\u00e9ho charakteru <strong>December<\/strong> dni, ke\u010f tr\u00e1vime \u010das s rodinou. V na\u0161om obchode n\u00e1jdete ako kr\u00e1tke viano\u010dn\u00e9 svetre, tak aj <strong>dlh\u0161ie tuniky<\/strong>ktor\u00e9 vyzeraj\u00fa skvele s dlh\u0161\u00edmi pono\u017ekami. <a href=\"https:\/\/madelinefashion.pl\/sk\/product-tag\/swiateczny\/\">Viano\u010dn\u00e9 svetre<\/a>ktor\u00e9 prekvapia origin\u00e1lnymi vzormi a origin\u00e1lnymi strihmi - ka\u017ed\u00fd z v\u00e1s si n\u00e1jde nie\u010do pre seba. Rodinn\u00e9 stretnutia s\u00fa predsa predov\u0161etk\u00fdm \u010das na oddych a z\u00e1bavu! Pl\u00e1nujete viano\u010dn\u00e9 posedenie? Vyberte si ten spr\u00e1vny model pre seba a svojich bl\u00edzkych. Svetre bud\u00fa v\u010faka materi\u00e1lu lep\u0161ie fungova\u0165\u00a0<strong>po\u010das chladnej\u0161\u00edch dn\u00ed a prechodn\u00fdch obdob\u00ed<\/strong> alebo na zimu v kombin\u00e1cii s bundou. Ak m\u00e1te \u010fal\u0161ie ot\u00e1zky k tomuto produktu, nev\u00e1hajte n\u00e1s kontaktova\u0165 telefonicky alebo cez <a href=\"https:\/\/www.facebook.com\/madelinefashionbutik\" target=\"_blank\" rel=\"noopener\">Facebook<\/a>.<\/p>\n<h3 style=\"text-align: center;\">Rozmery:<\/h3>\n<ul>\n<li style=\"text-align: center;\">Szeroko\u015b\u0107 od pachy do pachy 54-71 cm<\/li>\n<li style=\"text-align: center;\">Celkov\u00e1 d\u013a\u017eka 61 cm<\/li>\n<li style=\"text-align: center;\">D\u013a\u017eka ruk\u00e1va od podpazu\u0161ia 45 cm<\/li>\n<li style=\"text-align: center;\">D\u013a\u017eka ruk\u00e1va od ramena 60 cm<br \/>\nSzeroko\u015b\u0107 na dole 58-75 cm<\/li>\n<li style=\"text-align: center;\"><\/li>\n<\/ul>\n<p style=\"text-align: center;\">Rozmery sa m\u00f4\u017eu mierne l\u00ed\u0161i\u0165 od uveden\u00fdch +\/- 2cm. V\u0161etky uveden\u00e9 rozmery s\u00fa meran\u00e9 plo\u0161ne.<strong>\u00a0 rozmer x2<\/strong><\/p>\n<table style=\"height: 220px;\" width=\"563\">\n<tbody>\n<tr>\n<td width=\"302\">Meno modela<\/td>\n<td width=\"302\">Sweter \u015awi\u0105teczny Renifer Rogacz Merry Christmas<\/td>\n<\/tr>\n<tr>\n<td width=\"302\">Zbierka<\/td>\n<td width=\"302\">Jesenn\u00e1 zima<\/td>\n<\/tr>\n<tr>\n<td width=\"302\">ve\u013ekosti<\/td>\n<td width=\"302\">Univerz\u00e1lny SML XL<\/td>\n<\/tr>\n<tr>\n<td width=\"302\">Zlo\u017eenie<\/td>\n<td width=\"302\">100 % Visk\u00f3za<\/td>\n<\/tr>\n<tr>\n<td width=\"302\">Farba<\/td>\n<td width=\"302\">\u010cerven\u00e1<\/td>\n<\/tr>\n<tr>\n<td width=\"302\">\u0160tiepenie<\/td>\n<td width=\"302\">Okr\u00fahly<\/td>\n<\/tr>\n<\/tbody>\n<\/table>\n<p style=\"text-align: center;\">Model m\u00e1\u00a0<strong>169<\/strong>\u00a0cm vysok\u00fd, nos\u00ed ve\u013ekos\u0165 ka\u017ed\u00fd de\u0148\u00a0<strong>S<\/strong><\/p>\n<p style=\"text-align: center;\">\u0160\u00edrka hrudn\u00edka 91 cm<\/p>\n<p style=\"text-align: center;\">\u0160\u00edrka p\u00e1su 71 cm<\/p>\n<p style=\"text-align: center;\">\u0160\u00edrka bokov 96 cm<\/p>","protected":false},"excerpt":{"rendered":"<p>Sweter \u015awi\u0105teczny Renifer Rogacz Merry Christmas Czerwony &nbsp; Sweter \u015awi\u0105teczny, idealnie sprawdzi si\u0119 podczas \u015bwi\u0105tecznych spotka\u0144. Pi\u0119kny model wykonany jest z najwy\u017cszej jako\u015bci prz\u0119dzy, kt\u00f3ra dzi\u0119ki precyzyjnemu procesowi obr\u00f3bki dodaje mi\u0119kko\u015bci, mi\u0119kko\u015bci i maksymalnego komfortu. Sweter w rozmiarze uniwersalnym zalecanym dla Pa\u0144\u00a0nosz\u0105cych rozmiar\u00a0S, M, L , XL\u00a0Przyci\u0105gnie uwag\u0119 i b\u0119dziesz\u00a0wygl\u0105da\u0107 niesamowicie. \u015awi\u0119ta ju\u017c za pasem,<\/p>\n<div class=\"klb-readmore post-buttons\"><a class=\"button black outline size-sm\" href=\"https:\/\/madelinefashion.pl\/sk\/sweter-swiateczny-renifer-rogacz-merry-christmas-czerwony\/\">\u010c\u00edta\u0165 \u010falej <i class=\"klbth-icon-right-arrow\"><\/i><\/a><\/div>","protected":false},"featured_media":585459,"template":"","meta":[],"product_brand":[],"product_cat":[78],"product_tag":[473,250],"class_list":{"0":"post-113974","1":"product","2":"type-product","3":"status-publish","4":"has-post-thumbnail","6":"product_cat-swetry-damskie","7":"product_tag-kolekcja-swiateczna","8":"product_tag-swiateczny","10":"first","11":"instock","12":"purchasable","13":"product-type-simple"},"_links":{"self":[{"href":"https:\/\/madelinefashion.pl\/sk\/wp-json\/wp\/v2\/product\/113974","targetHints":{"allow":["GET"]}}],"collection":[{"href":"https:\/\/madelinefashion.pl\/sk\/wp-json\/wp\/v2\/product"}],"about":[{"href":"https:\/\/madelinefashion.pl\/sk\/wp-json\/wp\/v2\/types\/product"}],"wp:featuredmedia":[{"embeddable":true,"href":"https:\/\/madelinefashion.pl\/sk\/wp-json\/wp\/v2\/media\/585459"}],"wp:attachment":[{"href":"https:\/\/madelinefashion.pl\/sk\/wp-json\/wp\/v2\/media?parent=113974"}],"wp:term":[{"taxonomy":"product_brand","embeddable":true,"href":"https:\/\/madelinefashion.pl\/sk\/wp-json\/wp\/v2\/product_brand?post=113974"},{"taxonomy":"product_cat","embeddable":true,"href":"https:\/\/madelinefashion.pl\/sk\/wp-json\/wp\/v2\/product_cat?post=113974"},{"taxonomy":"product_tag","embeddable":true,"href":"https:\/\/madelinefashion.pl\/sk\/wp-json\/wp\/v2\/product_tag?post=113974"}],"curies":[{"name":"pracovn\u00fd list","href":"https:\/\/api.w.org\/{rel}","templated":true}]}}

Vianočný sveter s červenými sobami parohmi Veselé Vianoce

<h3 style="text-align: center;">Vianočný sveter s červenými sobami parohmi Veselé Vianoce</h3>
<p>&nbsp;</p>
<p style="text-align: center;"><strong>Vianočný sveter, ideálny na sviatočné stretnutia. </strong>Tento krásny model je vyrobený z najkvalitnejšej priadze, ktorá vďaka precíznemu procesu spracovania dodáva mäkkosť, hebkosť a maximálne pohodlie. Sveter má univerzálnu veľkosť odporúčanú pre <b>Pán</b> nosná veľkosť <b>S, M, L, XL</b> Pritiahne pozornosť a vy budete <b>vyzerať úžasne</b>. Vianoce sú za dverami, a tak je čas myslieť na prípravy, vrátane tých, ktoré súvisia s osviežením šatníka. V našej predajni nájdete <a href="https://madelinefashion.pl/sk/product-tag/swiateczny/"><strong>vianočné oblečenie</strong></a>vďaka tomu sa znova budete cítiť <strong>kúzlo Vianoc.</strong> <strong>Slávnostný charakter </strong>dobre poslúži aj na každodenné použitie<strong>, </strong>ako aj počas večere <b>Štedrý večer. Z materiálu sa stal krásny sob spojený so zimou a Vianocami. </b>Je ťažké si predstaviť každodenné jesenné a zimné štylizácie bez účasti <strong>teplý sveter</strong>. Je však sveter tou správnou voľbou na elegantnejšie vychádzky? Samozrejme! <strong>Vianočný sveter</strong> dokonale zapadá do slávnostného charakteru <strong>December</strong> dni, keď trávime čas s rodinou. V našom obchode nájdete ako krátke vianočné svetre, tak aj <strong>dlhšie tuniky</strong>ktoré vyzerajú skvele s dlhšími ponožkami. <a href="https://madelinefashion.pl/sk/product-tag/swiateczny/">Vianočné svetre</a>ktoré prekvapia originálnymi vzormi a originálnymi strihmi - každý z vás si nájde niečo pre seba. Rodinné stretnutia sú predsa predovšetkým čas na oddych a zábavu! Plánujete vianočné posedenie? Vyberte si ten správny model pre seba a svojich blízkych. Svetre budú vďaka materiálu lepšie fungovať <strong>počas chladnejších dní a prechodných období</strong> alebo na zimu v kombinácii s bundou. Ak máte ďalšie otázky k tomuto produktu, neváhajte nás kontaktovať telefonicky alebo cez <a href="https://www.facebook.com/madelinefashionbutik" target="_blank" rel="noopener">Facebook</a>.</p>
<h3 style="text-align: center;">Rozmery:</h3>
<ul>
<li style="text-align: center;">Szerokość od pachy do pachy 54-71 cm</li>
<li style="text-align: center;">Celková dĺžka 61 cm</li>
<li style="text-align: center;">Dĺžka rukáva od podpazušia 45 cm</li>
<li style="text-align: center;">Dĺžka rukáva od ramena 60 cm<br />
Szerokość na dole 58-75 cm</li>
<li style="text-align: center;"></li>
</ul>
<p style="text-align: center;">Rozmery sa môžu mierne líšiť od uvedených +/- 2cm. Všetky uvedené rozmery sú merané plošne.<strong>  rozmer x2</strong></p>
<table style="height: 220px;" width="563">
<tbody>
<tr>
<td width="302">Meno modela</td>
<td width="302">Sweter Świąteczny Renifer Rogacz Merry Christmas</td>
</tr>
<tr>
<td width="302">Zbierka</td>
<td width="302">Jesenná zima</td>
</tr>
<tr>
<td width="302">veľkosti</td>
<td width="302">Univerzálny SML XL</td>
</tr>
<tr>
<td width="302">Zloženie</td>
<td width="302">100 % Viskóza</td>
</tr>
<tr>
<td width="302">Farba</td>
<td width="302">Červená</td>
</tr>
<tr>
<td width="302">Štiepenie</td>
<td width="302">Okrúhly</td>
</tr>
</tbody>
</table>
<p style="text-align: center;">Model má <strong>169</strong> cm vysoký, nosí veľkosť každý deň <strong>S</strong></p>
<p style="text-align: center;">Šírka hrudníka 91 cm</p>
<p style="text-align: center;">Šírka pásu 71 cm</p>
<p style="text-align: center;">Šírka bokov 96 cm</p>

<p>Sweter Świąteczny Renifer Rogacz Merry Christmas Czerwony &nbsp; Sweter Świąteczny, idealnie sprawdzi się podczas świątecznych spotkań. Piękny model wykonany jest z najwyższej jakości przędzy, która dzięki precyzyjnemu procesowi obróbki dodaje miękkości, miękkości i maksymalnego komfortu. Sweter w rozmiarze uniwersalnym zalecanym dla Pań noszących rozmiar S, M, L , XL Przyciągnie uwagę i będziesz wyglądać niesamowicie. Święta już za pasem,</p>
<div class="klb-readmore post-buttons"><a class="button black outline size-sm" href="https://madelinefashion.pl/sk/sweter-swiateczny-renifer-rogacz-merry-christmas-czerwony/">Čítať ďalej <i class="klbth-icon-right-arrow"></i></a></div>

pracovný list
