{"id":1144,"date":"2019-04-17T22:39:52","date_gmt":"2019-04-17T20:39:52","guid":{"rendered":"http:\/\/serwer2078743.home.pl\/?post_type=product&#038;p=1144"},"modified":"2026-04-27T12:35:39","modified_gmt":"2026-04-27T10:35:39","slug":"ramoneska-valentino-black","status":"publish","type":"product","link":"https:\/\/madelinefashion.pl\/sk\/ramoneska-valentino-black\/","title":{"rendered":"Ramones Valentino Black"},"content":{"rendered":"<h3 style=\"text-align: center;\">Ramones Valentino Black<\/h3>\n<p style=\"text-align: center;\"><strong>ramoneska<\/strong> s asymetrick\u00fdm strihom, m\u00e1 ozdobn\u00e9 v\u00fdrezy a spevnen\u00e9 ramen\u00e1. Bunda Ramones z kvalitnej ekologickej ko\u017ee a pod\u0161\u00edvkou so sat\u00e9nov\u00fdm leskom. Mimoriadne \u0161t\u00fdlov\u00e1 bunda s <strong>ozdobn\u00e9 z\u00e1mky<\/strong> d\u00e1va mu m\u00f3dny, jedine\u010dn\u00fd charakter. Spodn\u00e1 \u010das\u0165 bundy ramones sa odop\u00edna, v\u010faka \u010domu m\u00e1me<strong> 3 funkcie v 1 modeli: sako, sako a bolerko na \u0161aty<\/strong>. Na\u0161a bunda ramones <strong>Valentino\u00a0<\/strong> bude vyzera\u0165 dobre v s\u00faprave k svadobn\u00fdm \u0161at\u00e1m, k ve\u010dern\u00fdm \u0161at\u00e1m, k jemn\u00fdm a vzdu\u0161n\u00fdm kre\u00e1ci\u00e1m, ako aj k denimov\u00fdm nohaviciam. Skvele posl\u00fa\u017ei aj ako doplnok elegantn\u00fdch \u0161tyliz\u00e1ci\u00ed s nohavicami a suk\u0148ami. Nosi\u0165 tak\u00fd avantgardn\u00fd \u0161atn\u00edk,\u00a0<strong>na p\u00e1rty je \u0165a\u017ek\u00e9 zosta\u0165 nepov\u0161imnut\u00fd, ale oplat\u00ed sa ho pou\u017ei\u0165 aj pri ka\u017edodennom stylingu, ke\u010f chcete ma\u0165 viac energie na konanie!<\/strong><\/p>\n<p style=\"text-align: center;\"><strong>Charakteristika<\/strong><\/p>\n<ul>\n<li style=\"text-align: center;\">odn\u00edmate\u013en\u00e1 l\u00e1tka v spodnej \u010dasti bundy<\/li>\n<li style=\"text-align: center;\">bo\u010dn\u00fd rez<\/li>\n<li style=\"text-align: center;\">neelastick\u00fd materi\u00e1l<\/li>\n<li style=\"text-align: center;\">zap\u00ednanie na zips<\/li>\n<li style=\"text-align: center;\">vlo\u017eky vyroben\u00e9 z imit\u00e1cie zvieracej ko\u017ee<\/li>\n<li style=\"text-align: center;\">po\u010detn\u00e9 ozdobn\u00e9 zipsy<\/li>\n<li style=\"text-align: center;\">postavi\u0165 sa<\/li>\n<li style=\"text-align: center;\">vank\u00fa\u0161e v n\u00e1ru\u010d\u00ed<\/li>\n<li style=\"text-align: center;\">pod\u0161\u00edvka<\/li>\n<\/ul>\n<p style=\"text-align: center;\">Ve\u013ekos\u0165 je mal\u00e1, vyberte si pros\u00edm v\u00e4\u010d\u0161iu ve\u013ekos\u0165!<\/p>\n<h3 style=\"text-align: center;\">Rozmery:<\/h3>\n<p style=\"text-align: center;\"><strong>Ve\u013ekos\u0165 S:<\/strong><\/p>\n<p style=\"text-align: center;\">\u0160\u00edrka hrudn\u00edka: 40 cm x 2<\/p>\n<p style=\"text-align: center;\">\u0160\u00edrka ramien: 34 cm x 2<\/p>\n<p style=\"text-align: center;\">D\u013a\u017eka ruk\u00e1va od podpazu\u0161ia: 43 cm<\/p>\n<p style=\"text-align: center;\">Celkov\u00e1 d\u013a\u017eka: 52 cm - 61 cm<\/p>\n<p style=\"text-align: center;\"><strong>Ve\u013ekos\u0165 M:<\/strong><\/p>\n<p style=\"text-align: center;\">\u0160\u00edrka hrudn\u00edka: 42 cm x 2<\/p>\n<p style=\"text-align: center;\">\u0160\u00edrka ramien: 35 cm x 2<\/p>\n<p style=\"text-align: center;\">D\u013a\u017eka ruk\u00e1va od podpazu\u0161ia: 43 cm<\/p>\n<p style=\"text-align: center;\">Celkov\u00e1 d\u013a\u017eka: 53 cm - 62 cm<\/p>\n<p style=\"text-align: center;\"><strong>Ve\u013ekos\u0165 L:<\/strong><\/p>\n<p style=\"text-align: center;\">\u0160\u00edrka hrudn\u00edka: 44 cm x 2<\/p>\n<p style=\"text-align: center;\">\u0160\u00edrka ramien: 37 cm x 2<\/p>\n<p style=\"text-align: center;\">D\u013a\u017eka ruk\u00e1va od podpazu\u0161ia: 44 cm<\/p>\n<p style=\"text-align: center;\">Celkov\u00e1 d\u013a\u017eka: 54 cm - 63 cm<\/p>\n<p style=\"text-align: center;\"><strong>ve\u013ekos\u0165 XL:<\/strong><\/p>\n<p style=\"text-align: center;\">\u0160\u00edrka hrudn\u00edka: 46 cm x 2<\/p>\n<p style=\"text-align: center;\">\u0160\u00edrka ramien: 38 cm x 2<\/p>\n<p style=\"text-align: center;\">D\u013a\u017eka ruk\u00e1va od podpazu\u0161ia: 45 cm<\/p>\n<p style=\"text-align: center;\">Celkov\u00e1 d\u013a\u017eka: 55 cm - 65 cm<\/p>\n<p style=\"text-align: center;\">Oble\u010denie meran\u00e9 naplocho +\/- 2 cm<\/p>\n<p style=\"text-align: center;\"><strong>Ve\u013ekos\u0165 XXL:<\/strong><\/p>\n<p style=\"text-align: center;\">\u0160\u00edrka hrudn\u00edka: 50 cm x 2<\/p>\n<p style=\"text-align: center;\">\u0160\u00edrka ramien: 41 cm x 2<\/p>\n<p style=\"text-align: center;\">D\u013a\u017eka ruk\u00e1va od podpazu\u0161ia: 46 cm<\/p>\n<p style=\"text-align: center;\">Celkov\u00e1 d\u013a\u017eka: 57 cm - 66 cm<\/p>\n<p style=\"text-align: center;\">Oble\u010denie meran\u00e9 naplocho +\/- 2 cm<\/p>\n<p>&nbsp;<\/p>\n<p>&nbsp;<\/p>\n<p style=\"text-align: center;\"><strong>MODELKA 165 cm - VE\u013dKOS\u0164 S\u00a0<\/strong><\/p>\n<p style=\"text-align: center;\">","protected":false},"excerpt":{"rendered":"<p>Ramoneska Valentino Black Ramoneska o asymetrycznym kroju, posiada ozdobne wyci\u0119cia i usztywniane ramiona. Kurtka ramoneska uszyta z wysokiej jako\u015bci sk\u00f3ry ekologicznej i podszewki o satynowym po\u0142ysku. Niezwykle stylowa kurtka z dekoracyjnymi zamkami nadaj\u0105cymi jej modnego, niepowtarzalnego charakteru. D\u00f3\u0142 ramoneski si\u0119 odpina, dzi\u0119ki czemu mamy 3 funkcje w 1 modelu: kurtk\u0119, \u017cakiet i bolerko do sukienek.<\/p>\n<div class=\"klb-readmore post-buttons\"><a class=\"button black outline size-sm\" href=\"https:\/\/madelinefashion.pl\/sk\/ramoneska-valentino-black\/\">\u010c\u00edta\u0165 \u010falej <i class=\"klbth-icon-right-arrow\"><\/i><\/a><\/div>","protected":false},"featured_media":12162,"template":"","meta":[],"product_brand":[],"product_cat":[117],"product_tag":[295],"class_list":{"0":"post-1144","1":"product","2":"type-product","3":"status-publish","4":"has-post-thumbnail","6":"product_cat-kurtki","7":"product_tag-ramoneski","8":"pa_rozmiar-xxl","9":"pa_rozmiar-s","10":"pa_rozmiar-m","11":"pa_rozmiar-l","12":"pa_rozmiar-xl","14":"first","15":"instock","16":"sale","17":"purchasable","18":"product-type-variable"},"_links":{"self":[{"href":"https:\/\/madelinefashion.pl\/sk\/wp-json\/wp\/v2\/product\/1144","targetHints":{"allow":["GET"]}}],"collection":[{"href":"https:\/\/madelinefashion.pl\/sk\/wp-json\/wp\/v2\/product"}],"about":[{"href":"https:\/\/madelinefashion.pl\/sk\/wp-json\/wp\/v2\/types\/product"}],"wp:featuredmedia":[{"embeddable":true,"href":"https:\/\/madelinefashion.pl\/sk\/wp-json\/wp\/v2\/media\/12162"}],"wp:attachment":[{"href":"https:\/\/madelinefashion.pl\/sk\/wp-json\/wp\/v2\/media?parent=1144"}],"wp:term":[{"taxonomy":"product_brand","embeddable":true,"href":"https:\/\/madelinefashion.pl\/sk\/wp-json\/wp\/v2\/product_brand?post=1144"},{"taxonomy":"product_cat","embeddable":true,"href":"https:\/\/madelinefashion.pl\/sk\/wp-json\/wp\/v2\/product_cat?post=1144"},{"taxonomy":"product_tag","embeddable":true,"href":"https:\/\/madelinefashion.pl\/sk\/wp-json\/wp\/v2\/product_tag?post=1144"}],"curies":[{"name":"pracovn\u00fd list","href":"https:\/\/api.w.org\/{rel}","templated":true}]}}

<h3 style="text-align: center;">Ramones Valentino Black</h3>
<p style="text-align: center;"><strong>ramoneska</strong> s asymetrickým strihom, má ozdobné výrezy a spevnené ramená. Bunda Ramones z kvalitnej ekologickej kože a podšívkou so saténovým leskom. Mimoriadne štýlová bunda s <strong>ozdobné zámky</strong> dáva mu módny, jedinečný charakter. Spodná časť bundy ramones sa odopína, vďaka čomu máme<strong> 3 funkcie v 1 modeli: sako, sako a bolerko na šaty</strong>. Naša bunda ramones <strong>Valentino </strong> bude vyzerať dobre v súprave k svadobným šatám, k večerným šatám, k jemným a vzdušným kreáciám, ako aj k denimovým nohaviciam. Skvele poslúži aj ako doplnok elegantných štylizácií s nohavicami a sukňami. Nosiť taký avantgardný šatník, <strong>na párty je ťažké zostať nepovšimnutý, ale oplatí sa ho použiť aj pri každodennom stylingu, keď chcete mať viac energie na konanie!</strong></p>
<p style="text-align: center;"><strong>Charakteristika</strong></p>
<ul>
<li style="text-align: center;">odnímateľná látka v spodnej časti bundy</li>
<li style="text-align: center;">bočný rez</li>
<li style="text-align: center;">neelastický materiál</li>
<li style="text-align: center;">zapínanie na zips</li>
<li style="text-align: center;">vložky vyrobené z imitácie zvieracej kože</li>
<li style="text-align: center;">početné ozdobné zipsy</li>
<li style="text-align: center;">postaviť sa</li>
<li style="text-align: center;">vankúše v náručí</li>
<li style="text-align: center;">podšívka</li>
</ul>
<p style="text-align: center;">Veľkosť je malá, vyberte si prosím väčšiu veľkosť!</p>
<h3 style="text-align: center;">Rozmery:</h3>
<p style="text-align: center;"><strong>Veľkosť S:</strong></p>
<p style="text-align: center;">Šírka hrudníka: 40 cm x 2</p>
<p style="text-align: center;">Šírka ramien: 34 cm x 2</p>
<p style="text-align: center;">Dĺžka rukáva od podpazušia: 43 cm</p>
<p style="text-align: center;">Celková dĺžka: 52 cm - 61 cm</p>
<p style="text-align: center;"><strong>Veľkosť M:</strong></p>
<p style="text-align: center;">Šírka hrudníka: 42 cm x 2</p>
<p style="text-align: center;">Šírka ramien: 35 cm x 2</p>
<p style="text-align: center;">Dĺžka rukáva od podpazušia: 43 cm</p>
<p style="text-align: center;">Celková dĺžka: 53 cm - 62 cm</p>
<p style="text-align: center;"><strong>Veľkosť L:</strong></p>
<p style="text-align: center;">Šírka hrudníka: 44 cm x 2</p>
<p style="text-align: center;">Šírka ramien: 37 cm x 2</p>
<p style="text-align: center;">Dĺžka rukáva od podpazušia: 44 cm</p>
<p style="text-align: center;">Celková dĺžka: 54 cm - 63 cm</p>
<p style="text-align: center;"><strong>veľkosť XL:</strong></p>
<p style="text-align: center;">Šírka hrudníka: 46 cm x 2</p>
<p style="text-align: center;">Šírka ramien: 38 cm x 2</p>
<p style="text-align: center;">Dĺžka rukáva od podpazušia: 45 cm</p>
<p style="text-align: center;">Celková dĺžka: 55 cm - 65 cm</p>
<p style="text-align: center;">Oblečenie merané naplocho +/- 2 cm</p>
<p style="text-align: center;"><strong>Veľkosť XXL:</strong></p>
<p style="text-align: center;">Šírka hrudníka: 50 cm x 2</p>
<p style="text-align: center;">Šírka ramien: 41 cm x 2</p>
<p style="text-align: center;">Dĺžka rukáva od podpazušia: 46 cm</p>
<p style="text-align: center;">Celková dĺžka: 57 cm - 66 cm</p>
<p style="text-align: center;">Oblečenie merané naplocho +/- 2 cm</p>
<p>&nbsp;</p>
<p>&nbsp;</p>
<p style="text-align: center;"><strong>MODELKA 165 cm - VEĽKOSŤ S </strong></p>
<p style="text-align: center;">

<p>Ramoneska Valentino Black Ramoneska o asymetrycznym kroju, posiada ozdobne wycięcia i usztywniane ramiona. Kurtka ramoneska uszyta z wysokiej jakości skóry ekologicznej i podszewki o satynowym połysku. Niezwykle stylowa kurtka z dekoracyjnymi zamkami nadającymi jej modnego, niepowtarzalnego charakteru. Dół ramoneski się odpina, dzięki czemu mamy 3 funkcje w 1 modelu: kurtkę, żakiet i bolerko do sukienek.</p>
<div class="klb-readmore post-buttons"><a class="button black outline size-sm" href="https://madelinefashion.pl/sk/ramoneska-valentino-black/">Čítať ďalej <i class="klbth-icon-right-arrow"></i></a></div>

pracovný list
