{"id":11678,"date":"2021-05-08T15:57:25","date_gmt":"2021-05-08T13:57:25","guid":{"rendered":"https:\/\/madelinefashion.pl\/?post_type=product&#038;p=11678"},"modified":"2026-01-20T10:34:27","modified_gmt":"2026-01-20T09:34:27","slug":"bluza-kurtka-z-bukli-oversize-blekitna","status":"publish","type":"product","link":"https:\/\/madelinefashion.pl\/sk\/bluza-kurtka-z-bukli-oversize-blekitna\/","title":{"rendered":"Modr\u00e1 oversize bunda"},"content":{"rendered":"<h3 style=\"text-align: center;\">Modr\u00e1 oversize bunda<\/h3>\n<p style=\"text-align: center;\"><strong>Bunda Boulder Oversized s kapuc\u0148ou a kapuc\u0148ou<\/strong>, skvele posl\u00fa\u017ei aj ako kab\u00e1t na jarn\u00e9 a jesenn\u00e9 dni. Ve\u013emi pr\u00edjemn\u00e9 na dotyk, vyroben\u00e9 z jemn\u00e9ho materi\u00e1lu. Univerz\u00e1lny vo\u013en\u00fd strih, skvel\u00fd pre ka\u017ed\u00fa postavu a styling. Oversize \u0161t\u00fdl <strong>asymetrick\u00e9<\/strong>, m\u00e1 dve vreck\u00e1 a kapuc\u0148u. <strong>Po\u013esk\u00fd v\u00fdrobok<\/strong>ve\u013emi dobr\u00e1 kvalita materi\u00e1lu. Mikina so zap\u00ednan\u00edm na zips sa odpor\u00fa\u010da aj pre d\u00e1my v <strong>Plusov\u00e1 velkos\u0165. Model je dostupn\u00fd vo viacer\u00fdch farb\u00e1ch!<\/strong><\/p>\n<h3 style=\"text-align: center;\">\u00a0 \u00a0 \u00a0 \u00a0Rozmery<\/h3>\n<ul>\n<li style=\"list-style-type: none;\">\n<ul>\n<li style=\"text-align: center;\">celkov\u00e1 predn\u00e1 d\u013a\u017eka: 71 cm<\/li>\n<li style=\"text-align: center;\">celkov\u00e1 d\u013a\u017eka chrbta: 85 cm<\/li>\n<li style=\"text-align: center;\">\u0161\u00edrka od pazuchy po pazuchu: 68-73 cm<\/li>\n<li style=\"text-align: center;\">d\u013a\u017eka ruk\u00e1va od ramena: 60 cm<\/li>\n<li style=\"text-align: center;\">d\u013a\u017eka ruk\u00e1va od podpazu\u0161ia: 47 cm<\/li>\n<li style=\"text-align: center;\">odpor\u00fa\u010dan\u00e1 max <strong>obvod<\/strong> v prsiach: 130 cm<\/li>\n<\/ul>\n<\/li>\n<\/ul>\n<p style=\"text-align: center;\">Rozmery sa m\u00f4\u017eu mierne l\u00ed\u0161i\u0165 od uveden\u00fdch +\/- 2cm. V\u0161etky uveden\u00e9 rozmery s\u00fa meran\u00e9 plo\u0161ne. <strong>rozmer x2<\/strong><\/p>\n<h3 style=\"text-align: center;\">Charakteristika:<\/h3>\n<ul>\n<li style=\"text-align: center;\">vo\u013en\u00fd<\/li>\n<li style=\"text-align: center;\">zap\u00edna sa na plastov\u00fd zips<\/li>\n<li style=\"text-align: center;\">oversized fit<\/li>\n<li style=\"text-align: center;\">jednopl\u00e1\u0161\u0165ov\u00e9<\/li>\n<li style=\"text-align: center;\">bez pod\u0161\u00edvky<\/li>\n<li style=\"text-align: center;\">asymetrick\u00e9<\/li>\n<li style=\"text-align: center;\">vreck\u00e1<\/li>\n<li style=\"text-align: center;\">kapuc\u0148a<\/li>\n<li style=\"text-align: center;\">vyroben\u00e9 v Po\u013esku<\/li>\n<\/ul>\n<table>\n<tbody>\n<tr>\n<td width=\"302\">Meno modela<\/td>\n<td width=\"302\">Bunda s kapuc\u0148ou od Bukli Oversize<\/td>\n<\/tr>\n<tr>\n<td width=\"302\">Farba<\/td>\n<td width=\"302\">Modr\u00e1<\/td>\n<\/tr>\n<tr>\n<td width=\"302\">ve\u013ekosti<\/td>\n<td width=\"302\">Univerz\u00e1lny<\/td>\n<\/tr>\n<tr>\n<td width=\"302\">M\u00f3da<\/td>\n<td width=\"302\">nadrozmern\u00e9<\/td>\n<\/tr>\n<tr>\n<td width=\"302\">Materi\u00e1l<\/td>\n<td width=\"302\">70 % Polyester 30% visk\u00f3za<\/td>\n<\/tr>\n<\/tbody>\n<\/table>\n<p>&nbsp;<\/p>\n<div class=\"tabs tabs-bb clear mb-80\">\n<div class=\"tab-content\">\n<div id=\"tab-description\" class=\"tab-pane fade in woocommerce-Tabs-panel--description active\">\n<p style=\"text-align: center;\">\u00a0Model m\u00e1\u00a0<strong>169<\/strong>\u00a0cm vysok\u00fd, nos\u00ed ve\u013ekos\u0165 ka\u017ed\u00fd de\u0148\u00a0<strong>S<\/strong><\/p>\n<p style=\"text-align: center;\">\u0160\u00edrka cez prsia 92 cm<\/p>\n<p style=\"text-align: center;\">\u0160\u00edrka v p\u00e1se 62 cm<\/p>\n<p style=\"text-align: center;\">\u0160\u00edrka v bokoch 94 cm<\/p>\n<p>&nbsp;<\/p>\n<p>&nbsp;<\/p>\n<\/div>\n<\/div>\n<\/div>\n<section class=\"up-sells upsells products mb-80\"><\/section>\n<p style=\"text-align: center;\">","protected":false},"excerpt":{"rendered":"<p>Bluza Kurtka z Bukli Oversize B\u0142\u0119kitna Bluza Kurtka z Bukli Oversize z Kapturem, \u015bwietnie sprawdzi si\u0119 r\u00f3wnie\u017c jako p\u0142aszczyk na wiosenne i jesienne dni. Bardzo mi\u0142a w dotyku, wykonana z delikatnego materia\u0142u. Uniwersalny\u00a0 lu\u017any fason, \u015bwietny dla ka\u017cdej sylwetki i stylizacji. Styl oversize asymetryczny, posiada dwie kieszonki i kaptur. Produkt Polski, bardzo dobra jako\u015b\u0107 materia\u0142u.\u00a0<\/p>\n<div class=\"klb-readmore post-buttons\"><a class=\"button black outline size-sm\" href=\"https:\/\/madelinefashion.pl\/sk\/bluza-kurtka-z-bukli-oversize-blekitna\/\">\u010c\u00edta\u0165 \u010falej <i class=\"klbth-icon-right-arrow\"><\/i><\/a><\/div>","protected":false},"featured_media":39166,"template":"","meta":[],"product_brand":[],"product_cat":[255,117,102],"product_tag":[385],"class_list":{"0":"post-11678","1":"product","2":"type-product","3":"status-publish","4":"has-post-thumbnail","6":"product_cat-bluzy","7":"product_cat-kurtki","8":"product_cat-plaszcze-plus-size","9":"product_tag-plus-size","11":"first","12":"instock","13":"sale","14":"purchasable","15":"product-type-simple"},"_links":{"self":[{"href":"https:\/\/madelinefashion.pl\/sk\/wp-json\/wp\/v2\/product\/11678","targetHints":{"allow":["GET"]}}],"collection":[{"href":"https:\/\/madelinefashion.pl\/sk\/wp-json\/wp\/v2\/product"}],"about":[{"href":"https:\/\/madelinefashion.pl\/sk\/wp-json\/wp\/v2\/types\/product"}],"wp:featuredmedia":[{"embeddable":true,"href":"https:\/\/madelinefashion.pl\/sk\/wp-json\/wp\/v2\/media\/39166"}],"wp:attachment":[{"href":"https:\/\/madelinefashion.pl\/sk\/wp-json\/wp\/v2\/media?parent=11678"}],"wp:term":[{"taxonomy":"product_brand","embeddable":true,"href":"https:\/\/madelinefashion.pl\/sk\/wp-json\/wp\/v2\/product_brand?post=11678"},{"taxonomy":"product_cat","embeddable":true,"href":"https:\/\/madelinefashion.pl\/sk\/wp-json\/wp\/v2\/product_cat?post=11678"},{"taxonomy":"product_tag","embeddable":true,"href":"https:\/\/madelinefashion.pl\/sk\/wp-json\/wp\/v2\/product_tag?post=11678"}],"curies":[{"name":"pracovn\u00fd list","href":"https:\/\/api.w.org\/{rel}","templated":true}]}}

Modrá oversize bunda

<h3 style="text-align: center;">Modrá oversize bunda</h3>
<p style="text-align: center;"><strong>Bunda Boulder Oversized s kapucňou a kapucňou</strong>, skvele poslúži aj ako kabát na jarné a jesenné dni. Veľmi príjemné na dotyk, vyrobené z jemného materiálu. Univerzálny voľný strih, skvelý pre každú postavu a styling. Oversize štýl <strong>asymetrické</strong>, má dve vrecká a kapucňu. <strong>Poľský výrobok</strong>veľmi dobrá kvalita materiálu. Mikina so zapínaním na zips sa odporúča aj pre dámy v <strong>Plusová velkosť. Model je dostupný vo viacerých farbách!</strong></p>
<h3 style="text-align: center;">       Rozmery</h3>
<ul>
<li style="list-style-type: none;">
<ul>
<li style="text-align: center;">celková predná dĺžka: 71 cm</li>
<li style="text-align: center;">celková dĺžka chrbta: 85 cm</li>
<li style="text-align: center;">šírka od pazuchy po pazuchu: 68-73 cm</li>
<li style="text-align: center;">dĺžka rukáva od ramena: 60 cm</li>
<li style="text-align: center;">dĺžka rukáva od podpazušia: 47 cm</li>
<li style="text-align: center;">odporúčaná max <strong>obvod</strong> v prsiach: 130 cm</li>
</ul>
</li>
</ul>
<p style="text-align: center;">Rozmery sa môžu mierne líšiť od uvedených +/- 2cm. Všetky uvedené rozmery sú merané plošne. <strong>rozmer x2</strong></p>
<h3 style="text-align: center;">Charakteristika:</h3>
<ul>
<li style="text-align: center;">voľný</li>
<li style="text-align: center;">zapína sa na plastový zips</li>
<li style="text-align: center;">oversized fit</li>
<li style="text-align: center;">jednoplášťové</li>
<li style="text-align: center;">bez podšívky</li>
<li style="text-align: center;">asymetrické</li>
<li style="text-align: center;">vrecká</li>
<li style="text-align: center;">kapucňa</li>
<li style="text-align: center;">vyrobené v Poľsku</li>
</ul>
<table>
<tbody>
<tr>
<td width="302">Meno modela</td>
<td width="302">Bunda s kapucňou od Bukli Oversize</td>
</tr>
<tr>
<td width="302">Farba</td>
<td width="302">Modrá</td>
</tr>
<tr>
<td width="302">veľkosti</td>
<td width="302">Univerzálny</td>
</tr>
<tr>
<td width="302">Móda</td>
<td width="302">nadrozmerné</td>
</tr>
<tr>
<td width="302">Materiál</td>
<td width="302">70 % Polyester 30% viskóza</td>
</tr>
</tbody>
</table>
<p>&nbsp;</p>
<div class="tabs tabs-bb clear mb-80">
<div class="tab-content">
<div id="tab-description" class="tab-pane fade in woocommerce-Tabs-panel--description active">
<p style="text-align: center;"> Model má <strong>169</strong> cm vysoký, nosí veľkosť každý deň <strong>S</strong></p>
<p style="text-align: center;">Šírka cez prsia 92 cm</p>
<p style="text-align: center;">Šírka v páse 62 cm</p>
<p style="text-align: center;">Šírka v bokoch 94 cm</p>
<p>&nbsp;</p>
<p>&nbsp;</p>
</div>
</div>
</div>
<section class="up-sells upsells products mb-80"></section>
<p style="text-align: center;">

<p>Bluza Kurtka z Bukli Oversize Błękitna Bluza Kurtka z Bukli Oversize z Kapturem, świetnie sprawdzi się również jako płaszczyk na wiosenne i jesienne dni. Bardzo miła w dotyku, wykonana z delikatnego materiału. Uniwersalny  luźny fason, świetny dla każdej sylwetki i stylizacji. Styl oversize asymetryczny, posiada dwie kieszonki i kaptur. Produkt Polski, bardzo dobra jakość materiału. </p>
<div class="klb-readmore post-buttons"><a class="button black outline size-sm" href="https://madelinefashion.pl/sk/bluza-kurtka-z-bukli-oversize-blekitna/">Čítať ďalej <i class="klbth-icon-right-arrow"></i></a></div>

pracovný list
