{"id":117016,"date":"2024-01-19T11:45:08","date_gmt":"2024-01-19T10:45:08","guid":{"rendered":"https:\/\/madelinefashion.pl\/?post_type=product&#038;p=117016"},"modified":"2026-04-14T17:34:48","modified_gmt":"2026-04-14T15:34:48","slug":"sukienka-krotka-brokatowa-z-rekawkiem-alma-butelkowa-zielen","status":"publish","type":"product","link":"https:\/\/madelinefashion.pl\/sk\/sukienka-krotka-brokatowa-z-rekawkiem-alma-butelkowa-zielen\/","title":{"rendered":"Kr\u00e1tke brok\u00e1tov\u00e9 \u0161aty s ruk\u00e1vmi vo f\u013ea\u0161kovo zelenej farbe Alma"},"content":{"rendered":"<h3 style=\"text-align: center;\">Kr\u00e1tke brok\u00e1tov\u00e9 \u0161aty s ruk\u00e1vmi vo f\u013ea\u0161kovo zelenej farbe Alma<\/h3>\n<p style=\"text-align: center;\"><span style=\"font-size: 10pt;\">\u0160aty <strong>Alma<\/strong> vo farbe <strong>butelkowej zieleni z d\u0142ugim rozci\u0119tym r\u0119kawkiem. <\/strong>Ohromuj\u00face ve\u010dern\u00e9 \u0161aty s v\u00fdstrihom do V kr\u00e1sne zv\u00fdraznia poprsie. Brok\u00e1tov\u00e9 \u0161aty kr\u00e1sne sedia postave \u2013 maj\u00fa elastick\u00fd p\u00e1s. \u0160aty s\u00fa...<\/span><span style=\"font-size: 10pt;\">Vyroben\u00e9 a u\u0161it\u00e9 v Po\u013esku. Ruk\u00e1vy maj\u00fa rozparok, ktor\u00fd \u0161at\u00e1m dod\u00e1va jedine\u010dn\u00fd n\u00e1dych. \u0160aty s\u00fa vyroben\u00e9 z elastick\u00e9ho materi\u00e1lu. Vrchn\u00fd diel m\u00e1 zavinovac\u00ed dizajn s ve\u013emi jemn\u00fdmi, hrav\u00fdmi ruk\u00e1vmi. P\u00e1s je elastick\u00fd pre jednoduch\u00e9 nastavenie ve\u013ekosti. Chrb\u00e1t je uzavret\u00fd. <\/span><span style=\"font-size: 10pt;\"><strong>H\u013ead\u00e1te dokonal\u00e9 \u0161aty na svadbu, Silvestra, karneval \u010di ples<\/strong>? Tento model bude perfektne fungova\u0165. \u0161aty -<strong>\u00a0 proste to vyzer\u00e1 \u00fa\u017easne<\/strong> !! \u0160aty z trblietav\u00e9ho materi\u00e1lu s\u00fa v\u00fdnimo\u010dne elegantn\u00e9 a vyzeraj\u00fa ako v\u00fdtvory filmov\u00fdch hviezd. Zozn\u00e1mte sa s na\u0161ou ponukou <a href=\"https:\/\/madelinefashion.pl\/sk\/sukienki-i-kombinezony\/sukienki-okolicznosciowe\/\"><strong>ve\u010dern\u00e9 \u0161aty<\/strong><\/a> a vyberte si model, v ktorom budete <strong>vyzera\u0165 ako hviezda<\/strong> a vyniknete z davu.\u00a0<strong> \u0160aty midi d\u013a\u017eky\u00a0<\/strong> V svetle lampy sa n\u00e1dherne trblieta. Je nemo\u017en\u00e9 ho ignorova\u0165. <\/span><span style=\"font-size: 10pt;\">\u0160aty z <strong>Madelinefashion<\/strong> je vynikaj\u00facou vo\u013ebou na svadbu, ples, Silvestra a in\u00e9 elegantn\u00e9 \u0161peci\u00e1lne udalosti. Dostupn\u00e9 na na\u0161om e-shope vo viacer\u00fdch farebn\u00fdch variantoch, tak nev\u00e1hajte a vyberte si t\u00fa, ktor\u00e1 je pre v\u00e1s ako stvoren\u00e1. Ak sa neviete rozhodn\u00fa\u0165 ak\u00fa farbu, <strong>ve\u013ekos\u0165<\/strong> je pre v\u00e1s to najlep\u0161ie <strong>kontaktuj n\u00e1s<\/strong> cez <a href=\"https:\/\/www.facebook.com\/madelinefashionbutik\" target=\"_blank\" rel=\"noopener\">Facebook<\/a> alebo <a href=\"https:\/\/madelinefashion.pl\/sk\/kontakt\/\">telef\u00f3n<\/a>. Ak ve\u013ekos\u0165 nie je na str\u00e1nke, kontaktujte n\u00e1s.\u00a0<\/span><\/p>\n<h3 style=\"text-align: center;\">ROZMERY \u0161iat:<\/h3>\n<div class=\"additional-details\" style=\"text-align: center;\">\n<table width=\"556\">\n<tbody>\n<tr>\n<td width=\"209\"><strong>VE\u013dKOS\u0164<\/strong><\/td>\n<td width=\"122\"><strong>poprsia<\/strong><\/td>\n<td><strong>P\u00e1s<\/strong><\/td>\n<td><strong>Boky<\/strong><\/td>\n<\/tr>\n<tr>\n<td width=\"209\"><strong>38<\/strong><\/td>\n<td width=\"122\">92-94<\/td>\n<td>78<\/td>\n<td>\u00a0ak\u00fdko\u013evek<\/td>\n<\/tr>\n<tr>\n<td width=\"209\"><strong>40<\/strong><\/td>\n<td width=\"122\">96-98<\/td>\n<td>80<\/td>\n<td>\u00a0ak\u00fdko\u013evek<\/td>\n<\/tr>\n<tr>\n<td width=\"209\"><strong>42<\/strong><\/td>\n<td width=\"122\">100-104<\/td>\n<td>84<\/td>\n<td>\u00a0ak\u00fdko\u013evek<\/td>\n<\/tr>\n<tr>\n<td width=\"209\"><strong>44<\/strong><\/td>\n<td width=\"122\">102-106<\/td>\n<td>88<\/td>\n<td>\u00a0ak\u00fdko\u013evek<\/td>\n<\/tr>\n<tr>\n<td width=\"209\"><strong>46<\/strong><\/td>\n<td width=\"122\">106-110<\/td>\n<td>92<\/td>\n<td>\u00a0ak\u00fdko\u013evek<\/td>\n<\/tr>\n<tr>\n<td width=\"209\"><strong>48<\/strong><\/td>\n<td width=\"122\">110-112<\/td>\n<td>96<\/td>\n<td>\u00a0ak\u00fdko\u013evek<\/td>\n<\/tr>\n<\/tbody>\n<\/table>\n<\/div>\n<p>&nbsp;<\/p>\n<p style=\"text-align: center;\"><span style=\"font-size: 10pt;\"><span style=\"font-size: 10pt;\">celkov\u00e1 d\u013a\u017eka cca 110 cm <\/span>\u00a0 <\/span><\/p>\n<p style=\"text-align: center;\"><span style=\"font-size: 10pt;\">\u0160aty s\u00fa dostupn\u00e9 aj v in\u00fdch farb\u00e1ch - odpor\u00fa\u010dame v\u00e1m zozn\u00e1mi\u0165 sa s na\u0161imi \u010fal\u0161\u00edmi produktmi.<\/span><\/p>\n<p style=\"text-align: center;\"><span style=\"font-size: 10pt;\">Rozmery sa m\u00f4\u017eu mierne l\u00ed\u0161i\u0165 od uveden\u00fdch +\/- 2cm.\u00a0<\/span><\/p>\n<p style=\"text-align: center;\"><span style=\"font-size: 10pt;\"><strong>\u00a0<\/strong>\u00a0<\/span><\/p>\n<table width=\"620\">\n<tbody>\n<tr>\n<td width=\"302\">Meno modela<\/td>\n<td width=\"302\">Kr\u00e1tke brok\u00e1tov\u00e9 \u0161aty Alma s ruk\u00e1vmi<\/td>\n<\/tr>\n<tr>\n<td width=\"302\">Farba<\/td>\n<td width=\"302\">F\u013ea\u0161a zelen\u00e1<\/td>\n<\/tr>\n<tr>\n<td width=\"302\">\u0160tiepenie<\/td>\n<td width=\"302\">Ob\u00e1lka<\/td>\n<\/tr>\n<tr>\n<td width=\"302\">ve\u013ekosti<\/td>\n<td width=\"302\">38 40 42 44 46 48<\/td>\n<\/tr>\n<tr>\n<td width=\"302\">M\u00f3da<\/td>\n<td width=\"302\">Vzplanul<\/td>\n<\/tr>\n<tr>\n<td width=\"302\">Materi\u00e1l<\/td>\n<td width=\"302\">50% Polyester 40% Visk\u00f3za 10% Elastan<\/td>\n<\/tr>\n<tr>\n<td width=\"302\">D\u013a\u017eka<\/td>\n<td width=\"302\">Cez koleno<\/td>\n<\/tr>\n<\/tbody>\n<\/table>\n<p style=\"text-align: center;\"><span style=\"font-size: 10pt;\">\u00a0<\/span><\/p>\n<p style=\"text-align: center;\"><span style=\"font-size: 10pt;\">Aby ste si vybrali <strong>perfektn\u00e9 \u0161aty<\/strong> kontaktujte n\u00e1s telefonicky alebo prostredn\u00edctvom na\u0161ej webovej str\u00e1nky <a href=\"https:\/\/www.facebook.com\/madelinefashionbutik\" target=\"_blank\" rel=\"noopener\">Facebook<\/a> .<\/span><br \/>\n<span style=\"font-size: 10pt;\">N\u00e1\u0161 t\u00edm v\u00e1m pom\u00f4\u017ee <strong>Vyberte si ten spr\u00e1vny<\/strong> . <strong>Na \u017eelanie kupuj\u00faceho vyrob\u00edme ak\u00e9ko\u013evek \u0161aty\u00a0<\/strong><strong>opatrne mera\u0165. <\/strong><\/span><span style=\"font-size: 10pt;\">\u00a0<\/span><\/p>","protected":false},"excerpt":{"rendered":"<p>Sukienka Kr\u00f3tka Brokatowa z R\u0119kawkiem Alma Butelkowa Ziele\u0144 Sukienka Alma w kolorze butelkowej zieleni z d\u0142ugim rozci\u0119tym r\u0119kawkiem. Wspania\u0142a suknia wieczorowa z dekoltem w szpic &#8211; V pi\u0119knie eksponuje biust.\u00a0 Sukienka brokatowa bardzo \u0142adnie dopasowuje si\u0119 do sylwetki &#8211; w tali posiada gumk\u0119. Sukienka wyprodukowana i uszyta w Polsce. R\u0119kawek posiada rozci\u0119cie, dodaj\u0105c sukience unikatowo\u015bci.<\/p>\n<div class=\"klb-readmore post-buttons\"><a class=\"button black outline size-sm\" href=\"https:\/\/madelinefashion.pl\/sk\/sukienka-krotka-brokatowa-z-rekawkiem-alma-butelkowa-zielen\/\">\u010c\u00edta\u0165 \u010falej <i class=\"klbth-icon-right-arrow\"><\/i><\/a><\/div>","protected":false},"featured_media":117015,"template":"","meta":[],"product_brand":[],"product_cat":[124,559,560,564],"product_tag":[385,262,535],"class_list":{"0":"post-117016","1":"product","2":"type-product","3":"status-publish","4":"has-post-thumbnail","6":"product_cat-sukienki-okolicznosciowe","7":"product_cat-noworoczna-sekcja-okazji","8":"product_cat-sukienki-brokatowe","9":"product_cat-sukienki-plus-size","10":"product_tag-plus-size","11":"product_tag-sukienki-krotkie","12":"product_tag-zielone-sukienki","14":"first","15":"instock","16":"sale","17":"purchasable","18":"product-type-variable"},"_links":{"self":[{"href":"https:\/\/madelinefashion.pl\/sk\/wp-json\/wp\/v2\/product\/117016","targetHints":{"allow":["GET"]}}],"collection":[{"href":"https:\/\/madelinefashion.pl\/sk\/wp-json\/wp\/v2\/product"}],"about":[{"href":"https:\/\/madelinefashion.pl\/sk\/wp-json\/wp\/v2\/types\/product"}],"wp:featuredmedia":[{"embeddable":true,"href":"https:\/\/madelinefashion.pl\/sk\/wp-json\/wp\/v2\/media\/117015"}],"wp:attachment":[{"href":"https:\/\/madelinefashion.pl\/sk\/wp-json\/wp\/v2\/media?parent=117016"}],"wp:term":[{"taxonomy":"product_brand","embeddable":true,"href":"https:\/\/madelinefashion.pl\/sk\/wp-json\/wp\/v2\/product_brand?post=117016"},{"taxonomy":"product_cat","embeddable":true,"href":"https:\/\/madelinefashion.pl\/sk\/wp-json\/wp\/v2\/product_cat?post=117016"},{"taxonomy":"product_tag","embeddable":true,"href":"https:\/\/madelinefashion.pl\/sk\/wp-json\/wp\/v2\/product_tag?post=117016"}],"curies":[{"name":"pracovn\u00fd list","href":"https:\/\/api.w.org\/{rel}","templated":true}]}}

Krátke brokátové šaty s rukávmi vo fľaškovo zelenej farbe Alma

<h3 style="text-align: center;">Krátke brokátové šaty s rukávmi vo fľaškovo zelenej farbe Alma</h3>
<p style="text-align: center;"><span style="font-size: 10pt;">Šaty <strong>Alma</strong> vo farbe <strong>butelkowej zieleni z długim rozciętym rękawkiem. </strong>Ohromujúce večerné šaty s výstrihom do V krásne zvýraznia poprsie. Brokátové šaty krásne sedia postave – majú elastický pás. Šaty sú...</span><span style="font-size: 10pt;">Vyrobené a ušité v Poľsku. Rukávy majú rozparok, ktorý šatám dodáva jedinečný nádych. Šaty sú vyrobené z elastického materiálu. Vrchný diel má zavinovací dizajn s veľmi jemnými, hravými rukávmi. Pás je elastický pre jednoduché nastavenie veľkosti. Chrbát je uzavretý. </span><span style="font-size: 10pt;"><strong>Hľadáte dokonalé šaty na svadbu, Silvestra, karneval či ples</strong>? Tento model bude perfektne fungovať. šaty -<strong>  proste to vyzerá úžasne</strong> !! Šaty z trblietavého materiálu sú výnimočne elegantné a vyzerajú ako výtvory filmových hviezd. Zoznámte sa s našou ponukou <a href="https://madelinefashion.pl/sk/sukienki-i-kombinezony/sukienki-okolicznosciowe/"><strong>večerné šaty</strong></a> a vyberte si model, v ktorom budete <strong>vyzerať ako hviezda</strong> a vyniknete z davu. <strong> Šaty midi dĺžky </strong> V svetle lampy sa nádherne trblieta. Je nemožné ho ignorovať. </span><span style="font-size: 10pt;">Šaty z <strong>Madelinefashion</strong> je vynikajúcou voľbou na svadbu, ples, Silvestra a iné elegantné špeciálne udalosti. Dostupné na našom e-shope vo viacerých farebných variantoch, tak neváhajte a vyberte si tú, ktorá je pre vás ako stvorená. Ak sa neviete rozhodnúť akú farbu, <strong>veľkosť</strong> je pre vás to najlepšie <strong>kontaktuj nás</strong> cez <a href="https://www.facebook.com/madelinefashionbutik" target="_blank" rel="noopener">Facebook</a> alebo <a href="https://madelinefashion.pl/sk/kontakt/">telefón</a>. Ak veľkosť nie je na stránke, kontaktujte nás. </span></p>
<h3 style="text-align: center;">ROZMERY šiat:</h3>
<div class="additional-details" style="text-align: center;">
<table width="556">
<tbody>
<tr>
<td width="209"><strong>VEĽKOSŤ</strong></td>
<td width="122"><strong>poprsia</strong></td>
<td><strong>Pás</strong></td>
<td><strong>Boky</strong></td>
</tr>
<tr>
<td width="209"><strong>38</strong></td>
<td width="122">92-94</td>
<td>78</td>
<td> akýkoľvek</td>
</tr>
<tr>
<td width="209"><strong>40</strong></td>
<td width="122">96-98</td>
<td>80</td>
<td> akýkoľvek</td>
</tr>
<tr>
<td width="209"><strong>42</strong></td>
<td width="122">100-104</td>
<td>84</td>
<td> akýkoľvek</td>
</tr>
<tr>
<td width="209"><strong>44</strong></td>
<td width="122">102-106</td>
<td>88</td>
<td> akýkoľvek</td>
</tr>
<tr>
<td width="209"><strong>46</strong></td>
<td width="122">106-110</td>
<td>92</td>
<td> akýkoľvek</td>
</tr>
<tr>
<td width="209"><strong>48</strong></td>
<td width="122">110-112</td>
<td>96</td>
<td> akýkoľvek</td>
</tr>
</tbody>
</table>
</div>
<p>&nbsp;</p>
<p style="text-align: center;"><span style="font-size: 10pt;"><span style="font-size: 10pt;">celková dĺžka cca 110 cm </span>  </span></p>
<p style="text-align: center;"><span style="font-size: 10pt;">Šaty sú dostupné aj v iných farbách - odporúčame vám zoznámiť sa s našimi ďalšími produktmi.</span></p>
<p style="text-align: center;"><span style="font-size: 10pt;">Rozmery sa môžu mierne líšiť od uvedených +/- 2cm. </span></p>
<p style="text-align: center;"><span style="font-size: 10pt;"><strong> </strong> </span></p>
<table width="620">
<tbody>
<tr>
<td width="302">Meno modela</td>
<td width="302">Krátke brokátové šaty Alma s rukávmi</td>
</tr>
<tr>
<td width="302">Farba</td>
<td width="302">Fľaša zelená</td>
</tr>
<tr>
<td width="302">Štiepenie</td>
<td width="302">Obálka</td>
</tr>
<tr>
<td width="302">veľkosti</td>
<td width="302">38 40 42 44 46 48</td>
</tr>
<tr>
<td width="302">Móda</td>
<td width="302">Vzplanul</td>
</tr>
<tr>
<td width="302">Materiál</td>
<td width="302">50% Polyester 40% Viskóza 10% Elastan</td>
</tr>
<tr>
<td width="302">Dĺžka</td>
<td width="302">Cez koleno</td>
</tr>
</tbody>
</table>
<p style="text-align: center;"><span style="font-size: 10pt;"> </span></p>
<p style="text-align: center;"><span style="font-size: 10pt;">Aby ste si vybrali <strong>perfektné šaty</strong> kontaktujte nás telefonicky alebo prostredníctvom našej webovej stránky <a href="https://www.facebook.com/madelinefashionbutik" target="_blank" rel="noopener">Facebook</a> .</span><br />
<span style="font-size: 10pt;">Náš tím vám pomôže <strong>Vyberte si ten správny</strong> . <strong>Na želanie kupujúceho vyrobíme akékoľvek šaty </strong><strong>opatrne merať. </strong></span><span style="font-size: 10pt;"> </span></p>

<p>Sukienka Krótka Brokatowa z Rękawkiem Alma Butelkowa Zieleń Sukienka Alma w kolorze butelkowej zieleni z długim rozciętym rękawkiem. Wspaniała suknia wieczorowa z dekoltem w szpic &#8211; V pięknie eksponuje biust.  Sukienka brokatowa bardzo ładnie dopasowuje się do sylwetki &#8211; w tali posiada gumkę. Sukienka wyprodukowana i uszyta w Polsce. Rękawek posiada rozcięcie, dodając sukience unikatowości.</p>
<div class="klb-readmore post-buttons"><a class="button black outline size-sm" href="https://madelinefashion.pl/sk/sukienka-krotka-brokatowa-z-rekawkiem-alma-butelkowa-zielen/">Čítať ďalej <i class="klbth-icon-right-arrow"></i></a></div>

pracovný list
