{"id":11849,"date":"2021-05-08T21:18:01","date_gmt":"2021-05-08T19:18:01","guid":{"rendered":"https:\/\/madelinefashion.pl\/?post_type=product&#038;p=11849"},"modified":"2025-10-01T07:35:00","modified_gmt":"2025-10-01T05:35:00","slug":"krotkie-spodenki-z-lancuszkiem-anne","status":"publish","type":"product","link":"https:\/\/madelinefashion.pl\/sk\/krotkie-spodenki-z-lancuszkiem-anne\/","title":{"rendered":"\u0160ortky Anne Chain"},"content":{"rendered":"<h3 style=\"text-align: center;\">\u0160ortky Anne Chain<\/h3>\n<p>&nbsp;<\/p>\n<p style=\"text-align: center;\">Pleten\u00e9 \u0161ortky s vysok\u00fdm p\u00e1som. P\u00e1s je zv\u00fdraznen\u00fd ozdobnou zlatou retiazkou. Perfektn\u00fd doplnok k mnoh\u00fdm \u017eensk\u00fdm \u0161t\u00fdlom. <strong>\u0160ortky<\/strong><span style=\"vertical-align: inherit;\"><span style=\"vertical-align: inherit;\">\u00a0ukradne srdce ka\u017edej \u017eeny. Kr\u00e1tke nohy odhalia a <strong>opticky pred\u013a\u017eia nohy<\/strong>. Pon\u00fakame<\/span><\/span><span style=\"vertical-align: inherit;\"><span style=\"vertical-align: inherit;\"> ich vo ve\u013ekostiach <strong>S, M, L, XL, XXL <\/strong><\/span><\/span><span style=\"vertical-align: inherit;\"><span style=\"vertical-align: inherit;\">\u00a0tie\u017e odpor\u00fa\u010dame <\/span><\/span><span style=\"vertical-align: inherit;\"><span style=\"vertical-align: inherit;\"><b>presne tak\u00a0<\/b><\/span><\/span><strong><span style=\"vertical-align: inherit;\"><span style=\"vertical-align: inherit;\">mera\u0165<\/span><\/span><\/strong><span style=\"vertical-align: inherit;\"><span style=\"vertical-align: inherit;\"> pod\u013ea tabu\u013eky ve\u013ekost\u00ed ni\u017e\u0161ie. \u0160ortky maj\u00fa v p\u00e1se s\u0165ahovaciu \u0161n\u00farku pre perfektn\u00e9 padnutie.\u00a0 <\/span><span style=\"vertical-align: inherit;\">Dopl\u0148te svoj \u0161atn\u00edk o tento najpred\u00e1vanej\u0161\u00ed model. <\/span><\/span><span style=\"vertical-align: inherit;\"><span style=\"vertical-align: inherit;\">V pr\u00edpade \u010fal\u0161\u00edch ot\u00e1zok k tomuto produktu n\u00e1s nev\u00e1hajte kontaktova\u0165 telefonicky alebo cez Facebook. Sledujte nov\u00e9 trendy s\u00a0<strong>Madelinefashion.<\/strong><\/span><\/span><\/p>\n<p>&nbsp;<\/p>\n<h3 style=\"text-align: center;\"><span style=\"vertical-align: inherit;\"><span style=\"vertical-align: inherit;\">Rozmery nohav\u00edc:<\/span><\/span><\/h3>\n<p>&nbsp;<\/p>\n<p style=\"text-align: center;\">\u00a0 \u00a0 \u00a0 \u00a0 \u00a0 \u00a0 \u00a0 \u00a0 \u00a0 \u00a0 <strong>\u00a0 \u00a0VE\u013dKOS\u0164 S\/36<\/strong><\/p>\n<ul>\n<li style=\"list-style-type: none;\">\n<ul>\n<li style=\"text-align: center;\">Celkov\u00e1 d\u013a\u017eka: 34 cm<\/li>\n<li style=\"text-align: center;\">Vn\u00fatorn\u00e1 d\u013a\u017eka nohav\u00edc: 7 cm<\/li>\n<li style=\"text-align: center;\">\u0160\u00edrka p\u00e1su: 32-46 cm<\/li>\n<li style=\"text-align: center;\">V\u00fd\u0161ka: 33 cm<\/li>\n<li style=\"text-align: center;\">\u0160\u00edrka bokov: 48-52 cm<strong>VE\u013dKOS\u0164 M\/38<\/strong><\/li>\n<li style=\"text-align: center;\">Celkov\u00e1 d\u013a\u017eka: 34 cm<\/li>\n<li style=\"text-align: center;\">Vn\u00fatorn\u00e1 d\u013a\u017eka nohav\u00edc: 7 cm<\/li>\n<li style=\"text-align: center;\">\u0160\u00edrka p\u00e1su: 34-47 cm<\/li>\n<li style=\"text-align: center;\">V\u00fd\u0161ka: 33 cm<\/li>\n<li style=\"text-align: center;\">\u0160\u00edrka bokov: 49-52 cm<strong>VE\u013dKOS\u0164 L\/40<\/strong><\/li>\n<li style=\"text-align: center;\">Celkov\u00e1 d\u013a\u017eka: 35 cm<\/li>\n<li style=\"text-align: center;\">Vn\u00fatorn\u00e1 d\u013a\u017eka nohav\u00edc: 8 cm<\/li>\n<li style=\"text-align: center;\">\u0160\u00edrka p\u00e1su: 36-49 cm<\/li>\n<li style=\"text-align: center;\">V\u00fd\u0161ka: 33 cm<\/li>\n<li style=\"text-align: center;\">\u0160\u00edrka bokov: 53-56 cm<\/li>\n<li style=\"text-align: center;\"><\/li>\n<li style=\"text-align: center;\"><strong>VE\u013dKOS\u0164 XL\/42<\/strong><\/li>\n<li style=\"text-align: center;\">Celkov\u00e1 d\u013a\u017eka: 36 cm<\/li>\n<li style=\"text-align: center;\">Vn\u00fatorn\u00e1 d\u013a\u017eka nohav\u00edc: 8 cm<\/li>\n<li style=\"text-align: center;\">\u0160\u00edrka p\u00e1su: 39-50 cm<\/li>\n<li style=\"text-align: center;\">V\u00fd\u0161ka: 34 cm<\/li>\n<li style=\"text-align: center;\">\u0160\u00edrka bokov: 54-59 cm<\/li>\n<li style=\"text-align: center;\"><\/li>\n<li style=\"text-align: center;\"><strong>VE\u013dKOS\u0164 XXL\/44<\/strong><\/li>\n<li style=\"text-align: center;\">Celkov\u00e1 d\u013a\u017eka: 37 cm<\/li>\n<li style=\"text-align: center;\">Vn\u00fatorn\u00e1 d\u013a\u017eka nohav\u00edc: 8 cm<\/li>\n<li style=\"text-align: center;\">\u0160\u00edrka p\u00e1su: 39-54 cm<\/li>\n<li style=\"text-align: center;\">V\u00fd\u0161ka: 34 cm<\/li>\n<li style=\"text-align: center;\">\u0160\u00edrka bokov: 53-58 cm Zlo\u017eenie: 95% polyester 5% elastan<\/li>\n<\/ul>\n<\/li>\n<\/ul>\n<p style=\"text-align: center;\"><span style=\"vertical-align: inherit;\"><span style=\"vertical-align: inherit;\">Rozmery sa m\u00f4\u017eu l\u00ed\u0161i\u0165 od uveden\u00fdch +\/- 2cm. <\/span><span style=\"vertical-align: inherit;\">V\u0161etky uveden\u00e9 rozmery s\u00fa meran\u00e9 plo\u0161ne.<\/span><\/span><\/p>\n<p>&nbsp;<\/p>\n<p style=\"text-align: center;\">\u00a0Model m\u00e1\u00a0<strong>165<\/strong>\u00a0cm vysok\u00fd, nos\u00ed ve\u013ekos\u0165 ka\u017ed\u00fd de\u0148\u00a0<strong>S<\/strong><\/p>","protected":false},"excerpt":{"rendered":"<p>Kr\u00f3tkie Spodenki z \u0141a\u0144cuszkiem Anne &nbsp; Kr\u00f3tkie spodenki\u00a0 dzianinowe z wysokim stanem.\u00a0 Talia podkre\u015blona ozdobnym z\u0142otym \u0142a\u0144cuszkiem. Idealna propozycja do wielu kobiecych stylizacji. Kr\u00f3tkie spodenki\u00a0skradn\u0105 serce ka\u017cdej kobiety. Kr\u00f3tkie nogawki wyeksponuj\u0105 i optycznie wyd\u0142u\u017c\u0105 nogi. Oferujemy je w rozmiarach S, M, L, XL, XXL \u00a0zalecamy r\u00f3wnie\u017c dok\u0142adnie\u00a0zmierzy\u0107 zgodnie z Tabela wymiar\u00f3w poni\u017cej. Spodenki posiadaj\u0105 \u015bci\u0105gacz<\/p>\n<div class=\"klb-readmore post-buttons\"><a class=\"button black outline size-sm\" href=\"https:\/\/madelinefashion.pl\/sk\/krotkie-spodenki-z-lancuszkiem-anne\/\">\u010c\u00edta\u0165 \u010falej <i class=\"klbth-icon-right-arrow\"><\/i><\/a><\/div>","protected":false},"featured_media":11855,"template":"","meta":[],"product_brand":[],"product_cat":[83],"product_tag":[425],"class_list":{"0":"post-11849","1":"product","2":"type-product","3":"status-publish","4":"has-post-thumbnail","6":"product_cat-spodnie","7":"product_tag-spodenki","8":"pa_rozmiar-xxl-44","9":"pa_rozmiar-s-36","10":"pa_rozmiar-m-38","11":"pa_rozmiar-l-40","12":"pa_rozmiar-xl-42","14":"first","15":"instock","16":"product-type-variable"},"_links":{"self":[{"href":"https:\/\/madelinefashion.pl\/sk\/wp-json\/wp\/v2\/product\/11849","targetHints":{"allow":["GET"]}}],"collection":[{"href":"https:\/\/madelinefashion.pl\/sk\/wp-json\/wp\/v2\/product"}],"about":[{"href":"https:\/\/madelinefashion.pl\/sk\/wp-json\/wp\/v2\/types\/product"}],"wp:featuredmedia":[{"embeddable":true,"href":"https:\/\/madelinefashion.pl\/sk\/wp-json\/wp\/v2\/media\/11855"}],"wp:attachment":[{"href":"https:\/\/madelinefashion.pl\/sk\/wp-json\/wp\/v2\/media?parent=11849"}],"wp:term":[{"taxonomy":"product_brand","embeddable":true,"href":"https:\/\/madelinefashion.pl\/sk\/wp-json\/wp\/v2\/product_brand?post=11849"},{"taxonomy":"product_cat","embeddable":true,"href":"https:\/\/madelinefashion.pl\/sk\/wp-json\/wp\/v2\/product_cat?post=11849"},{"taxonomy":"product_tag","embeddable":true,"href":"https:\/\/madelinefashion.pl\/sk\/wp-json\/wp\/v2\/product_tag?post=11849"}],"curies":[{"name":"pracovn\u00fd list","href":"https:\/\/api.w.org\/{rel}","templated":true}]}}

Šortky Anne Chain

<h3 style="text-align: center;">Šortky Anne Chain</h3>
<p>&nbsp;</p>
<p style="text-align: center;">Pletené šortky s vysokým pásom. Pás je zvýraznený ozdobnou zlatou retiazkou. Perfektný doplnok k mnohým ženským štýlom. <strong>Šortky</strong><span style="vertical-align: inherit;"><span style="vertical-align: inherit;"> ukradne srdce každej ženy. Krátke nohy odhalia a <strong>opticky predĺžia nohy</strong>. Ponúkame</span></span><span style="vertical-align: inherit;"><span style="vertical-align: inherit;"> ich vo veľkostiach <strong>S, M, L, XL, XXL </strong></span></span><span style="vertical-align: inherit;"><span style="vertical-align: inherit;"> tiež odporúčame </span></span><span style="vertical-align: inherit;"><span style="vertical-align: inherit;"><b>presne tak </b></span></span><strong><span style="vertical-align: inherit;"><span style="vertical-align: inherit;">merať</span></span></strong><span style="vertical-align: inherit;"><span style="vertical-align: inherit;"> podľa tabuľky veľkostí nižšie. Šortky majú v páse sťahovaciu šnúrku pre perfektné padnutie.  </span><span style="vertical-align: inherit;">Doplňte svoj šatník o tento najpredávanejší model. </span></span><span style="vertical-align: inherit;"><span style="vertical-align: inherit;">V prípade ďalších otázok k tomuto produktu nás neváhajte kontaktovať telefonicky alebo cez Facebook. Sledujte nové trendy s <strong>Madelinefashion.</strong></span></span></p>
<p>&nbsp;</p>
<h3 style="text-align: center;"><span style="vertical-align: inherit;"><span style="vertical-align: inherit;">Rozmery nohavíc:</span></span></h3>
<p>&nbsp;</p>
<p style="text-align: center;">                    <strong>   VEĽKOSŤ S/36</strong></p>
<ul>
<li style="list-style-type: none;">
<ul>
<li style="text-align: center;">Celková dĺžka: 34 cm</li>
<li style="text-align: center;">Vnútorná dĺžka nohavíc: 7 cm</li>
<li style="text-align: center;">Šírka pásu: 32-46 cm</li>
<li style="text-align: center;">Výška: 33 cm</li>
<li style="text-align: center;">Šírka bokov: 48-52 cm<strong>VEĽKOSŤ M/38</strong></li>
<li style="text-align: center;">Celková dĺžka: 34 cm</li>
<li style="text-align: center;">Vnútorná dĺžka nohavíc: 7 cm</li>
<li style="text-align: center;">Šírka pásu: 34-47 cm</li>
<li style="text-align: center;">Výška: 33 cm</li>
<li style="text-align: center;">Šírka bokov: 49-52 cm<strong>VEĽKOSŤ L/40</strong></li>
<li style="text-align: center;">Celková dĺžka: 35 cm</li>
<li style="text-align: center;">Vnútorná dĺžka nohavíc: 8 cm</li>
<li style="text-align: center;">Šírka pásu: 36-49 cm</li>
<li style="text-align: center;">Výška: 33 cm</li>
<li style="text-align: center;">Šírka bokov: 53-56 cm</li>
<li style="text-align: center;"></li>
<li style="text-align: center;"><strong>VEĽKOSŤ XL/42</strong></li>
<li style="text-align: center;">Celková dĺžka: 36 cm</li>
<li style="text-align: center;">Vnútorná dĺžka nohavíc: 8 cm</li>
<li style="text-align: center;">Šírka pásu: 39-50 cm</li>
<li style="text-align: center;">Výška: 34 cm</li>
<li style="text-align: center;">Šírka bokov: 54-59 cm</li>
<li style="text-align: center;"></li>
<li style="text-align: center;"><strong>VEĽKOSŤ XXL/44</strong></li>
<li style="text-align: center;">Celková dĺžka: 37 cm</li>
<li style="text-align: center;">Vnútorná dĺžka nohavíc: 8 cm</li>
<li style="text-align: center;">Šírka pásu: 39-54 cm</li>
<li style="text-align: center;">Výška: 34 cm</li>
<li style="text-align: center;">Šírka bokov: 53-58 cm Zloženie: 95% polyester 5% elastan</li>
</ul>
</li>
</ul>
<p style="text-align: center;"><span style="vertical-align: inherit;"><span style="vertical-align: inherit;">Rozmery sa môžu líšiť od uvedených +/- 2cm. </span><span style="vertical-align: inherit;">Všetky uvedené rozmery sú merané plošne.</span></span></p>
<p>&nbsp;</p>
<p style="text-align: center;"> Model má <strong>165</strong> cm vysoký, nosí veľkosť každý deň <strong>S</strong></p>

<p>Krótkie Spodenki z Łańcuszkiem Anne &nbsp; Krótkie spodenki  dzianinowe z wysokim stanem.  Talia podkreślona ozdobnym złotym łańcuszkiem. Idealna propozycja do wielu kobiecych stylizacji. Krótkie spodenki skradną serce każdej kobiety. Krótkie nogawki wyeksponują i optycznie wydłużą nogi. Oferujemy je w rozmiarach S, M, L, XL, XXL  zalecamy również dokładnie zmierzyć zgodnie z Tabela wymiarów poniżej. Spodenki posiadają ściągacz</p>
<div class="klb-readmore post-buttons"><a class="button black outline size-sm" href="https://madelinefashion.pl/sk/krotkie-spodenki-z-lancuszkiem-anne/">Čítať ďalej <i class="klbth-icon-right-arrow"></i></a></div>

pracovný list
