{"id":118656,"date":"2024-02-19T15:08:14","date_gmt":"2024-02-19T14:08:14","guid":{"rendered":"https:\/\/madelinefashion.pl\/?post_type=product&#038;p=118656"},"modified":"2026-04-19T13:23:24","modified_gmt":"2026-04-19T11:23:24","slug":"sukienka-maxi-gladka-silvana-jasnozolta","status":"publish","type":"product","link":"https:\/\/madelinefashion.pl\/sk\/sukienka-maxi-gladka-silvana-jasnozolta\/","title":{"rendered":"Svetlo\u017elt\u00e9 hladk\u00e9 maxi \u0161aty Silvana"},"content":{"rendered":"<h3 style=\"text-align: center;\">Svetlo\u017elt\u00e9 hladk\u00e9 maxi \u0161aty Silvana<\/h3>\n<p style=\"text-align: center;\" data-start=\"123\" data-end=\"545\">O\u010daruj\u00face <strong data-start=\"133\" data-end=\"161\">Svetlo\u017elt\u00e9 maxi \u0161aty<\/strong> Tieto \u0161aty s\u00fa ur\u010den\u00e9 pre \u017eeny, ktor\u00e9 h\u013eadaj\u00fa elegantn\u00fd, \u013eahk\u00fd a ve\u013emi \u017eensk\u00fd vzh\u013ead na \u0161peci\u00e1lne pr\u00edle\u017eitosti. Tento model zaujme svoj\u00edm jemn\u00fdm pastelov\u00fdm odtie\u0148om \u017eltej, ktor\u00fd kr\u00e1sne zv\u00fdraz\u0148uje kr\u00e1su a dokonale lad\u00ed s jarn\u00fdmi a letn\u00fdmi trendmi. S\u00fa to perfektn\u00e9 \u0161aty na svadbu, afterp\u00e1rty, z\u00e1hradn\u00fa p\u00e1rty, ob\u010diansky obrad, rozl\u00fa\u010dku so slobodou alebo in\u00fa elegantn\u00fa oslavu. \u017div\u00f4tik \u0161iat bol navrhnut\u00fd s n\u00e1dychom \u017eenskosti. <strong data-start=\"612\" data-end=\"643\">V\u00fdstrih do V<\/strong> Kr\u00e1sne zv\u00fdraz\u0148uj\u00fa krk a opticky zo\u0161t\u00edh\u013euj\u00fa siluetu, zatia\u013e \u010do jemn\u00e9 riasenie na poprs\u00ed dod\u00e1va \u013eahkos\u0165 a eleganciu. \u0160ir\u0161ie ramienka zais\u0165uj\u00fa pohodlie a starostlivo prepracovan\u00e9 \u0161vy v p\u00e1se zv\u00fdraz\u0148uj\u00fa postavu a dod\u00e1vaj\u00fa siluete harmonick\u00e9 proporcie. Lem je dlh\u00fd, vzdu\u0161n\u00fd a kr\u00e1sne spl\u00fdva s pohybom, v\u010faka \u010domu \u0161aty vyzeraj\u00fa mimoriadne n\u00e1padne pri ch\u00f4dzi aj tanci. Celok dop\u013a\u0148a... <strong data-start=\"1094\" data-end=\"1125\">zmyseln\u00e1 \u0161trbina na nohe<\/strong>, \u010do dod\u00e1va outfitu \u013eahkos\u0165, \u0161arm a \u017eensk\u00fd n\u00e1dych. Tento detail dod\u00e1va \u0161at\u00e1m elegantn\u00fd, no z\u00e1rove\u0148 modern\u00fd a ve\u013emi \u0161t\u00fdlov\u00fd vzh\u013ead. \u0160aty Ak sa neviete rozhodn\u00fa\u0165, ktor\u00fa farbu, <strong>ve\u013ekos\u0165<\/strong> je pre v\u00e1s to najlep\u0161ie <strong>kontaktuj n\u00e1s<\/strong> cez <a href=\"https:\/\/www.facebook.com\/madelinefashionbutik\" target=\"_blank\" rel=\"noopener\">Facebook<\/a> alebo <a href=\"https:\/\/madelinefashion.pl\/sk\/kontakt\/\">telef\u00f3n<\/a>. Ak ve\u013ekos\u0165 nie je na str\u00e1nke, kontaktujte n\u00e1s.<\/p>\n<h3 style=\"text-align: center;\">ROZMERY \u0161iat:<\/h3>\n<div class=\"additional-details\" style=\"text-align: center;\">\n<table width=\"556\">\n<tbody>\n<tr>\n<td width=\"205\"><strong>VE\u013dKOS\u0164<\/strong><\/td>\n<td><strong>poprsia<\/strong><\/td>\n<td><strong>P\u00e1s<\/strong><\/td>\n<td><strong>Boky<\/strong><\/td>\n<\/tr>\n<tr>\n<td width=\"205\"><strong>36<\/strong><\/td>\n<td>88-94<\/td>\n<td>68<\/td>\n<td>\u00a0ak\u00fdko\u013evek<\/td>\n<\/tr>\n<tr>\n<td width=\"205\"><strong>38<\/strong><\/td>\n<td>92-96<\/td>\n<td>72<\/td>\n<td>\u00a0ak\u00fdko\u013evek<\/td>\n<\/tr>\n<tr>\n<td width=\"205\"><strong>40<\/strong><\/td>\n<td>96-102<\/td>\n<td>76<\/td>\n<td>\u00a0ak\u00fdko\u013evek<\/td>\n<\/tr>\n<tr>\n<td width=\"205\"><strong>42<\/strong><\/td>\n<td>102-106<\/td>\n<td>80<\/td>\n<td>\u00a0ak\u00fdko\u013evek<\/td>\n<\/tr>\n<tr>\n<td width=\"205\"><strong>44<\/strong><\/td>\n<td>106-110<\/td>\n<td>84<\/td>\n<td>\u00a0ak\u00fdko\u013evek<\/td>\n<\/tr>\n<tr>\n<td width=\"205\"><strong>46<\/strong><\/td>\n<td>110-114<\/td>\n<td>88<\/td>\n<td>\u00a0ak\u00fdko\u013evek<\/td>\n<\/tr>\n<tr>\n<td width=\"205\"><strong>48<\/strong><\/td>\n<td>114-118<\/td>\n<td>92<\/td>\n<td>\u00a0ak\u00fdko\u013evek<\/td>\n<\/tr>\n<tr>\n<td width=\"205\"><strong>50<\/strong><\/td>\n<td>118-122<\/td>\n<td>96<\/td>\n<td>\u00a0ak\u00fdko\u013evek<\/td>\n<\/tr>\n<\/tbody>\n<\/table>\n<p>&nbsp;<\/p>\n<p style=\"text-align: center;\"><span style=\"font-size: 10pt;\">celkov\u00e1 d\u013a\u017eka cca 157 cm <\/span>(\u0161aty sa daj\u00fa skr\u00e1ti\u0165 pod\u013ea vlastnej chuti)<\/p>\n<\/div>\n<p style=\"text-align: center;\"><span style=\"font-size: 10pt;\">\u0160aty s\u00fa dostupn\u00e9 aj v in\u00fdch farb\u00e1ch - odpor\u00fa\u010dame v\u00e1m zozn\u00e1mi\u0165 sa s na\u0161imi \u010fal\u0161\u00edmi produktmi.<\/span><\/p>\n<p style=\"text-align: center;\"><span style=\"font-size: 10pt;\">Rozmery sa m\u00f4\u017eu mierne l\u00ed\u0161i\u0165 od uveden\u00fdch +\/- 2cm.\u00a0<\/span><\/p>\n<p style=\"text-align: center;\"><span style=\"font-size: 10pt;\"><strong>\u00a0<\/strong>\u00a0<\/span><\/p>\n<table width=\"620\">\n<tbody>\n<tr>\n<td width=\"302\">Meno modela<\/td>\n<td width=\"302\">Maxi \u0161aty Silvana Hladk\u00e9<\/td>\n<\/tr>\n<tr>\n<td width=\"302\">Farba<\/td>\n<td width=\"302\">\u017elt\u00e1<\/td>\n<\/tr>\n<tr>\n<td width=\"302\">Ruk\u00e1v<\/td>\n<td width=\"302\">\u00c1no<\/td>\n<\/tr>\n<tr>\n<td width=\"302\">ve\u013ekosti<\/td>\n<td width=\"302\">36 38 40 42 44 46 48<\/td>\n<\/tr>\n<tr>\n<td width=\"302\">M\u00f3da<\/td>\n<td width=\"302\">Zhoda<\/td>\n<\/tr>\n<tr>\n<td width=\"302\">Materi\u00e1l<\/td>\n<td width=\"302\">Visk\u00f3za, Polyester<\/td>\n<\/tr>\n<tr>\n<td width=\"302\">D\u013a\u017eka<\/td>\n<td width=\"302\">Na zem<\/td>\n<\/tr>\n<\/tbody>\n<\/table>\n<p style=\"text-align: center;\"><span style=\"font-size: 10pt;\">\u00a0<\/span><\/p>\n<p style=\"text-align: center;\"><span style=\"font-size: 10pt;\">Aby ste si vybrali <strong>perfektn\u00e9 \u0161aty<\/strong> kontaktujte n\u00e1s telefonicky alebo prostredn\u00edctvom na\u0161ej webovej str\u00e1nky <a href=\"https:\/\/www.facebook.com\/madelinefashionbutik\" target=\"_blank\" rel=\"noopener\">Facebook<\/a> .<\/span><br \/>\n<span style=\"font-size: 10pt;\">N\u00e1\u0161 t\u00edm v\u00e1m pom\u00f4\u017ee <strong>Vyberte si ten spr\u00e1vny<\/strong> . <strong>Na \u017eelanie kupuj\u00faceho vyrob\u00edme ak\u00e9ko\u013evek \u0161aty\u00a0<\/strong><strong>opatrne mera\u0165.\u00a0<\/strong><\/span><\/p>\n<div class=\"additional-details\" style=\"text-align: center;\">\n<p style=\"text-align: center;\"><span style=\"font-size: 10pt;\">\u00a0<\/span><\/p>\n<\/div>","protected":false},"excerpt":{"rendered":"<p>Sukienka Maxi G\u0142adka Silvana Jasno\u017c\u00f3\u0142ta Efektowna jasno\u017c\u00f3\u0142ta sukienka maxi to propozycja dla kobiet, kt\u00f3re szukaj\u0105 eleganckiej, lekkiej i bardzo kobiecej stylizacji na wyj\u0105tkowe okazje. Ten model zachwyca subtelnym, pastelowym odcieniem \u017c\u00f3\u0142ci, kt\u00f3ry pi\u0119knie podkre\u015bla urod\u0119 i doskonale wpisuje si\u0119 w wiosenne oraz letnie trendy. To idealna sukienka na wesele, poprawiny, przyj\u0119cie w ogrodzie, \u015blub cywilny,<\/p>\n<div class=\"klb-readmore post-buttons\"><a class=\"button black outline size-sm\" href=\"https:\/\/madelinefashion.pl\/sk\/sukienka-maxi-gladka-silvana-jasnozolta\/\">\u010c\u00edta\u0165 \u010falej <i class=\"klbth-icon-right-arrow\"><\/i><\/a><\/div>","protected":false},"featured_media":597904,"template":"","meta":[],"product_brand":[],"product_cat":[124,564,568],"product_tag":[163,779],"class_list":{"0":"post-118656","1":"product","2":"type-product","3":"status-publish","4":"has-post-thumbnail","6":"product_cat-sukienki-okolicznosciowe","7":"product_cat-sukienki-plus-size","8":"product_cat-sukienki-rozkloszowane-szyfonowe","9":"product_tag-sukienki-dlugie","10":"product_tag-zolte-sukienki","12":"first","13":"instock","14":"purchasable","15":"product-type-variable"},"_links":{"self":[{"href":"https:\/\/madelinefashion.pl\/sk\/wp-json\/wp\/v2\/product\/118656","targetHints":{"allow":["GET"]}}],"collection":[{"href":"https:\/\/madelinefashion.pl\/sk\/wp-json\/wp\/v2\/product"}],"about":[{"href":"https:\/\/madelinefashion.pl\/sk\/wp-json\/wp\/v2\/types\/product"}],"wp:featuredmedia":[{"embeddable":true,"href":"https:\/\/madelinefashion.pl\/sk\/wp-json\/wp\/v2\/media\/597904"}],"wp:attachment":[{"href":"https:\/\/madelinefashion.pl\/sk\/wp-json\/wp\/v2\/media?parent=118656"}],"wp:term":[{"taxonomy":"product_brand","embeddable":true,"href":"https:\/\/madelinefashion.pl\/sk\/wp-json\/wp\/v2\/product_brand?post=118656"},{"taxonomy":"product_cat","embeddable":true,"href":"https:\/\/madelinefashion.pl\/sk\/wp-json\/wp\/v2\/product_cat?post=118656"},{"taxonomy":"product_tag","embeddable":true,"href":"https:\/\/madelinefashion.pl\/sk\/wp-json\/wp\/v2\/product_tag?post=118656"}],"curies":[{"name":"pracovn\u00fd list","href":"https:\/\/api.w.org\/{rel}","templated":true}]}}

Svetložlté hladké maxi šaty Silvana

<h3 style="text-align: center;">Svetložlté hladké maxi šaty Silvana</h3>
<p style="text-align: center;" data-start="123" data-end="545">Očarujúce <strong data-start="133" data-end="161">Svetložlté maxi šaty</strong> Tieto šaty sú určené pre ženy, ktoré hľadajú elegantný, ľahký a veľmi ženský vzhľad na špeciálne príležitosti. Tento model zaujme svojím jemným pastelovým odtieňom žltej, ktorý krásne zvýrazňuje krásu a dokonale ladí s jarnými a letnými trendmi. Sú to perfektné šaty na svadbu, afterpárty, záhradnú párty, občiansky obrad, rozlúčku so slobodou alebo inú elegantnú oslavu. Živôtik šiat bol navrhnutý s nádychom ženskosti. <strong data-start="612" data-end="643">Výstrih do V</strong> Krásne zvýrazňujú krk a opticky zoštíhľujú siluetu, zatiaľ čo jemné riasenie na poprsí dodáva ľahkosť a eleganciu. Širšie ramienka zaisťujú pohodlie a starostlivo prepracované švy v páse zvýrazňujú postavu a dodávajú siluete harmonické proporcie. Lem je dlhý, vzdušný a krásne splýva s pohybom, vďaka čomu šaty vyzerajú mimoriadne nápadne pri chôdzi aj tanci. Celok dopĺňa... <strong data-start="1094" data-end="1125">zmyselná štrbina na nohe</strong>, čo dodáva outfitu ľahkosť, šarm a ženský nádych. Tento detail dodáva šatám elegantný, no zároveň moderný a veľmi štýlový vzhľad. Šaty Ak sa neviete rozhodnúť, ktorú farbu, <strong>veľkosť</strong> je pre vás to najlepšie <strong>kontaktuj nás</strong> cez <a href="https://www.facebook.com/madelinefashionbutik" target="_blank" rel="noopener">Facebook</a> alebo <a href="https://madelinefashion.pl/sk/kontakt/">telefón</a>. Ak veľkosť nie je na stránke, kontaktujte nás.</p>
<h3 style="text-align: center;">ROZMERY šiat:</h3>
<div class="additional-details" style="text-align: center;">
<table width="556">
<tbody>
<tr>
<td width="205"><strong>VEĽKOSŤ</strong></td>
<td><strong>poprsia</strong></td>
<td><strong>Pás</strong></td>
<td><strong>Boky</strong></td>
</tr>
<tr>
<td width="205"><strong>36</strong></td>
<td>88-94</td>
<td>68</td>
<td> akýkoľvek</td>
</tr>
<tr>
<td width="205"><strong>38</strong></td>
<td>92-96</td>
<td>72</td>
<td> akýkoľvek</td>
</tr>
<tr>
<td width="205"><strong>40</strong></td>
<td>96-102</td>
<td>76</td>
<td> akýkoľvek</td>
</tr>
<tr>
<td width="205"><strong>42</strong></td>
<td>102-106</td>
<td>80</td>
<td> akýkoľvek</td>
</tr>
<tr>
<td width="205"><strong>44</strong></td>
<td>106-110</td>
<td>84</td>
<td> akýkoľvek</td>
</tr>
<tr>
<td width="205"><strong>46</strong></td>
<td>110-114</td>
<td>88</td>
<td> akýkoľvek</td>
</tr>
<tr>
<td width="205"><strong>48</strong></td>
<td>114-118</td>
<td>92</td>
<td> akýkoľvek</td>
</tr>
<tr>
<td width="205"><strong>50</strong></td>
<td>118-122</td>
<td>96</td>
<td> akýkoľvek</td>
</tr>
</tbody>
</table>
<p>&nbsp;</p>
<p style="text-align: center;"><span style="font-size: 10pt;">celková dĺžka cca 157 cm </span>(šaty sa dajú skrátiť podľa vlastnej chuti)</p>
</div>
<p style="text-align: center;"><span style="font-size: 10pt;">Šaty sú dostupné aj v iných farbách - odporúčame vám zoznámiť sa s našimi ďalšími produktmi.</span></p>
<p style="text-align: center;"><span style="font-size: 10pt;">Rozmery sa môžu mierne líšiť od uvedených +/- 2cm. </span></p>
<p style="text-align: center;"><span style="font-size: 10pt;"><strong> </strong> </span></p>
<table width="620">
<tbody>
<tr>
<td width="302">Meno modela</td>
<td width="302">Maxi šaty Silvana Hladké</td>
</tr>
<tr>
<td width="302">Farba</td>
<td width="302">žltá</td>
</tr>
<tr>
<td width="302">Rukáv</td>
<td width="302">Áno</td>
</tr>
<tr>
<td width="302">veľkosti</td>
<td width="302">36 38 40 42 44 46 48</td>
</tr>
<tr>
<td width="302">Móda</td>
<td width="302">Zhoda</td>
</tr>
<tr>
<td width="302">Materiál</td>
<td width="302">Viskóza, Polyester</td>
</tr>
<tr>
<td width="302">Dĺžka</td>
<td width="302">Na zem</td>
</tr>
</tbody>
</table>
<p style="text-align: center;"><span style="font-size: 10pt;"> </span></p>
<p style="text-align: center;"><span style="font-size: 10pt;">Aby ste si vybrali <strong>perfektné šaty</strong> kontaktujte nás telefonicky alebo prostredníctvom našej webovej stránky <a href="https://www.facebook.com/madelinefashionbutik" target="_blank" rel="noopener">Facebook</a> .</span><br />
<span style="font-size: 10pt;">Náš tím vám pomôže <strong>Vyberte si ten správny</strong> . <strong>Na želanie kupujúceho vyrobíme akékoľvek šaty </strong><strong>opatrne merať. </strong></span></p>
<div class="additional-details" style="text-align: center;">
<p style="text-align: center;"><span style="font-size: 10pt;"> </span></p>
</div>

<p>Sukienka Maxi Gładka Silvana Jasnożółta Efektowna jasnożółta sukienka maxi to propozycja dla kobiet, które szukają eleganckiej, lekkiej i bardzo kobiecej stylizacji na wyjątkowe okazje. Ten model zachwyca subtelnym, pastelowym odcieniem żółci, który pięknie podkreśla urodę i doskonale wpisuje się w wiosenne oraz letnie trendy. To idealna sukienka na wesele, poprawiny, przyjęcie w ogrodzie, ślub cywilny,</p>
<div class="klb-readmore post-buttons"><a class="button black outline size-sm" href="https://madelinefashion.pl/sk/sukienka-maxi-gladka-silvana-jasnozolta/">Čítať ďalej <i class="klbth-icon-right-arrow"></i></a></div>

pracovný list
