{"id":1191,"date":"2019-04-24T13:56:39","date_gmt":"2019-04-24T11:56:39","guid":{"rendered":"http:\/\/serwer2078743.home.pl\/?post_type=product&#038;p=1191"},"modified":"2026-01-15T12:43:40","modified_gmt":"2026-01-15T11:43:40","slug":"plaszcz-butelkowa-zielen-plus-size-z-flauszu-2","status":"publish","type":"product","link":"https:\/\/madelinefashion.pl\/sk\/plaszcz-butelkowa-zielen-plus-size-z-flauszu-2\/","title":{"rendered":"Fl\u00edsov\u00fd kab\u00e1t zelenej farby na f\u013ea\u0161u ve\u013ekej ve\u013ekosti"},"content":{"rendered":"<h2 style=\"text-align: center;\">Fl\u00edsov\u00fd kab\u00e1t zelenej farby na f\u013ea\u0161u ve\u013ekej ve\u013ekosti<\/h2>\n<p style=\"text-align: center;\">Kab\u00e1t vo farbe Bottle Green fleece je skuto\u010dn\u00fdm hitom ka\u017ed\u00e9ho ro\u010dn\u00e9ho obdobia. Je to spojenie elegancie, modernosti a funk\u010dnosti - farebn\u00fd kab\u00e1t <strong>f\u013ea\u0161kovo zelen\u00e1 pripom\u00edna farby pr\u00edrody<\/strong>, letn\u00fd les, listy stromov, mach. Je to kr\u00e1sna a neprehliadnute\u013en\u00e1 farba - nenechajte si ju ujs\u0165 v \u0161atn\u00edku!!! . V\u010faka \u0161trukt\u00fare materi\u00e1lu sa s n\u00edm bude lep\u0161ie pracova\u0165 <strong>po\u010das chladnej\u0161\u00edch dn\u00ed a prechodn\u00fdch obdob\u00ed.<\/strong> Ve\u013ekos\u0165 <strong>univerz\u00e1lna ve\u013ekos\u0165 plus <\/strong>\u00a0odpor\u00fa\u010dan\u00e9 pre\u00a0 <strong>P\u00e1n<\/strong> nosenie<strong> ve\u013ekos\u0165<\/strong> <strong>44,46,48,50<\/strong> \u010do je obrovsk\u00e1 v\u00fdhoda tohto modelu. V ponuke <strong>m\u00e1me<\/strong> tie\u017e <strong>men\u0161ie<\/strong> odpor\u00fa\u010dan\u00e9 pre SML XL. Kab\u00e1t je dostupn\u00fd aj v in\u00fdch farebn\u00fdch variantoch - odpor\u00fa\u010dame V\u00e1m zozn\u00e1mi\u0165 sa s na\u0161imi \u010fal\u0161\u00edmi produktmi v na\u0161om e-shope. Na\u0161e kab\u00e1ty vyu\u017eijete na <strong>najviac<\/strong> ich <strong>styling<\/strong>, vzh\u013eadom k tomu, \u017ee farby s\u00fa tlmen\u00e9, <strong>elegantn\u00fd<\/strong> a \u0161ik.<\/p>\n<p style=\"text-align: center;\">Kab\u00e1t je univerz\u00e1lny - hod\u00ed sa na ka\u017ed\u00fa pr\u00edle\u017eitos\u0165, bude sa perfektne hodi\u0165 <strong>jar<\/strong> a <strong>jese\u0148<\/strong> \u0161tyliz\u00e1cie, navy\u0161e vyroben\u00e9 z fleece, dokonale padn\u00fa.<\/p>\n<h2 style=\"text-align: center;\">Perfektn\u00fd kab\u00e1t na ka\u017ed\u00fa pr\u00edle\u017eitos\u0165<\/h2>\n<h2 style=\"text-align: center;\">Rozmery kab\u00e1ta nadmernej ve\u013ekosti:<\/h2>\n<ul style=\"text-align: center;\">\n<li>celkov\u00e1 d\u013a\u017eka chrbta: 90 cm<\/li>\n<li>\u0161\u00edrka od pazuchy po pazuchu: 59 cm<\/li>\n<li>d\u013a\u017eka ruk\u00e1va od ramena: 62 cm<\/li>\n<li>d\u013a\u017eka ruk\u00e1va od podpazu\u0161ia: 47 cm<\/li>\n<li>odpor\u00fa\u010dan\u00fd maxim\u00e1lny obvod poprsia: 130-145 cm<\/li>\n<li>\u0161\u00edrka v bicepsoch: 39 cm<\/li>\n<\/ul>\n<p style=\"text-align: center;\"><strong>Obr\u00e1zok produktu!!!<\/strong><\/p>\n<p style=\"text-align: center;\">Rozmery sa m\u00f4\u017eu mierne l\u00ed\u0161i\u0165 od uveden\u00fdch +\/- 2cm. V\u0161etky uveden\u00e9 rozmery s\u00fa meran\u00e9 plo\u0161ne.<\/p>\n<p style=\"text-align: center;\"><strong>\u00a0<\/strong><\/p>\n<table width=\"617\">\n<tbody>\n<tr>\n<td width=\"302\">Meno modela<\/td>\n<td width=\"302\">Ve\u013ek\u00fd fleecov\u00fd kab\u00e1t BOTTLE GREEN<\/td>\n<\/tr>\n<tr>\n<td width=\"302\">Farba<\/td>\n<td width=\"302\">F\u013dA\u0160OV\u00c1 ZELEN\u00c1<\/td>\n<\/tr>\n<tr>\n<td width=\"302\">Zbierka<\/td>\n<td width=\"302\">jar\/jese\u0148\/zima<\/td>\n<\/tr>\n<tr>\n<td width=\"302\">ve\u013ekosti<\/td>\n<td width=\"302\">Univerz\u00e1lny (nadmern\u00e1 ve\u013ekos\u0165)<\/td>\n<\/tr>\n<tr>\n<td width=\"302\">M\u00f3da<\/td>\n<td width=\"302\">nadrozmern\u00e9<\/td>\n<\/tr>\n<tr>\n<td width=\"302\">Hood<\/td>\n<td width=\"302\">Bez kapucne<\/td>\n<\/tr>\n<tr>\n<td width=\"302\">izolovan\u00e9<\/td>\n<td width=\"302\">jednopl\u00e1\u0161\u0165ov\u00e9<\/td>\n<\/tr>\n<tr>\n<td width=\"302\">Materi\u00e1l<\/td>\n<td width=\"302\">Petersham<\/td>\n<\/tr>\n<\/tbody>\n<\/table>\n<p style=\"text-align: center;\">\u00a0Model m\u00e1\u00a0<strong>173<\/strong>\u00a0cm vysok\u00fd vo ve\u013ekosti <strong>Plusov\u00e1 velkos\u0165<\/strong><\/p>","protected":false},"excerpt":{"rendered":"<p>P\u0142aszcz Butelkowa Ziele\u0144 Plus Size z Flauszu P\u0142aszcz w kolorze Butelkowej Zieleni z flauszu to prawdziwy hit na ka\u017cd\u0105 por\u0119 roku. Jest to po\u0142\u0105czenie elegancji, nowoczesno\u015bci i funkcjonalno\u015bci \u2013P\u0142aszcz kolorze butelkowej zieleni przywodzi na my\u015bl barwy natury, letni las, li\u015bcie drzew, mech. To pi\u0119kny i nieoczywisty kolor \u2013 nie pozw\u00f3l, aby zabrak\u0142o go w Twojej<\/p>\n<div class=\"klb-readmore post-buttons\"><a class=\"button black outline size-sm\" href=\"https:\/\/madelinefashion.pl\/sk\/plaszcz-butelkowa-zielen-plus-size-z-flauszu-2\/\">\u010c\u00edta\u0165 \u010falej <i class=\"klbth-icon-right-arrow\"><\/i><\/a><\/div>","protected":false},"featured_media":6666,"template":"","meta":[],"product_brand":[],"product_cat":[102,279],"product_tag":[510],"class_list":{"0":"post-1191","1":"product","2":"type-product","3":"status-publish","4":"has-post-thumbnail","6":"product_cat-plaszcze-plus-size","7":"product_cat-plaszcze-wiosenne","8":"product_tag-plaszcze-flauszowe","10":"first","11":"instock","12":"sale","13":"purchasable","14":"product-type-simple"},"_links":{"self":[{"href":"https:\/\/madelinefashion.pl\/sk\/wp-json\/wp\/v2\/product\/1191","targetHints":{"allow":["GET"]}}],"collection":[{"href":"https:\/\/madelinefashion.pl\/sk\/wp-json\/wp\/v2\/product"}],"about":[{"href":"https:\/\/madelinefashion.pl\/sk\/wp-json\/wp\/v2\/types\/product"}],"wp:featuredmedia":[{"embeddable":true,"href":"https:\/\/madelinefashion.pl\/sk\/wp-json\/wp\/v2\/media\/6666"}],"wp:attachment":[{"href":"https:\/\/madelinefashion.pl\/sk\/wp-json\/wp\/v2\/media?parent=1191"}],"wp:term":[{"taxonomy":"product_brand","embeddable":true,"href":"https:\/\/madelinefashion.pl\/sk\/wp-json\/wp\/v2\/product_brand?post=1191"},{"taxonomy":"product_cat","embeddable":true,"href":"https:\/\/madelinefashion.pl\/sk\/wp-json\/wp\/v2\/product_cat?post=1191"},{"taxonomy":"product_tag","embeddable":true,"href":"https:\/\/madelinefashion.pl\/sk\/wp-json\/wp\/v2\/product_tag?post=1191"}],"curies":[{"name":"pracovn\u00fd list","href":"https:\/\/api.w.org\/{rel}","templated":true}]}}

Flísový kabát zelenej farby na fľašu veľkej veľkosti

<h2 style="text-align: center;">Flísový kabát zelenej farby na fľašu veľkej veľkosti</h2>
<p style="text-align: center;">Kabát vo farbe Bottle Green fleece je skutočným hitom každého ročného obdobia. Je to spojenie elegancie, modernosti a funkčnosti - farebný kabát <strong>fľaškovo zelená pripomína farby prírody</strong>, letný les, listy stromov, mach. Je to krásna a neprehliadnuteľná farba - nenechajte si ju ujsť v šatníku!!! . Vďaka štruktúre materiálu sa s ním bude lepšie pracovať <strong>počas chladnejších dní a prechodných období.</strong> Veľkosť <strong>univerzálna veľkosť plus </strong> odporúčané pre  <strong>Pán</strong> nosenie<strong> veľkosť</strong> <strong>44,46,48,50</strong> čo je obrovská výhoda tohto modelu. V ponuke <strong>máme</strong> tiež <strong>menšie</strong> odporúčané pre SML XL. Kabát je dostupný aj v iných farebných variantoch - odporúčame Vám zoznámiť sa s našimi ďalšími produktmi v našom e-shope. Naše kabáty využijete na <strong>najviac</strong> ich <strong>styling</strong>, vzhľadom k tomu, že farby sú tlmené, <strong>elegantný</strong> a šik.</p>
<p style="text-align: center;">Kabát je univerzálny - hodí sa na každú príležitosť, bude sa perfektne hodiť <strong>jar</strong> a <strong>jeseň</strong> štylizácie, navyše vyrobené z fleece, dokonale padnú.</p>
<h2 style="text-align: center;">Perfektný kabát na každú príležitosť</h2>
<h2 style="text-align: center;">Rozmery kabáta nadmernej veľkosti:</h2>
<ul style="text-align: center;">
<li>celková dĺžka chrbta: 90 cm</li>
<li>šírka od pazuchy po pazuchu: 59 cm</li>
<li>dĺžka rukáva od ramena: 62 cm</li>
<li>dĺžka rukáva od podpazušia: 47 cm</li>
<li>odporúčaný maximálny obvod poprsia: 130-145 cm</li>
<li>šírka v bicepsoch: 39 cm</li>
</ul>
<p style="text-align: center;"><strong>Obrázok produktu!!!</strong></p>
<p style="text-align: center;">Rozmery sa môžu mierne líšiť od uvedených +/- 2cm. Všetky uvedené rozmery sú merané plošne.</p>
<p style="text-align: center;"><strong> </strong></p>
<table width="617">
<tbody>
<tr>
<td width="302">Meno modela</td>
<td width="302">Veľký fleecový kabát BOTTLE GREEN</td>
</tr>
<tr>
<td width="302">Farba</td>
<td width="302">FĽAŠOVÁ ZELENÁ</td>
</tr>
<tr>
<td width="302">Zbierka</td>
<td width="302">jar/jeseň/zima</td>
</tr>
<tr>
<td width="302">veľkosti</td>
<td width="302">Univerzálny (nadmerná veľkosť)</td>
</tr>
<tr>
<td width="302">Móda</td>
<td width="302">nadrozmerné</td>
</tr>
<tr>
<td width="302">Hood</td>
<td width="302">Bez kapucne</td>
</tr>
<tr>
<td width="302">izolované</td>
<td width="302">jednoplášťové</td>
</tr>
<tr>
<td width="302">Materiál</td>
<td width="302">Petersham</td>
</tr>
</tbody>
</table>
<p style="text-align: center;"> Model má <strong>173</strong> cm vysoký vo veľkosti <strong>Plusová velkosť</strong></p>

<p>Płaszcz Butelkowa Zieleń Plus Size z Flauszu Płaszcz w kolorze Butelkowej Zieleni z flauszu to prawdziwy hit na każdą porę roku. Jest to połączenie elegancji, nowoczesności i funkcjonalności –Płaszcz kolorze butelkowej zieleni przywodzi na myśl barwy natury, letni las, liście drzew, mech. To piękny i nieoczywisty kolor – nie pozwól, aby zabrakło go w Twojej</p>
<div class="klb-readmore post-buttons"><a class="button black outline size-sm" href="https://madelinefashion.pl/sk/plaszcz-butelkowa-zielen-plus-size-z-flauszu-2/">Čítať ďalej <i class="klbth-icon-right-arrow"></i></a></div>

pracovný list
