{"id":1195,"date":"2019-04-24T14:14:46","date_gmt":"2019-04-24T12:14:46","guid":{"rendered":"http:\/\/serwer2078743.home.pl\/?post_type=product&#038;p=1195"},"modified":"2026-03-16T14:42:53","modified_gmt":"2026-03-16T13:42:53","slug":"plaszcz-musztardowy-plus-size-z-flauszu","status":"publish","type":"product","link":"https:\/\/madelinefashion.pl\/sk\/plaszcz-musztardowy-plus-size-z-flauszu\/","title":{"rendered":"Fl\u00edsov\u00fd hor\u010dicov\u00fd kab\u00e1t ve\u013ekej ve\u013ekosti"},"content":{"rendered":"<h3 style=\"text-align: center;\">Fl\u00edsov\u00fd hor\u010dicov\u00fd kab\u00e1t ve\u013ekej ve\u013ekosti<\/h3>\n<p style=\"text-align: center;\"><strong>Energick\u00e1 hor\u010dicov\u00e1 farba<\/strong>\u00a0 \u2013 o\u017eivte svoj \u0161t\u00fdl nielen na jar! Prehliadkov\u00fdm m\u00f3lam kra\u013euje ne\u00f3nov\u00e9 oble\u010denie, siahnete po tejto farbe aj vy? Farba hor\u010dice, \u010dasto ozna\u010dovan\u00e1 aj ako sp\u00e1len\u00e1 \u017elt\u00e1, je jednou z farieb, ktor\u00e9 na jese\u0148 dominuj\u00fa aj rebr\u00ed\u010dkom ob\u013e\u00fabenosti. Je spojen\u00edm elegancie, modernosti a funk\u010dnosti - Kab\u00e1t je univerz\u00e1lny - hod\u00ed sa na ka\u017ed\u00fa pr\u00edle\u017eitos\u0165, bude perfektn\u00fd v ka\u017edom ro\u010dnom obdob\u00ed, navy\u0161e vyroben\u00fd z fleecu skvele padne. Ve\u013ekos\u0165 <strong>univerz\u00e1lna ve\u013ekos\u0165 plus <\/strong>\u00a0odpor\u00fa\u010dan\u00e9 pre\u00a0 <strong>P\u00e1n<\/strong> nosenie<strong> ve\u013ekos\u0165<\/strong> <strong>44,46,48,50.<\/strong>\u00a0V ponuke <strong>m\u00e1me<\/strong> aj men\u0161ie<strong> zaviazan\u00e9 kab\u00e1ty\u00a0<\/strong> odpor\u00fa\u010dame pre SML XL V na\u0161om internetovom obchode n\u00e1jdete tento produkt v r\u00f4znych farb\u00e1ch za bezkonkuren\u010dn\u00fa cenu <strong>n\u00edzka cena<\/strong>. Ak sa neviete rozhodn\u00fa\u0165, ktor\u00e1 farba\/ve\u013ekos\u0165 je pre v\u00e1s najlep\u0161ia, kontaktujte n\u00e1s prostredn\u00edctvom <strong>Facebook<\/strong> alebo telef\u00f3n<\/p>\n<h3 style=\"text-align: center;\">Perfektn\u00fd kab\u00e1t na ka\u017ed\u00fa pr\u00edle\u017eitos\u0165<\/h3>\n<p style=\"text-align: center;\">Skuto\u010dn\u00fdm hitom je hor\u010dicov\u00e1 farba kab\u00e1ta \u2013 t\u00e1to farba je skuto\u010dn\u00fdm bestsellerom, ktor\u00fd si vyber\u00e1 mnoho \u017eien. Farba dod\u00e1va energiu a charakter, ale tie\u017e v\u00e1m umo\u017e\u0148uje zladi\u0165 ju s r\u00f4znymi \u0161t\u00fdlmi.<\/p>\n<h3 style=\"text-align: center;\">Rozmery kab\u00e1ta nadmernej ve\u013ekosti:<\/h3>\n<ul style=\"text-align: center;\">\n<li>celkov\u00e1 d\u013a\u017eka chrbta: 90 cm<\/li>\n<li>\u0161\u00edrka od pazuchy po pazuchu: 59 cm<\/li>\n<li>d\u013a\u017eka ruk\u00e1va od ramena: 62 cm<\/li>\n<li>d\u013a\u017eka ruk\u00e1va od podpazu\u0161ia: 47 cm<\/li>\n<li>odpor\u00fa\u010dan\u00fd maxim\u00e1lny obvod poprsia: 130-145 cm<\/li>\n<li>\u0161\u00edrka v bicepsoch: 39 cm<\/li>\n<\/ul>\n<p style=\"text-align: center;\">Rozmery sa m\u00f4\u017eu mierne l\u00ed\u0161i\u0165 od uveden\u00fdch +\/- 2cm. V\u0161etky uveden\u00e9 rozmery s\u00fa meran\u00e9 plo\u0161ne.<\/p>\n<p style=\"text-align: center;\"><strong>\u00a0<\/strong><\/p>\n<table width=\"614\">\n<tbody>\n<tr>\n<td width=\"302\">Meno modela<\/td>\n<td width=\"302\">Fleeceov\u00fd kab\u00e1t ve\u013ekej ve\u013ekosti<\/td>\n<\/tr>\n<tr>\n<td width=\"302\">Farba<\/td>\n<td width=\"302\">Hor\u010dica<\/td>\n<\/tr>\n<tr>\n<td width=\"302\">Zbierka<\/td>\n<td width=\"302\">jar\/jese\u0148\/zima<\/td>\n<\/tr>\n<tr>\n<td width=\"302\">ve\u013ekosti<\/td>\n<td width=\"302\">Univerz\u00e1lny<\/td>\n<\/tr>\n<tr>\n<td width=\"302\">M\u00f3da<\/td>\n<td width=\"302\">nadrozmern\u00e9<\/td>\n<\/tr>\n<tr>\n<td width=\"302\">Hood<\/td>\n<td width=\"302\">Bez kapucne<\/td>\n<\/tr>\n<tr>\n<td width=\"302\">izolovan\u00e9<\/td>\n<td width=\"302\">jednopl\u00e1\u0161\u0165ov\u00e9<\/td>\n<\/tr>\n<tr>\n<td width=\"302\">Materi\u00e1l<\/td>\n<td width=\"302\">Petersham<\/td>\n<\/tr>\n<\/tbody>\n<\/table>\n<p style=\"text-align: center;\">\u00a0Model m\u00e1\u00a0<strong>173<\/strong>\u00a0cm vysok\u00fd vo ve\u013ekosti <strong>Plusov\u00e1 velkos\u0165<\/strong><\/p>","protected":false},"excerpt":{"rendered":"<p>P\u0142aszcz Musztardowy Plus Size z Flauszu Energetyczny kolor Musztardowy\u00a0 &#8211; o\u017cyw sw\u00f3j styl nie tylko na wiosn\u0119!\u00a0\u00a0Neonowe ubrania kr\u00f3luj\u0105 na wybiegach, czy i Ty si\u0119gniesz po ten kolor ?\u00a0\u00a0Kolor musztardy, okre\u015blany te\u017c cz\u0119sto mianem palonej \u017c\u00f3\u0142ci, to jeden z kolor\u00f3w, kt\u00f3re r\u00f3wnie\u017c\u00a0 jesieni\u0105 kr\u00f3luj\u0105 w rankingach popularno\u015bci. Jest to po\u0142\u0105czenie elegancji, nowoczesno\u015bci i funkcjonalno\u015bci \u2013<\/p>\n<div class=\"klb-readmore post-buttons\"><a class=\"button black outline size-sm\" href=\"https:\/\/madelinefashion.pl\/sk\/plaszcz-musztardowy-plus-size-z-flauszu\/\">\u010c\u00edta\u0165 \u010falej <i class=\"klbth-icon-right-arrow\"><\/i><\/a><\/div>","protected":false},"featured_media":6623,"template":"","meta":[],"product_brand":[],"product_cat":[102,279],"product_tag":[510],"class_list":{"0":"post-1195","1":"product","2":"type-product","3":"status-publish","4":"has-post-thumbnail","6":"product_cat-plaszcze-plus-size","7":"product_cat-plaszcze-wiosenne","8":"product_tag-plaszcze-flauszowe","10":"first","11":"instock","12":"sale","13":"purchasable","14":"product-type-simple"},"_links":{"self":[{"href":"https:\/\/madelinefashion.pl\/sk\/wp-json\/wp\/v2\/product\/1195","targetHints":{"allow":["GET"]}}],"collection":[{"href":"https:\/\/madelinefashion.pl\/sk\/wp-json\/wp\/v2\/product"}],"about":[{"href":"https:\/\/madelinefashion.pl\/sk\/wp-json\/wp\/v2\/types\/product"}],"wp:featuredmedia":[{"embeddable":true,"href":"https:\/\/madelinefashion.pl\/sk\/wp-json\/wp\/v2\/media\/6623"}],"wp:attachment":[{"href":"https:\/\/madelinefashion.pl\/sk\/wp-json\/wp\/v2\/media?parent=1195"}],"wp:term":[{"taxonomy":"product_brand","embeddable":true,"href":"https:\/\/madelinefashion.pl\/sk\/wp-json\/wp\/v2\/product_brand?post=1195"},{"taxonomy":"product_cat","embeddable":true,"href":"https:\/\/madelinefashion.pl\/sk\/wp-json\/wp\/v2\/product_cat?post=1195"},{"taxonomy":"product_tag","embeddable":true,"href":"https:\/\/madelinefashion.pl\/sk\/wp-json\/wp\/v2\/product_tag?post=1195"}],"curies":[{"name":"pracovn\u00fd list","href":"https:\/\/api.w.org\/{rel}","templated":true}]}}

Flísový horčicový kabát veľkej veľkosti

<h3 style="text-align: center;">Flísový horčicový kabát veľkej veľkosti</h3>
<p style="text-align: center;"><strong>Energická horčicová farba</strong>  – oživte svoj štýl nielen na jar! Prehliadkovým mólam kraľuje neónové oblečenie, siahnete po tejto farbe aj vy? Farba horčice, často označovaná aj ako spálená žltá, je jednou z farieb, ktoré na jeseň dominujú aj rebríčkom obľúbenosti. Je spojením elegancie, modernosti a funkčnosti - Kabát je univerzálny - hodí sa na každú príležitosť, bude perfektný v každom ročnom období, navyše vyrobený z fleecu skvele padne. Veľkosť <strong>univerzálna veľkosť plus </strong> odporúčané pre  <strong>Pán</strong> nosenie<strong> veľkosť</strong> <strong>44,46,48,50.</strong> V ponuke <strong>máme</strong> aj menšie<strong> zaviazané kabáty </strong> odporúčame pre SML XL V našom internetovom obchode nájdete tento produkt v rôznych farbách za bezkonkurenčnú cenu <strong>nízka cena</strong>. Ak sa neviete rozhodnúť, ktorá farba/veľkosť je pre vás najlepšia, kontaktujte nás prostredníctvom <strong>Facebook</strong> alebo telefón</p>
<h3 style="text-align: center;">Perfektný kabát na každú príležitosť</h3>
<p style="text-align: center;">Skutočným hitom je horčicová farba kabáta – táto farba je skutočným bestsellerom, ktorý si vyberá mnoho žien. Farba dodáva energiu a charakter, ale tiež vám umožňuje zladiť ju s rôznymi štýlmi.</p>
<h3 style="text-align: center;">Rozmery kabáta nadmernej veľkosti:</h3>
<ul style="text-align: center;">
<li>celková dĺžka chrbta: 90 cm</li>
<li>šírka od pazuchy po pazuchu: 59 cm</li>
<li>dĺžka rukáva od ramena: 62 cm</li>
<li>dĺžka rukáva od podpazušia: 47 cm</li>
<li>odporúčaný maximálny obvod poprsia: 130-145 cm</li>
<li>šírka v bicepsoch: 39 cm</li>
</ul>
<p style="text-align: center;">Rozmery sa môžu mierne líšiť od uvedených +/- 2cm. Všetky uvedené rozmery sú merané plošne.</p>
<p style="text-align: center;"><strong> </strong></p>
<table width="614">
<tbody>
<tr>
<td width="302">Meno modela</td>
<td width="302">Fleeceový kabát veľkej veľkosti</td>
</tr>
<tr>
<td width="302">Farba</td>
<td width="302">Horčica</td>
</tr>
<tr>
<td width="302">Zbierka</td>
<td width="302">jar/jeseň/zima</td>
</tr>
<tr>
<td width="302">veľkosti</td>
<td width="302">Univerzálny</td>
</tr>
<tr>
<td width="302">Móda</td>
<td width="302">nadrozmerné</td>
</tr>
<tr>
<td width="302">Hood</td>
<td width="302">Bez kapucne</td>
</tr>
<tr>
<td width="302">izolované</td>
<td width="302">jednoplášťové</td>
</tr>
<tr>
<td width="302">Materiál</td>
<td width="302">Petersham</td>
</tr>
</tbody>
</table>
<p style="text-align: center;"> Model má <strong>173</strong> cm vysoký vo veľkosti <strong>Plusová velkosť</strong></p>

<p>Płaszcz Musztardowy Plus Size z Flauszu Energetyczny kolor Musztardowy  &#8211; ożyw swój styl nie tylko na wiosnę!  Neonowe ubrania królują na wybiegach, czy i Ty sięgniesz po ten kolor ?  Kolor musztardy, określany też często mianem palonej żółci, to jeden z kolorów, które również  jesienią królują w rankingach popularności. Jest to połączenie elegancji, nowoczesności i funkcjonalności –</p>
<div class="klb-readmore post-buttons"><a class="button black outline size-sm" href="https://madelinefashion.pl/sk/plaszcz-musztardowy-plus-size-z-flauszu/">Čítať ďalej <i class="klbth-icon-right-arrow"></i></a></div>

pracovný list
