{"id":1203,"date":"2019-09-13T17:35:15","date_gmt":"2019-09-13T15:35:15","guid":{"rendered":"http:\/\/serwer2078743.home.pl\/?post_type=product&#038;p=1203"},"modified":"2026-03-30T14:03:16","modified_gmt":"2026-03-30T12:03:16","slug":"kardigan-trio-fuksja","status":"publish","type":"product","link":"https:\/\/madelinefashion.pl\/sk\/kardigan-trio-fuksja\/","title":{"rendered":"Trio sveter s kapuc\u0148ou a kapuc\u0148ou fuchsie"},"content":{"rendered":"<h3 style=\"text-align: center;\">Trio sveter s kapuc\u0148ou a kapuc\u0148ou fuchsie<\/h3>\n<p style=\"text-align: center;\"><strong>trikol\u00f3ra<\/strong> sveter s kapuc\u0148ou a dlh\u00fdmi ruk\u00e1vmi zakon\u010den\u00fdmi lemom. cardigan o <strong>oversize strih<\/strong> odpor\u00fa\u010dame pre d\u00e1my, ktor\u00e9 nosia ve\u013e\u00a0 <strong>SML XL XXL. <\/strong>Kv\u00f4li farebn\u00fdm kombin\u00e1ci\u00e1m <strong>Multifunk\u010dn\u00fd kardig\u00e1n\u00a0<\/strong> mo\u017eno pou\u017ei\u0165 pre v\u00e4\u010d\u0161inu \u0161t\u00fdlov. \u013dahko ju zlad\u00edte s va\u0161imi ob\u013e\u00faben\u00fdmi nohavicami a tri\u010dkom. Ide\u00e1lne do \u0161koly, pr\u00e1ce, na rande alebo na stretnutie s priate\u013emi! Cape <strong>Viacn\u00e1sobn\u00e9<\/strong> dostupn\u00e9 na na\u0161om e-shope vo viacer\u00fdch farebn\u00fdch variantoch, tak nev\u00e1hajte a vyberte si t\u00fa, ktor\u00e1 bude pre v\u00e1s ako stvoren\u00e1.<\/p>\n<h3 style=\"text-align: center;\">Rozmery:<\/h3>\n<ul style=\"text-align: center;\">\n<li>\u0160\u00edrka od pazuchy po pazuchu: 54-68 cm<\/li>\n<li>\u0160\u00edrka v p\u00e1se: 54-60 cm<\/li>\n<li>\u0160\u00edrka v bokoch: 54-60 cm<\/li>\n<li>D\u013a\u017eka: 84 cm<\/li>\n<li>Odpor\u00fa\u010dan\u00e1 maxim\u00e1lna ve\u013ekos\u0165 poprsia: 120 cm<\/li>\n<\/ul>\n<p style=\"text-align: center;\">Rozmery sa m\u00f4\u017eu mierne l\u00ed\u0161i\u0165 od uveden\u00fdch +\/- 2cm. V\u0161etky uveden\u00e9 rozmery s\u00fa meran\u00e9 plo\u0161ne.<\/p>\n<p style=\"text-align: center;\"><strong>\u00a0<\/strong><\/p>\n<table width=\"610\">\n<tbody>\n<tr>\n<td width=\"302\">Meno modela<\/td>\n<td width=\"302\">Trio Cardigan s kapuc\u0148ou<\/td>\n<\/tr>\n<tr>\n<td width=\"302\">Farba<\/td>\n<td width=\"302\">Fuchsiov\u00e1<\/td>\n<\/tr>\n<tr>\n<td width=\"302\">ve\u013ekosti<\/td>\n<td width=\"302\">Univerz\u00e1lny<\/td>\n<\/tr>\n<tr>\n<td width=\"302\">M\u00f3da<\/td>\n<td width=\"302\">nadrozmern\u00e9<\/td>\n<\/tr>\n<tr>\n<td width=\"302\">Hood<\/td>\n<td width=\"302\">\u00c1no<\/td>\n<\/tr>\n<tr>\n<td width=\"302\">izolovan\u00e9<\/td>\n<td width=\"302\">jednopl\u00e1\u0161\u0165ov\u00e9<\/td>\n<\/tr>\n<tr>\n<td width=\"302\">Materi\u00e1l<\/td>\n<td width=\"302\">64% akryl, 36% polyamid<\/td>\n<\/tr>\n<\/tbody>\n<\/table>\n<div class=\"additional-details\" style=\"text-align: center;\">\n<p>\u00a0Model m\u00e1\u00a0<strong>169<\/strong>\u00a0cm vysok\u00fd, nos\u00ed ve\u013ekos\u0165 ka\u017ed\u00fd de\u0148\u00a0<strong>S<\/strong><\/p>\n<p>\u0160\u00edrka cez prsia 92 cm<\/p>\n<p>\u0160\u00edrka v p\u00e1se 62 cm<\/p>\n<p>\u0160\u00edrka v bokoch 94 cm<\/p>\n<\/div>\n<p style=\"text-align: center;\">","protected":false},"excerpt":{"rendered":"<p>Kardigan Trio Fuksja z Kapturem Tr\u00f3jkolorowy sweterek z kapturem i d\u0142ugimi r\u0119kawami zako\u0144czonymi \u015bci\u0105gaczem. Kardigan o fasonie oversize zalecany dla Pa\u0144 nosz\u0105cych rozmiar\u00a0 S M L XL XXL. Ze wzgl\u0119du na po\u0142\u0105czenia kolorystyczne Kardigan Multi\u00a0 mo\u017cna wykorzysta\u0107 do wi\u0119kszo\u015bci stylizacji. Z \u0142atwo\u015bci\u0105 dopasujesz go do swoich ulubionych spodni\u00a0 i T-shirtu. Idealne do szko\u0142y, do pracy,<\/p>\n<div class=\"klb-readmore post-buttons\"><a class=\"button black outline size-sm\" href=\"https:\/\/madelinefashion.pl\/sk\/kardigan-trio-fuksja\/\">\u010c\u00edta\u0165 \u010falej <i class=\"klbth-icon-right-arrow\"><\/i><\/a><\/div>","protected":false},"featured_media":31554,"template":"","meta":[],"product_brand":[],"product_cat":[91],"product_tag":[],"class_list":{"0":"post-1203","1":"product","2":"type-product","3":"status-publish","4":"has-post-thumbnail","6":"product_cat-kardigany-damskie","8":"first","9":"instock","10":"purchasable","11":"product-type-simple"},"_links":{"self":[{"href":"https:\/\/madelinefashion.pl\/sk\/wp-json\/wp\/v2\/product\/1203","targetHints":{"allow":["GET"]}}],"collection":[{"href":"https:\/\/madelinefashion.pl\/sk\/wp-json\/wp\/v2\/product"}],"about":[{"href":"https:\/\/madelinefashion.pl\/sk\/wp-json\/wp\/v2\/types\/product"}],"wp:featuredmedia":[{"embeddable":true,"href":"https:\/\/madelinefashion.pl\/sk\/wp-json\/wp\/v2\/media\/31554"}],"wp:attachment":[{"href":"https:\/\/madelinefashion.pl\/sk\/wp-json\/wp\/v2\/media?parent=1203"}],"wp:term":[{"taxonomy":"product_brand","embeddable":true,"href":"https:\/\/madelinefashion.pl\/sk\/wp-json\/wp\/v2\/product_brand?post=1203"},{"taxonomy":"product_cat","embeddable":true,"href":"https:\/\/madelinefashion.pl\/sk\/wp-json\/wp\/v2\/product_cat?post=1203"},{"taxonomy":"product_tag","embeddable":true,"href":"https:\/\/madelinefashion.pl\/sk\/wp-json\/wp\/v2\/product_tag?post=1203"}],"curies":[{"name":"pracovn\u00fd list","href":"https:\/\/api.w.org\/{rel}","templated":true}]}}

Trio sveter s kapucňou a kapucňou fuchsie

<h3 style="text-align: center;">Trio sveter s kapucňou a kapucňou fuchsie</h3>
<p style="text-align: center;"><strong>trikolóra</strong> sveter s kapucňou a dlhými rukávmi zakončenými lemom. cardigan o <strong>oversize strih</strong> odporúčame pre dámy, ktoré nosia veľ  <strong>SML XL XXL. </strong>Kvôli farebným kombináciám <strong>Multifunkčný kardigán </strong> možno použiť pre väčšinu štýlov. Ľahko ju zladíte s vašimi obľúbenými nohavicami a tričkom. Ideálne do školy, práce, na rande alebo na stretnutie s priateľmi! Cape <strong>Viacnásobné</strong> dostupné na našom e-shope vo viacerých farebných variantoch, tak neváhajte a vyberte si tú, ktorá bude pre vás ako stvorená.</p>
<h3 style="text-align: center;">Rozmery:</h3>
<ul style="text-align: center;">
<li>Šírka od pazuchy po pazuchu: 54-68 cm</li>
<li>Šírka v páse: 54-60 cm</li>
<li>Šírka v bokoch: 54-60 cm</li>
<li>Dĺžka: 84 cm</li>
<li>Odporúčaná maximálna veľkosť poprsia: 120 cm</li>
</ul>
<p style="text-align: center;">Rozmery sa môžu mierne líšiť od uvedených +/- 2cm. Všetky uvedené rozmery sú merané plošne.</p>
<p style="text-align: center;"><strong> </strong></p>
<table width="610">
<tbody>
<tr>
<td width="302">Meno modela</td>
<td width="302">Trio Cardigan s kapucňou</td>
</tr>
<tr>
<td width="302">Farba</td>
<td width="302">Fuchsiová</td>
</tr>
<tr>
<td width="302">veľkosti</td>
<td width="302">Univerzálny</td>
</tr>
<tr>
<td width="302">Móda</td>
<td width="302">nadrozmerné</td>
</tr>
<tr>
<td width="302">Hood</td>
<td width="302">Áno</td>
</tr>
<tr>
<td width="302">izolované</td>
<td width="302">jednoplášťové</td>
</tr>
<tr>
<td width="302">Materiál</td>
<td width="302">64% akryl, 36% polyamid</td>
</tr>
</tbody>
</table>
<div class="additional-details" style="text-align: center;">
<p> Model má <strong>169</strong> cm vysoký, nosí veľkosť každý deň <strong>S</strong></p>
<p>Šírka cez prsia 92 cm</p>
<p>Šírka v páse 62 cm</p>
<p>Šírka v bokoch 94 cm</p>
</div>
<p style="text-align: center;">

<p>Kardigan Trio Fuksja z Kapturem Trójkolorowy sweterek z kapturem i długimi rękawami zakończonymi ściągaczem. Kardigan o fasonie oversize zalecany dla Pań noszących rozmiar  S M L XL XXL. Ze względu na połączenia kolorystyczne Kardigan Multi  można wykorzystać do większości stylizacji. Z łatwością dopasujesz go do swoich ulubionych spodni  i T-shirtu. Idealne do szkoły, do pracy,</p>
<div class="klb-readmore post-buttons"><a class="button black outline size-sm" href="https://madelinefashion.pl/sk/kardigan-trio-fuksja/">Čítať ďalej <i class="klbth-icon-right-arrow"></i></a></div>

pracovný list
