{"id":12149,"date":"2021-05-11T17:29:25","date_gmt":"2021-05-11T15:29:25","guid":{"rendered":"https:\/\/madelinefashion.pl\/?post_type=product&#038;p=12149"},"modified":"2024-04-26T17:39:29","modified_gmt":"2024-04-26T15:39:29","slug":"kombinezon-z-krotkim-rekawem-zapinany-na-guziki-wenus-bialy","status":"publish","type":"product","link":"https:\/\/madelinefashion.pl\/sk\/kombinezon-z-krotkim-rekawem-zapinany-na-guziki-wenus-bialy\/","title":{"rendered":"Overal s gomb\u00edkmi s kr\u00e1tkym ruk\u00e1vom Venu\u0161ina biela"},"content":{"rendered":"<h3 style=\"text-align: center;\">Overal s gomb\u00edkmi s kr\u00e1tkym ruk\u00e1vom Venu\u0161ina biela<\/h3>\n<p style=\"text-align: center;\"><span style=\"vertical-align: inherit;\"><span style=\"vertical-align: inherit;\"><b><span style=\"vertical-align: inherit;\"><span style=\"vertical-align: inherit;\">Fenomen\u00e1lny overal s kr\u00e1tkymi ruk\u00e1vmi a zav\u00e4zovan\u00edm v p\u00e1se<\/span><\/span><\/b><span style=\"vertical-align: inherit;\"><span style=\"vertical-align: inherit;\"> je bestsellerom v na\u0161om obchode. <\/span><span style=\"vertical-align: inherit;\">S <\/span><\/span><\/span><span style=\"vertical-align: inherit;\"><span style=\"vertical-align: inherit;\"><span style=\"vertical-align: inherit;\">pr\u00e1va, ktor\u00e9 okolo v\u00e1s nikto \u013eahostajne neprejde. <\/span><\/span><strong><span style=\"vertical-align: inherit;\"><span style=\"vertical-align: inherit;\">Oblek m\u00e1 vo\u013en\u00e9 nohavice. <\/span><\/span><\/strong><span style=\"vertical-align: inherit;\"><span style=\"vertical-align: inherit;\">Vyroben\u00e9 z materi\u00e1lu pr\u00edjemn\u00e9ho na dotyk. <\/span><span style=\"vertical-align: inherit;\">Vysok\u00e1 kvalita materi\u00e1lu zaist\u00ed pohodlie pri nosen\u00ed. <\/span><span style=\"vertical-align: inherit;\">Desa\u0165ro\u010dn\u00e1 z\u00e1ruka na dokonal\u00fd vzh\u013ead. <\/span><\/span><strong><span style=\"vertical-align: inherit;\"><span style=\"vertical-align: inherit;\">Dungarees<\/span><\/span><\/strong><span style=\"vertical-align: inherit;\"><span style=\"vertical-align: inherit;\"> M\u00e1 tak\u00fd v\u00fdstrih <\/span><\/span><strong><span style=\"vertical-align: inherit;\"><span style=\"vertical-align: inherit;\">odhal\u00ed bustu<\/span><\/span><\/strong><span style=\"vertical-align: inherit;\"><span style=\"vertical-align: inherit;\"> . <\/span><span style=\"vertical-align: inherit;\">c<\/span><\/span><\/span><\/span><span style=\"vertical-align: inherit;\"><span style=\"vertical-align: inherit;\">odpor vytv\u00e1ra v\u00fdnimo\u010dn\u00e9 <\/span><\/span><strong><span style=\"vertical-align: inherit;\"><span style=\"vertical-align: inherit;\">styling. <\/span><\/span><\/strong><span style=\"vertical-align: inherit;\"><span style=\"vertical-align: inherit;\">Ide\u00e1lne na tepl\u00e9 jarn\u00e9 a letn\u00e9 dni, ako na dovolenke, tak aj v ruchu mesta. <\/span><\/span><strong><span style=\"vertical-align: inherit;\"><span style=\"vertical-align: inherit;\">Budete pote\u0161en\u00ed, dokonal\u00fd strih, ktor\u00fd je alternat\u00edvou k \u0161at\u00e1m. <\/span><\/span><\/strong><span style=\"vertical-align: inherit;\"><span style=\"vertical-align: inherit;\">Pohodln\u00e9 nosenie v sofistikovanom \u0161t\u00fdle mus\u00ed by\u0165 vo va\u0161om \u0161atn\u00edku.<\/span><\/span><strong><span style=\"vertical-align: inherit;\"><span style=\"vertical-align: inherit;\">\u0160t\u00fdlov\u00fd a ve\u013emi \u017eensk\u00fd overal..<\/span><\/span><\/strong><span style=\"vertical-align: inherit;\"><span style=\"vertical-align: inherit;\"> \u00a0 Odpor\u00fa\u010da sa pre \u017eeny, ktor\u00e9 nosia ve\u013e <\/span><\/span><strong><span style=\"vertical-align: inherit;\"><span style=\"vertical-align: inherit;\">XS SML XL.\u00a0 <\/span><\/span><\/strong><span style=\"vertical-align: inherit;\"><span style=\"vertical-align: inherit;\">Dostupn\u00e9 v na\u0161om <\/span><\/span><strong><span style=\"vertical-align: inherit;\"><span style=\"vertical-align: inherit;\">skladova\u0165 vo viacer\u00fdch variantoch <\/span><\/span><a href=\"https:\/\/madelinefashion.pl\/sk\/product-tag\/kombinezony\/\"><span style=\"vertical-align: inherit;\"><span style=\"vertical-align: inherit;\">farby<\/span><\/span><\/a><span style=\"vertical-align: inherit;\"><span style=\"vertical-align: inherit;\"> .\u00a0<\/span><\/span><\/strong><\/p>\n<p>&nbsp;<\/p>\n<h3 style=\"text-align: center;\"><span style=\"vertical-align: inherit;\"><span style=\"vertical-align: inherit;\"><span style=\"vertical-align: inherit;\">Rozmery obleku:<\/span><\/span><\/span><\/h3>\n<p align=\"center\"><span style=\"vertical-align: inherit;\"><span style=\"vertical-align: inherit;\">Celkov\u00e1 d\u013a\u017eka \u2013 129 cm <\/span><\/span><br \/>\n<span style=\"vertical-align: inherit;\"><span style=\"vertical-align: inherit;\">\u0160\u00edrka od pazuchy po pazuchu: 47-55 cm <\/span><\/span><br \/>\n<span style=\"vertical-align: inherit;\"><span style=\"vertical-align: inherit;\">\u0160\u00edrka ramien: 36 cm <\/span><\/span><br \/>\n<span style=\"vertical-align: inherit;\"><span style=\"vertical-align: inherit;\">\u0160\u00edrka p\u00e1su -37 cm -42 cm <\/span><\/span><br \/>\n<span style=\"vertical-align: inherit;\"><span style=\"vertical-align: inherit;\">D\u013a\u017eka ruk\u00e1va od podpazu\u0161ia: 7 cm <\/span><\/span><br \/>\n<span style=\"vertical-align: inherit;\"><span style=\"vertical-align: inherit;\">D\u013a\u017eka ruk\u00e1va od ramena: 18 cm<\/span><\/span><\/p>\n<p style=\"text-align: center;\"><span style=\"vertical-align: inherit;\"><span style=\"vertical-align: inherit;\"><span style=\"vertical-align: inherit;\"><span style=\"vertical-align: inherit;\">Rozmery sa m\u00f4\u017eu l\u00ed\u0161i\u0165 od uveden\u00fdch +\/- 2cm. <\/span><\/span><\/span><span style=\"vertical-align: inherit;\"><span style=\"vertical-align: inherit;\"><span style=\"vertical-align: inherit;\">V\u0161etky uveden\u00e9 rozmery s\u00fa meran\u00e9 plo\u0161ne.<\/span><\/span><\/span><\/span><\/p>\n<h3 style=\"text-align: center;\"><span style=\"vertical-align: inherit;\"><span style=\"vertical-align: inherit;\"><span style=\"vertical-align: inherit;\"><span style=\"vertical-align: inherit;\">Vlastnosti produktu:<\/span><\/span><br \/>\n<\/span><\/span><\/h3>\n<p style=\"text-align: center;\"><span style=\"vertical-align: inherit;\"><span style=\"vertical-align: inherit;\"><br \/>\n<span style=\"vertical-align: inherit;\"><span style=\"vertical-align: inherit;\">- zap\u00ednanie na gomb\u00edky <\/span><\/span><br \/>\n<span style=\"vertical-align: inherit;\"><span style=\"vertical-align: inherit;\">-elegantn\u00fd <\/span><\/span><br \/>\n<span style=\"vertical-align: inherit;\"><span style=\"vertical-align: inherit;\">- golier <\/span><\/span><br \/>\n<span style=\"vertical-align: inherit;\"><span style=\"vertical-align: inherit;\">- pr\u00edjemn\u00fd materi\u00e1l <\/span><\/span><br \/>\n<span style=\"vertical-align: inherit;\"><span style=\"vertical-align: inherit;\">- m\u00f3dny \u0161t\u00fdl <\/span><\/span><br \/>\n<span style=\"vertical-align: inherit;\"><span style=\"vertical-align: inherit;\">- guma v p\u00e1se <\/span><\/span><br \/>\n<span style=\"vertical-align: inherit;\"><span style=\"vertical-align: inherit;\">- origin\u00e1l <\/span><\/span><br \/>\n<span style=\"vertical-align: inherit;\"><span style=\"vertical-align: inherit;\">-\u017eensk\u00fd- <\/span><\/span><br \/>\n<span style=\"vertical-align: inherit;\"><span style=\"vertical-align: inherit;\">kr\u00e1tky ruk\u00e1v\u00a0<\/span><\/span><\/span><\/span><\/p>\n<p style=\"text-align: center;\"><strong>\u00a0<\/strong><\/p>\n<table style=\"height: 214px;\" width=\"620\">\n<tbody>\n<tr>\n<td width=\"302\"><span style=\"vertical-align: inherit;\"><span style=\"vertical-align: inherit;\">Meno modela<\/span><\/span><\/td>\n<td width=\"302\"><span style=\"vertical-align: inherit;\"><span style=\"vertical-align: inherit;\">Overal s kr\u00e1tkym ruk\u00e1vom s gomb\u00edkmi Venus<\/span><\/span><\/td>\n<\/tr>\n<tr>\n<td width=\"302\"><span style=\"vertical-align: inherit;\"><span style=\"vertical-align: inherit;\">Farba<\/span><\/span><\/td>\n<td width=\"302\"><span style=\"vertical-align: inherit;\"><span style=\"vertical-align: inherit;\">biely<\/span><\/span><\/td>\n<\/tr>\n<tr>\n<td width=\"302\"><span style=\"vertical-align: inherit;\"><span style=\"vertical-align: inherit;\">Zbierka<\/span><\/span><\/td>\n<td width=\"302\"><span style=\"vertical-align: inherit;\"><span style=\"vertical-align: inherit;\">Jar leto \/<\/span><\/span><\/td>\n<\/tr>\n<tr>\n<td width=\"302\"><span style=\"vertical-align: inherit;\"><span style=\"vertical-align: inherit;\">ve\u013ekosti<\/span><\/span><\/td>\n<td width=\"302\"><span style=\"vertical-align: inherit;\"><span style=\"vertical-align: inherit;\">Univerz\u00e1lny<\/span><\/span><\/td>\n<\/tr>\n<tr>\n<td width=\"302\"><span style=\"vertical-align: inherit;\"><span style=\"vertical-align: inherit;\">\u0160tiepenie<\/span><\/span><\/td>\n<td width=\"302\"><span style=\"vertical-align: inherit;\"><span style=\"vertical-align: inherit;\">Ob\u00e1lka<\/span><\/span><\/td>\n<\/tr>\n<tr>\n<td width=\"302\"><span style=\"vertical-align: inherit;\"><span style=\"vertical-align: inherit;\">D\u013a\u017eka<\/span><\/span><\/td>\n<td width=\"302\"><span style=\"vertical-align: inherit;\"><span style=\"vertical-align: inherit;\">maxi<\/span><\/span><\/td>\n<\/tr>\n<tr>\n<td width=\"302\"><span style=\"vertical-align: inherit;\"><span style=\"vertical-align: inherit;\">Materi\u00e1l<\/span><\/span><\/td>\n<td width=\"302\"><span style=\"vertical-align: inherit;\"><span style=\"vertical-align: inherit;\">95% Polyester 5% Elastan<\/span><\/span><\/td>\n<\/tr>\n<\/tbody>\n<\/table>\n<div class=\"tabs tabs-bb clear mb-80\">\n<div class=\"tab-content\">\n<div id=\"tab-description\" class=\"tab-pane fade in woocommerce-Tabs-panel--description active\">\n<p>&nbsp;<\/p>\n<p style=\"text-align: center;\">Model m\u00e1\u00a0<strong>169<\/strong>\u00a0cm vysok\u00fd, nos\u00ed ve\u013ekos\u0165 ka\u017ed\u00fd de\u0148\u00a0<strong>S<\/strong><\/p>\n<p style=\"text-align: center;\">\u0160\u00edrka cez prsia 92 cm<\/p>\n<p style=\"text-align: center;\">\u0160\u00edrka v p\u00e1se 62 cm<\/p>\n<p style=\"text-align: center;\">\u0160\u00edrka v bokoch 94 cm<\/p>\n<\/div>\n<\/div>\n<\/div>\n<section class=\"related products mb-80\"><\/section>\n<section class=\"page-product-box\">\n<div class=\"rte\">\n<p style=\"text-align: center;\">\n<\/div>\n<\/section>","protected":false},"excerpt":{"rendered":"<p>Kombinezon z Kr\u00f3tkim R\u0119kawem Zapinany na Guziki Wenus Bia\u0142y Fenomenalny kombinezon z kr\u00f3tkim r\u0119kawkiem oraz wi\u0105zaniem w pasie to bestsellerowy hit w naszym sklepie. S praw, \u017ce nikt nie przejdzie obok Ciebie oboj\u0119tnie. Kombinezon posiada lu\u017ane nogawki. Wykonany z przyjemnego w dotyku materia\u0142u. Wysoka jako\u015b\u0107 materia\u0142u zapewni\u0119 i komfort noszenia. Dziesi\u0119\u0107 lat na gwarancj\u0119 perfekcyjnego<\/p>\n<div class=\"klb-readmore post-buttons\"><a class=\"button black outline size-sm\" href=\"https:\/\/madelinefashion.pl\/sk\/kombinezon-z-krotkim-rekawem-zapinany-na-guziki-wenus-bialy\/\">\u010c\u00edta\u0165 \u010falej <i class=\"klbth-icon-right-arrow\"><\/i><\/a><\/div>","protected":false},"featured_media":50064,"template":"","meta":[],"product_brand":[],"product_cat":[80,395],"product_tag":[297],"class_list":{"0":"post-12149","1":"product","2":"type-product","3":"status-publish","4":"has-post-thumbnail","6":"product_cat-sukienki-i-kombinezony","7":"product_cat-nowosci","8":"product_tag-kombinezony","10":"first","11":"instock","12":"purchasable","13":"product-type-simple"},"_links":{"self":[{"href":"https:\/\/madelinefashion.pl\/sk\/wp-json\/wp\/v2\/product\/12149","targetHints":{"allow":["GET"]}}],"collection":[{"href":"https:\/\/madelinefashion.pl\/sk\/wp-json\/wp\/v2\/product"}],"about":[{"href":"https:\/\/madelinefashion.pl\/sk\/wp-json\/wp\/v2\/types\/product"}],"wp:featuredmedia":[{"embeddable":true,"href":"https:\/\/madelinefashion.pl\/sk\/wp-json\/wp\/v2\/media\/50064"}],"wp:attachment":[{"href":"https:\/\/madelinefashion.pl\/sk\/wp-json\/wp\/v2\/media?parent=12149"}],"wp:term":[{"taxonomy":"product_brand","embeddable":true,"href":"https:\/\/madelinefashion.pl\/sk\/wp-json\/wp\/v2\/product_brand?post=12149"},{"taxonomy":"product_cat","embeddable":true,"href":"https:\/\/madelinefashion.pl\/sk\/wp-json\/wp\/v2\/product_cat?post=12149"},{"taxonomy":"product_tag","embeddable":true,"href":"https:\/\/madelinefashion.pl\/sk\/wp-json\/wp\/v2\/product_tag?post=12149"}],"curies":[{"name":"pracovn\u00fd list","href":"https:\/\/api.w.org\/{rel}","templated":true}]}}

Overal s gombíkmi s krátkym rukávom Venušina biela

<h3 style="text-align: center;">Overal s gombíkmi s krátkym rukávom Venušina biela</h3>
<p style="text-align: center;"><span style="vertical-align: inherit;"><span style="vertical-align: inherit;"><b><span style="vertical-align: inherit;"><span style="vertical-align: inherit;">Fenomenálny overal s krátkymi rukávmi a zaväzovaním v páse</span></span></b><span style="vertical-align: inherit;"><span style="vertical-align: inherit;"> je bestsellerom v našom obchode. </span><span style="vertical-align: inherit;">S </span></span></span><span style="vertical-align: inherit;"><span style="vertical-align: inherit;"><span style="vertical-align: inherit;">práva, ktoré okolo vás nikto ľahostajne neprejde. </span></span><strong><span style="vertical-align: inherit;"><span style="vertical-align: inherit;">Oblek má voľné nohavice. </span></span></strong><span style="vertical-align: inherit;"><span style="vertical-align: inherit;">Vyrobené z materiálu príjemného na dotyk. </span><span style="vertical-align: inherit;">Vysoká kvalita materiálu zaistí pohodlie pri nosení. </span><span style="vertical-align: inherit;">Desaťročná záruka na dokonalý vzhľad. </span></span><strong><span style="vertical-align: inherit;"><span style="vertical-align: inherit;">Dungarees</span></span></strong><span style="vertical-align: inherit;"><span style="vertical-align: inherit;"> Má taký výstrih </span></span><strong><span style="vertical-align: inherit;"><span style="vertical-align: inherit;">odhalí bustu</span></span></strong><span style="vertical-align: inherit;"><span style="vertical-align: inherit;"> . </span><span style="vertical-align: inherit;">c</span></span></span></span><span style="vertical-align: inherit;"><span style="vertical-align: inherit;">odpor vytvára výnimočné </span></span><strong><span style="vertical-align: inherit;"><span style="vertical-align: inherit;">styling. </span></span></strong><span style="vertical-align: inherit;"><span style="vertical-align: inherit;">Ideálne na teplé jarné a letné dni, ako na dovolenke, tak aj v ruchu mesta. </span></span><strong><span style="vertical-align: inherit;"><span style="vertical-align: inherit;">Budete potešení, dokonalý strih, ktorý je alternatívou k šatám. </span></span></strong><span style="vertical-align: inherit;"><span style="vertical-align: inherit;">Pohodlné nosenie v sofistikovanom štýle musí byť vo vašom šatníku.</span></span><strong><span style="vertical-align: inherit;"><span style="vertical-align: inherit;">Štýlový a veľmi ženský overal..</span></span></strong><span style="vertical-align: inherit;"><span style="vertical-align: inherit;">   Odporúča sa pre ženy, ktoré nosia veľ </span></span><strong><span style="vertical-align: inherit;"><span style="vertical-align: inherit;">XS SML XL.  </span></span></strong><span style="vertical-align: inherit;"><span style="vertical-align: inherit;">Dostupné v našom </span></span><strong><span style="vertical-align: inherit;"><span style="vertical-align: inherit;">skladovať vo viacerých variantoch </span></span><a href="https://madelinefashion.pl/sk/product-tag/kombinezony/"><span style="vertical-align: inherit;"><span style="vertical-align: inherit;">farby</span></span></a><span style="vertical-align: inherit;"><span style="vertical-align: inherit;"> . </span></span></strong></p>
<p>&nbsp;</p>
<h3 style="text-align: center;"><span style="vertical-align: inherit;"><span style="vertical-align: inherit;"><span style="vertical-align: inherit;">Rozmery obleku:</span></span></span></h3>
<p align="center"><span style="vertical-align: inherit;"><span style="vertical-align: inherit;">Celková dĺžka – 129 cm </span></span><br />
<span style="vertical-align: inherit;"><span style="vertical-align: inherit;">Šírka od pazuchy po pazuchu: 47-55 cm </span></span><br />
<span style="vertical-align: inherit;"><span style="vertical-align: inherit;">Šírka ramien: 36 cm </span></span><br />
<span style="vertical-align: inherit;"><span style="vertical-align: inherit;">Šírka pásu -37 cm -42 cm </span></span><br />
<span style="vertical-align: inherit;"><span style="vertical-align: inherit;">Dĺžka rukáva od podpazušia: 7 cm </span></span><br />
<span style="vertical-align: inherit;"><span style="vertical-align: inherit;">Dĺžka rukáva od ramena: 18 cm</span></span></p>
<p style="text-align: center;"><span style="vertical-align: inherit;"><span style="vertical-align: inherit;"><span style="vertical-align: inherit;"><span style="vertical-align: inherit;">Rozmery sa môžu líšiť od uvedených +/- 2cm. </span></span></span><span style="vertical-align: inherit;"><span style="vertical-align: inherit;"><span style="vertical-align: inherit;">Všetky uvedené rozmery sú merané plošne.</span></span></span></span></p>
<h3 style="text-align: center;"><span style="vertical-align: inherit;"><span style="vertical-align: inherit;"><span style="vertical-align: inherit;"><span style="vertical-align: inherit;">Vlastnosti produktu:</span></span><br />
</span></span></h3>
<p style="text-align: center;"><span style="vertical-align: inherit;"><span style="vertical-align: inherit;"><br />
<span style="vertical-align: inherit;"><span style="vertical-align: inherit;">- zapínanie na gombíky </span></span><br />
<span style="vertical-align: inherit;"><span style="vertical-align: inherit;">-elegantný </span></span><br />
<span style="vertical-align: inherit;"><span style="vertical-align: inherit;">- golier </span></span><br />
<span style="vertical-align: inherit;"><span style="vertical-align: inherit;">- príjemný materiál </span></span><br />
<span style="vertical-align: inherit;"><span style="vertical-align: inherit;">- módny štýl </span></span><br />
<span style="vertical-align: inherit;"><span style="vertical-align: inherit;">- guma v páse </span></span><br />
<span style="vertical-align: inherit;"><span style="vertical-align: inherit;">- originál </span></span><br />
<span style="vertical-align: inherit;"><span style="vertical-align: inherit;">-ženský- </span></span><br />
<span style="vertical-align: inherit;"><span style="vertical-align: inherit;">krátky rukáv </span></span></span></span></p>
<p style="text-align: center;"><strong> </strong></p>
<table style="height: 214px;" width="620">
<tbody>
<tr>
<td width="302"><span style="vertical-align: inherit;"><span style="vertical-align: inherit;">Meno modela</span></span></td>
<td width="302"><span style="vertical-align: inherit;"><span style="vertical-align: inherit;">Overal s krátkym rukávom s gombíkmi Venus</span></span></td>
</tr>
<tr>
<td width="302"><span style="vertical-align: inherit;"><span style="vertical-align: inherit;">Farba</span></span></td>
<td width="302"><span style="vertical-align: inherit;"><span style="vertical-align: inherit;">biely</span></span></td>
</tr>
<tr>
<td width="302"><span style="vertical-align: inherit;"><span style="vertical-align: inherit;">Zbierka</span></span></td>
<td width="302"><span style="vertical-align: inherit;"><span style="vertical-align: inherit;">Jar leto /</span></span></td>
</tr>
<tr>
<td width="302"><span style="vertical-align: inherit;"><span style="vertical-align: inherit;">veľkosti</span></span></td>
<td width="302"><span style="vertical-align: inherit;"><span style="vertical-align: inherit;">Univerzálny</span></span></td>
</tr>
<tr>
<td width="302"><span style="vertical-align: inherit;"><span style="vertical-align: inherit;">Štiepenie</span></span></td>
<td width="302"><span style="vertical-align: inherit;"><span style="vertical-align: inherit;">Obálka</span></span></td>
</tr>
<tr>
<td width="302"><span style="vertical-align: inherit;"><span style="vertical-align: inherit;">Dĺžka</span></span></td>
<td width="302"><span style="vertical-align: inherit;"><span style="vertical-align: inherit;">maxi</span></span></td>
</tr>
<tr>
<td width="302"><span style="vertical-align: inherit;"><span style="vertical-align: inherit;">Materiál</span></span></td>
<td width="302"><span style="vertical-align: inherit;"><span style="vertical-align: inherit;">95% Polyester 5% Elastan</span></span></td>
</tr>
</tbody>
</table>
<div class="tabs tabs-bb clear mb-80">
<div class="tab-content">
<div id="tab-description" class="tab-pane fade in woocommerce-Tabs-panel--description active">
<p>&nbsp;</p>
<p style="text-align: center;">Model má <strong>169</strong> cm vysoký, nosí veľkosť každý deň <strong>S</strong></p>
<p style="text-align: center;">Šírka cez prsia 92 cm</p>
<p style="text-align: center;">Šírka v páse 62 cm</p>
<p style="text-align: center;">Šírka v bokoch 94 cm</p>
</div>
</div>
</div>
<section class="related products mb-80"></section>
<section class="page-product-box">
<div class="rte">
<p style="text-align: center;">
</div>
</section>

<p>Kombinezon z Krótkim Rękawem Zapinany na Guziki Wenus Biały Fenomenalny kombinezon z krótkim rękawkiem oraz wiązaniem w pasie to bestsellerowy hit w naszym sklepie. S praw, że nikt nie przejdzie obok Ciebie obojętnie. Kombinezon posiada luźne nogawki. Wykonany z przyjemnego w dotyku materiału. Wysoka jakość materiału zapewnię i komfort noszenia. Dziesięć lat na gwarancję perfekcyjnego</p>
<div class="klb-readmore post-buttons"><a class="button black outline size-sm" href="https://madelinefashion.pl/sk/kombinezon-z-krotkim-rekawem-zapinany-na-guziki-wenus-bialy/">Čítať ďalej <i class="klbth-icon-right-arrow"></i></a></div>

pracovný list
