{"id":1219,"date":"2019-11-05T11:39:16","date_gmt":"2019-11-05T10:39:16","guid":{"rendered":"http:\/\/serwer2078743.home.pl\/?post_type=product&#038;p=1219"},"modified":"2026-03-26T12:40:52","modified_gmt":"2026-03-26T11:40:52","slug":"kamizelka-dluga-futrzana-z-kapturem-karmelowa","status":"publish","type":"product","link":"https:\/\/madelinefashion.pl\/sk\/kamizelka-dluga-futrzana-z-kapturem-karmelowa\/","title":{"rendered":"Dlh\u00e1 ko\u017eu\u0161inov\u00e1 vesta s karamelovou kapuc\u0148ou"},"content":{"rendered":"<h3 style=\"text-align: center;\">Dlh\u00e1 ko\u017eu\u0161inov\u00e1 vesta s karamelovou kapuc\u0148ou<\/h3>\n<p style=\"text-align: center;\"><strong>Ko\u017eu\u0161inov\u00e1 vesta<\/strong>\u00a0toto <strong>najm\u00f3dnej\u0161\u00ed \u0161t\u00fdl tejto sez\u00f3ny<\/strong>. Vesta s kapuc\u0148ou z umelej ko\u017eu\u0161iny. Nezvy\u010dajne <strong>tepl\u00e9 a pr\u00edjemn\u00e9 na dotyk<\/strong>. Vesta s <strong>srs\u0165<\/strong> vhodn\u00e9 pre oboch <a href=\"https:\/\/madelinefashion.pl\/sk\/spodnie\/\">nohavice<\/a>, <a href=\"https:\/\/madelinefashion.pl\/sk\/spodnice\/\">sukne<\/a> ak <a href=\"https:\/\/madelinefashion.pl\/sk\/sukienki-i-kombinezony\/\">\u0160aty<\/a>. Skvele sa k nej bude hodi\u0165 aj ko\u017eu\u0161inov\u00e1 vesta bez ruk\u00e1vov <a href=\"https:\/\/madelinefashion.pl\/sk\/swetry\/swetry-damskie\/\"><strong>svetre<\/strong><\/a>, <a href=\"https:\/\/madelinefashion.pl\/sk\/swetry\/kardigany-damskie\/\">vesty<\/a> a predov\u0161etk\u00fdm je to ide\u00e1lny n\u00e1vrh na nosenie pri v\u0161etk\u00fdch pr\u00edle\u017eitostiach <strong><a href=\"https:\/\/madelinefashion.pl\/sk\/kurtki-i-plaszcze\/kurtki\/\">bundy<\/a><\/strong>. Skvele sa bude hodi\u0165 k na\u0161im <strong>Ramones<\/strong> napr\u00edklad model <strong><a href=\"https:\/\/madelinefashion.pl\/sk\/ramoneska-biker-czarna\/\">motork\u00e1r<\/a><\/strong>\u010do je tie\u017e <strong>najpred\u00e1vanej\u0161\u00ed<\/strong>. je to? <strong>najm\u00f3dnej\u0161\u00ed \u0161t\u00fdl tejto sez\u00f3ny<\/strong> \u2013 na tvorenie v\u00e1m posta\u010d\u00ed jedna z na\u0161ich viest vo va\u0161om \u0161atn\u00edku <strong>nad\u010dasov\u00e9 \u0161t\u00fdly<\/strong>. Vyu\u017eijete ju ako na vych\u00e1dzky s priate\u013emi do mesta, tak aj na ve\u010dern\u00fd styling na p\u00e1rty. Je to bestseller <strong>ponuka na ka\u017ed\u00fa pr\u00edle\u017eitos\u0165<\/strong>. Ide\u00e1lne na ka\u017ed\u00fd de\u0148 a na p\u00e1rty, kde chcete vyzera\u0165 skvele a z\u00e1rove\u0148 sa c\u00edti\u0165 skvele. Najm\u00f3dnej\u0161\u00ed hit sez\u00f3ny a absol\u00fatny <strong>mus\u00edte ma\u0165 vo svojom \u0161atn\u00edku<\/strong>ktor\u00e9 v\u00e1m pom\u00f4\u017eu vytvori\u0165 <strong>le\u017e\u00e9rny vzh\u013ead<\/strong> a dopln\u00ed mnoh\u00e9 p\u00f4sobiv\u00e9 \u0161tyliz\u00e1cie jesene a skorej jari. Rozhodnite sa pre n\u00e1kup\u00a0<strong>maxi ko\u017eu\u0161inov\u00e1 vesta<\/strong>a nebudete \u013eutova\u0165. Iste sa presved\u010d\u00edte, ko\u013eko v\u00e1m tak\u00e1 jedna vec vo va\u0161om \u0161atn\u00edku d\u00e1. Dostupn\u00e9 v na\u0161om <a href=\"https:\/\/madelinefashion.pl\/sk\/kamizelki\/\">e-shop<\/a> v malom <strong>farebn\u00e9 varianty a r\u00f4zne d\u013a\u017eky<\/strong> tak nev\u00e1hajte a vyberte si ten, ktor\u00fd je pre v\u00e1s <strong>si dokonal\u00fd<\/strong>. Ak sa neviete rozhodn\u00fa\u0165 ak\u00fa farbu, tak ve\u013ekos\u0165 <strong>pre<\/strong> <strong>si najlep\u0161\u00ed<\/strong>, kontaktujte n\u00e1s prostredn\u00edctvom <strong><a href=\"https:\/\/www.facebook.com\/madelinefashionbutik\/\" target=\"_blank\" rel=\"noopener\">Facebook<\/a><\/strong> alebo <a href=\"https:\/\/madelinefashion.pl\/sk\/kontakt\/\">telef\u00f3n<\/a>. \u00da\u017easn\u00e1 kvalita za najlep\u0161iu cenu! Ko\u017eu\u0161inov\u00e1 vesta sa bude skvele hodi\u0165 ako m\u00f3dny doplnok, ktor\u00fd vyu\u017eijete vo svojej<strong> \u0161tyliz\u00e1cie<\/strong> ! Vesty maj\u00fa minih\u00e1\u010diky, v\u010faka ktor\u00fdm si vestu pripnete.<strong>\u00a0 Jedna ve\u013ekos\u0165 pre v\u0161etk\u00fdch, odpor\u00fa\u010dan\u00e1 SML XL<\/strong><\/p>\n<h2 style=\"text-align: center;\">Rozmery<\/h2>\n<p style=\"text-align: center;\">Celkov\u00e1 d\u013a\u017eka - 100 cm<br \/>\n\u0160\u00edrka od pazuchy po pazuchu 53 -55 cm<br \/>\nMax v prsiach - 105-110 cm<br \/>\n\u0160\u00edrka p\u00e1sa - 53-55 cm<\/p>\n<p style=\"text-align: center;\">Rozmery sa m\u00f4\u017eu mierne l\u00ed\u0161i\u0165 od uveden\u00fdch +\/- 2cm. V\u0161etky uveden\u00e9 rozmery s\u00fa meran\u00e9 plo\u0161ne.<\/p>\n<table width=\"437\">\n<tbody>\n<tr>\n<td width=\"302\">Meno modela<\/td>\n<td width=\"302\">Dlh\u00e1 ko\u017eu\u0161inov\u00e1 vesta s kapuc\u0148ou<\/td>\n<\/tr>\n<tr>\n<td width=\"302\">Farba<\/td>\n<td width=\"302\">karamel<\/td>\n<\/tr>\n<tr>\n<td width=\"302\">Zbierka<\/td>\n<td width=\"302\">\u00a0JAR\/JESE\u0147\/ZIMA<\/td>\n<\/tr>\n<tr>\n<td width=\"302\">Ve\u013ekos\u0165<\/td>\n<td width=\"302\">Univerz\u00e1lny<\/td>\n<\/tr>\n<tr>\n<td width=\"302\">M\u00f3da<\/td>\n<td width=\"302\">nadrozmern\u00e9<\/td>\n<\/tr>\n<tr>\n<td width=\"302\">Hood<\/td>\n<td width=\"302\">\u00c1no<\/td>\n<\/tr>\n<tr>\n<td width=\"302\">Otep\u013eovanie<\/td>\n<td width=\"302\">Pod\u0161\u00edvka<\/td>\n<\/tr>\n<tr>\n<td width=\"302\">Materi\u00e1l<\/td>\n<td width=\"302\">Pre\u0161\u00edvanie polyester\/ko\u017ea 100%<\/td>\n<\/tr>\n<\/tbody>\n<\/table>","protected":false},"excerpt":{"rendered":"<p>Kamizelka D\u0142uga Futrzana Z Kapturem Karmelowa Kamizelka Futrzana\u00a0to najmodniejszy fason w tym sezonie. Kamizelka z kapturem wykonana ze sztucznego futerka. Niezwykle ciep\u0142a i przyjemna w dotyku. Kamizelka z futra nadaje si\u0119 zar\u00f3wno do spodni, sp\u00f3dnic czy sukienek. Bezr\u0119kawnik z futerka idealnie b\u0119dzie komponowa\u0107 si\u0119 r\u00f3wnie\u017c ze swetrami, kardiganami a przede wszystkim jest to idealna propozycja<\/p>\n<div class=\"klb-readmore post-buttons\"><a class=\"button black outline size-sm\" href=\"https:\/\/madelinefashion.pl\/sk\/kamizelka-dluga-futrzana-z-kapturem-karmelowa\/\">\u010c\u00edta\u0165 \u010falej <i class=\"klbth-icon-right-arrow\"><\/i><\/a><\/div>","protected":false},"featured_media":25580,"template":"","meta":[],"product_brand":[],"product_cat":[79,380],"product_tag":[160],"class_list":{"0":"post-1219","1":"product","2":"type-product","3":"status-publish","4":"has-post-thumbnail","6":"product_cat-kamizelki","7":"product_cat-wyprzedaz","8":"product_tag-kamizelki-futrzane","9":"pa_rozmiar-m-38","10":"pa_rozmiar-l-40","12":"first","13":"instock","14":"sale","15":"purchasable","16":"product-type-simple"},"_links":{"self":[{"href":"https:\/\/madelinefashion.pl\/sk\/wp-json\/wp\/v2\/product\/1219","targetHints":{"allow":["GET"]}}],"collection":[{"href":"https:\/\/madelinefashion.pl\/sk\/wp-json\/wp\/v2\/product"}],"about":[{"href":"https:\/\/madelinefashion.pl\/sk\/wp-json\/wp\/v2\/types\/product"}],"wp:featuredmedia":[{"embeddable":true,"href":"https:\/\/madelinefashion.pl\/sk\/wp-json\/wp\/v2\/media\/25580"}],"wp:attachment":[{"href":"https:\/\/madelinefashion.pl\/sk\/wp-json\/wp\/v2\/media?parent=1219"}],"wp:term":[{"taxonomy":"product_brand","embeddable":true,"href":"https:\/\/madelinefashion.pl\/sk\/wp-json\/wp\/v2\/product_brand?post=1219"},{"taxonomy":"product_cat","embeddable":true,"href":"https:\/\/madelinefashion.pl\/sk\/wp-json\/wp\/v2\/product_cat?post=1219"},{"taxonomy":"product_tag","embeddable":true,"href":"https:\/\/madelinefashion.pl\/sk\/wp-json\/wp\/v2\/product_tag?post=1219"}],"curies":[{"name":"pracovn\u00fd list","href":"https:\/\/api.w.org\/{rel}","templated":true}]}}

Dlhá kožušinová vesta s karamelovou kapucňou

<h3 style="text-align: center;">Dlhá kožušinová vesta s karamelovou kapucňou</h3>
<p style="text-align: center;"><strong>Kožušinová vesta</strong> toto <strong>najmódnejší štýl tejto sezóny</strong>. Vesta s kapucňou z umelej kožušiny. Nezvyčajne <strong>teplé a príjemné na dotyk</strong>. Vesta s <strong>srsť</strong> vhodné pre oboch <a href="https://madelinefashion.pl/sk/spodnie/">nohavice</a>, <a href="https://madelinefashion.pl/sk/spodnice/">sukne</a> ak <a href="https://madelinefashion.pl/sk/sukienki-i-kombinezony/">Šaty</a>. Skvele sa k nej bude hodiť aj kožušinová vesta bez rukávov <a href="https://madelinefashion.pl/sk/swetry/swetry-damskie/"><strong>svetre</strong></a>, <a href="https://madelinefashion.pl/sk/swetry/kardigany-damskie/">vesty</a> a predovšetkým je to ideálny návrh na nosenie pri všetkých príležitostiach <strong><a href="https://madelinefashion.pl/sk/kurtki-i-plaszcze/kurtki/">bundy</a></strong>. Skvele sa bude hodiť k našim <strong>Ramones</strong> napríklad model <strong><a href="https://madelinefashion.pl/sk/ramoneska-biker-czarna/">motorkár</a></strong>čo je tiež <strong>najpredávanejší</strong>. je to? <strong>najmódnejší štýl tejto sezóny</strong> – na tvorenie vám postačí jedna z našich viest vo vašom šatníku <strong>nadčasové štýly</strong>. Využijete ju ako na vychádzky s priateľmi do mesta, tak aj na večerný styling na párty. Je to bestseller <strong>ponuka na každú príležitosť</strong>. Ideálne na každý deň a na párty, kde chcete vyzerať skvele a zároveň sa cítiť skvele. Najmódnejší hit sezóny a absolútny <strong>musíte mať vo svojom šatníku</strong>ktoré vám pomôžu vytvoriť <strong>ležérny vzhľad</strong> a doplní mnohé pôsobivé štylizácie jesene a skorej jari. Rozhodnite sa pre nákup <strong>maxi kožušinová vesta</strong>a nebudete ľutovať. Iste sa presvedčíte, koľko vám taká jedna vec vo vašom šatníku dá. Dostupné v našom <a href="https://madelinefashion.pl/sk/kamizelki/">e-shop</a> v malom <strong>farebné varianty a rôzne dĺžky</strong> tak neváhajte a vyberte si ten, ktorý je pre vás <strong>si dokonalý</strong>. Ak sa neviete rozhodnúť akú farbu, tak veľkosť <strong>pre</strong> <strong>si najlepší</strong>, kontaktujte nás prostredníctvom <strong><a href="https://www.facebook.com/madelinefashionbutik/" target="_blank" rel="noopener">Facebook</a></strong> alebo <a href="https://madelinefashion.pl/sk/kontakt/">telefón</a>. Úžasná kvalita za najlepšiu cenu! Kožušinová vesta sa bude skvele hodiť ako módny doplnok, ktorý využijete vo svojej<strong> štylizácie</strong> ! Vesty majú miniháčiky, vďaka ktorým si vestu pripnete.<strong>  Jedna veľkosť pre všetkých, odporúčaná SML XL</strong></p>
<h2 style="text-align: center;">Rozmery</h2>
<p style="text-align: center;">Celková dĺžka - 100 cm<br />
Šírka od pazuchy po pazuchu 53 -55 cm<br />
Max v prsiach - 105-110 cm<br />
Šírka pása - 53-55 cm</p>
<p style="text-align: center;">Rozmery sa môžu mierne líšiť od uvedených +/- 2cm. Všetky uvedené rozmery sú merané plošne.</p>
<table width="437">
<tbody>
<tr>
<td width="302">Meno modela</td>
<td width="302">Dlhá kožušinová vesta s kapucňou</td>
</tr>
<tr>
<td width="302">Farba</td>
<td width="302">karamel</td>
</tr>
<tr>
<td width="302">Zbierka</td>
<td width="302"> JAR/JESEŇ/ZIMA</td>
</tr>
<tr>
<td width="302">Veľkosť</td>
<td width="302">Univerzálny</td>
</tr>
<tr>
<td width="302">Móda</td>
<td width="302">nadrozmerné</td>
</tr>
<tr>
<td width="302">Hood</td>
<td width="302">Áno</td>
</tr>
<tr>
<td width="302">Otepľovanie</td>
<td width="302">Podšívka</td>
</tr>
<tr>
<td width="302">Materiál</td>
<td width="302">Prešívanie polyester/koža 100%</td>
</tr>
</tbody>
</table>

<p>Kamizelka Długa Futrzana Z Kapturem Karmelowa Kamizelka Futrzana to najmodniejszy fason w tym sezonie. Kamizelka z kapturem wykonana ze sztucznego futerka. Niezwykle ciepła i przyjemna w dotyku. Kamizelka z futra nadaje się zarówno do spodni, spódnic czy sukienek. Bezrękawnik z futerka idealnie będzie komponować się również ze swetrami, kardiganami a przede wszystkim jest to idealna propozycja</p>
<div class="klb-readmore post-buttons"><a class="button black outline size-sm" href="https://madelinefashion.pl/sk/kamizelka-dluga-futrzana-z-kapturem-karmelowa/">Čítať ďalej <i class="klbth-icon-right-arrow"></i></a></div>

pracovný list
