{"id":12244,"date":"2021-05-14T18:30:21","date_gmt":"2021-05-14T16:30:21","guid":{"rendered":"https:\/\/madelinefashion.pl\/?post_type=product&#038;p=12244"},"modified":"2025-09-09T10:34:36","modified_gmt":"2025-09-09T08:34:36","slug":"sukienka-koronkowa-z-tiulem-cordoba-mini-czarna-wrzos","status":"publish","type":"product","link":"https:\/\/madelinefashion.pl\/sk\/sukienka-koronkowa-z-tiulem-cordoba-mini-czarna-wrzos\/","title":{"rendered":"\u010cipkovan\u00e9 \u0161aty s mini \u010diernym tylom Cordoba"},"content":{"rendered":"<h3 style=\"text-align: center;\">\u010cipkovan\u00e9 \u0161aty s mini \u010diernym tylom Cordoba<\/h3>\n<p style=\"text-align: center;\"><span style=\"font-size: 10pt;\">H\u013ead\u00e1te pohodln\u00e9 a\u00a0<strong>\u0161t\u00fdlov\u00e9 \u0161aty<\/strong>\u017ee budete vy\u010dnieva\u0165 z davu? \u010cipkovan\u00e9 \u0161aty s tylov\u00fdm spodkom z kvalitn\u00e9ho materi\u00e1lu. \u010cipkovan\u00e9 \u0161aty v midi d\u013a\u017eke s\u00fa ide\u00e1lnym n\u00e1vrhom na ka\u017ed\u00fd de\u0148, <strong>krstu, sv\u00e4t\u00e9ho prij\u00edmania, svadby a in\u00fdch rodinn\u00fdch osl\u00e1v. <\/strong>S\u00fa\u010das\u0165ou \u0161iat je spodn\u00e1 \u010das\u0165 zakon\u010den\u00e1 tylom, vrch \u0161iat je \u010dipkovan\u00fd, pod pod\u0161\u00edvkou s\u00fa \u0161aty. Kr\u00e1sne, \u0161t\u00fdlov\u00e9, ve\u013emi \u017eensk\u00e9 \u0161aty posl\u00fa\u017eia ako z\u00e1klad mnoh\u00fdch \u0161tyliz\u00e1ci\u00ed. \u0160aty <strong>kr\u00e1tka cordoba<\/strong> dokonale odha\u013euje nohy. <strong>Dostupn\u00e9 v mnoh\u00fdch farebn\u00fdch variantoch<\/strong>. <strong>Odpor\u00fa\u010dame pre d\u00e1my vo ve\u013ekosti XS SML<\/strong> <strong>XL <\/strong>Ak nos\u00edte v\u00e4\u010d\u0161iu ve\u013ekos\u0165, pozorne si skontrolujte miery.\u00a0<\/span><\/p>\n<h3 style=\"text-align: center;\">\u00a0 \u00a0 \u00a0Rozmery<\/h3>\n<ul>\n<li style=\"text-align: center;\">Celkov\u00e1 predn\u00e1 d\u013a\u017eka - 93 cm<\/li>\n<li style=\"text-align: center;\">\u0160\u00edrka ramien - 39 cm<\/li>\n<li style=\"text-align: center;\">\u0160\u00edrka od pazuchy po pazuchu - 35-48 cm<\/li>\n<li style=\"text-align: center;\">\u0160\u00edrka p\u00e1sa - 31-46 cm<\/li>\n<li style=\"text-align: center;\"><\/li>\n<\/ul>\n<p style=\"text-align: center;\">Rozmery sa m\u00f4\u017eu mierne l\u00ed\u0161i\u0165 od uveden\u00fdch +\/- 2cm. V\u0161etky uveden\u00e9 rozmery s\u00fa meran\u00e9 plo\u0161ne.<\/p>\n<h3 style=\"text-align: center;\">Charakteristika:<\/h3>\n<p align=\"center\">-\u0161aty<br \/>\n- univerz\u00e1lny<br \/>\n- vyroben\u00e9 z vysoko kvalitn\u00e9ho materi\u00e1lu<br \/>\n-m\u00f3dne<br \/>\n-\u017dena<br \/>\n-\u010dipka<br \/>\n-tyl<\/p>\n<table>\n<tbody>\n<tr>\n<td width=\"302\">Meno modela<\/td>\n<td width=\"302\">Cordoba Mini \u010dipkovan\u00e9 \u0161aty s tylom<\/td>\n<\/tr>\n<tr>\n<td width=\"302\">Farba<\/td>\n<td width=\"302\">\u010cierna + vres<\/td>\n<\/tr>\n<tr>\n<td width=\"302\">ve\u013ekosti<\/td>\n<td width=\"302\">Univerz\u00e1lny<\/td>\n<\/tr>\n<tr>\n<td width=\"302\">M\u00f3da<\/td>\n<td width=\"302\">nadrozmern\u00e9<\/td>\n<\/tr>\n<tr>\n<td width=\"302\">Materi\u00e1l<\/td>\n<td width=\"302\">100 % Polyester<\/td>\n<\/tr>\n<\/tbody>\n<\/table>\n<p style=\"text-align: center;\">\u00a0Model m\u00e1\u00a0<strong>165<\/strong>\u00a0cm vysok\u00fd, nos\u00ed ve\u013ekos\u0165 ka\u017ed\u00fd de\u0148\u00a0<strong>S<\/strong><\/p>\n<p style=\"text-align: center;\">","protected":false},"excerpt":{"rendered":"<p>Sukienka Koronkowa z Tiulem Cordoba Mini Czarna Wrzos Szukasz wygodnej i\u00a0stylowej Sukienki, w kt\u00f3rej wyr\u00f3\u017cnisz si\u0119 z t\u0142umu? Sukienka koronkowa z tiulowym do\u0142em wykonana z wysokiej jako\u015bci materia\u0142u. Sukienka o d\u0142ugo\u015bci midi koronkowa to idealna propozycja na co dzie\u0144, chrzest, komuni\u0119, wesele i inne rodzinne uroczysto\u015bci. Sukienka zawiera d\u00f3\u0142 zako\u0144czony tiulem, g\u00f3ra sukienki jest koronkowa,<\/p>\n<div class=\"klb-readmore post-buttons\"><a class=\"button black outline size-sm\" href=\"https:\/\/madelinefashion.pl\/sk\/sukienka-koronkowa-z-tiulem-cordoba-mini-czarna-wrzos\/\">\u010c\u00edta\u0165 \u010falej <i class=\"klbth-icon-right-arrow\"><\/i><\/a><\/div>","protected":false},"featured_media":12243,"template":"","meta":[],"product_brand":[],"product_cat":[125,395],"product_tag":[215],"class_list":{"0":"post-12244","1":"product","2":"type-product","3":"status-publish","4":"has-post-thumbnail","6":"product_cat-sukienki","7":"product_cat-nowosci","8":"product_tag-sukienki-rozowe","10":"first","11":"outofstock","12":"purchasable","13":"product-type-simple"},"_links":{"self":[{"href":"https:\/\/madelinefashion.pl\/sk\/wp-json\/wp\/v2\/product\/12244","targetHints":{"allow":["GET"]}}],"collection":[{"href":"https:\/\/madelinefashion.pl\/sk\/wp-json\/wp\/v2\/product"}],"about":[{"href":"https:\/\/madelinefashion.pl\/sk\/wp-json\/wp\/v2\/types\/product"}],"wp:featuredmedia":[{"embeddable":true,"href":"https:\/\/madelinefashion.pl\/sk\/wp-json\/wp\/v2\/media\/12243"}],"wp:attachment":[{"href":"https:\/\/madelinefashion.pl\/sk\/wp-json\/wp\/v2\/media?parent=12244"}],"wp:term":[{"taxonomy":"product_brand","embeddable":true,"href":"https:\/\/madelinefashion.pl\/sk\/wp-json\/wp\/v2\/product_brand?post=12244"},{"taxonomy":"product_cat","embeddable":true,"href":"https:\/\/madelinefashion.pl\/sk\/wp-json\/wp\/v2\/product_cat?post=12244"},{"taxonomy":"product_tag","embeddable":true,"href":"https:\/\/madelinefashion.pl\/sk\/wp-json\/wp\/v2\/product_tag?post=12244"}],"curies":[{"name":"pracovn\u00fd list","href":"https:\/\/api.w.org\/{rel}","templated":true}]}}

Čipkované šaty s mini čiernym tylom Cordoba

<h3 style="text-align: center;">Čipkované šaty s mini čiernym tylom Cordoba</h3>
<p style="text-align: center;"><span style="font-size: 10pt;">Hľadáte pohodlné a <strong>štýlové šaty</strong>že budete vyčnievať z davu? Čipkované šaty s tylovým spodkom z kvalitného materiálu. Čipkované šaty v midi dĺžke sú ideálnym návrhom na každý deň, <strong>krstu, svätého prijímania, svadby a iných rodinných osláv. </strong>Súčasťou šiat je spodná časť zakončená tylom, vrch šiat je čipkovaný, pod podšívkou sú šaty. Krásne, štýlové, veľmi ženské šaty poslúžia ako základ mnohých štylizácií. Šaty <strong>krátka cordoba</strong> dokonale odhaľuje nohy. <strong>Dostupné v mnohých farebných variantoch</strong>. <strong>Odporúčame pre dámy vo veľkosti XS SML</strong> <strong>XL </strong>Ak nosíte väčšiu veľkosť, pozorne si skontrolujte miery. </span></p>
<h3 style="text-align: center;">     Rozmery</h3>
<ul>
<li style="text-align: center;">Celková predná dĺžka - 93 cm</li>
<li style="text-align: center;">Šírka ramien - 39 cm</li>
<li style="text-align: center;">Šírka od pazuchy po pazuchu - 35-48 cm</li>
<li style="text-align: center;">Šírka pása - 31-46 cm</li>
<li style="text-align: center;"></li>
</ul>
<p style="text-align: center;">Rozmery sa môžu mierne líšiť od uvedených +/- 2cm. Všetky uvedené rozmery sú merané plošne.</p>
<h3 style="text-align: center;">Charakteristika:</h3>
<p align="center">-šaty<br />
- univerzálny<br />
- vyrobené z vysoko kvalitného materiálu<br />
-módne<br />
-Žena<br />
-čipka<br />
-tyl</p>
<table>
<tbody>
<tr>
<td width="302">Meno modela</td>
<td width="302">Cordoba Mini čipkované šaty s tylom</td>
</tr>
<tr>
<td width="302">Farba</td>
<td width="302">Čierna + vres</td>
</tr>
<tr>
<td width="302">veľkosti</td>
<td width="302">Univerzálny</td>
</tr>
<tr>
<td width="302">Móda</td>
<td width="302">nadrozmerné</td>
</tr>
<tr>
<td width="302">Materiál</td>
<td width="302">100 % Polyester</td>
</tr>
</tbody>
</table>
<p style="text-align: center;"> Model má <strong>165</strong> cm vysoký, nosí veľkosť každý deň <strong>S</strong></p>
<p style="text-align: center;">

<p>Sukienka Koronkowa z Tiulem Cordoba Mini Czarna Wrzos Szukasz wygodnej i stylowej Sukienki, w której wyróżnisz się z tłumu? Sukienka koronkowa z tiulowym dołem wykonana z wysokiej jakości materiału. Sukienka o długości midi koronkowa to idealna propozycja na co dzień, chrzest, komunię, wesele i inne rodzinne uroczystości. Sukienka zawiera dół zakończony tiulem, góra sukienki jest koronkowa,</p>
<div class="klb-readmore post-buttons"><a class="button black outline size-sm" href="https://madelinefashion.pl/sk/sukienka-koronkowa-z-tiulem-cordoba-mini-czarna-wrzos/">Čítať ďalej <i class="klbth-icon-right-arrow"></i></a></div>

pracovný list
