{"id":12246,"date":"2021-05-14T18:33:36","date_gmt":"2021-05-14T16:33:36","guid":{"rendered":"https:\/\/madelinefashion.pl\/?post_type=product&#038;p=12246"},"modified":"2025-09-09T10:34:36","modified_gmt":"2025-09-09T08:34:36","slug":"sukienka-koronkowa-z-tiulem-cordoba-mini-bezowa","status":"publish","type":"product","link":"https:\/\/madelinefashion.pl\/sk\/sukienka-koronkowa-z-tiulem-cordoba-mini-bezowa\/","title":{"rendered":"\u010cipkovan\u00e9 \u0161aty s tylom Cordoba Mini B\u00e9\u017eov\u00e1"},"content":{"rendered":"<h3 style=\"text-align: center;\">\u010cipkovan\u00e9 \u0161aty s tylom Cordoba Mini B\u00e9\u017eov\u00e1<\/h3>\n<p style=\"text-align: center;\"><span style=\"font-size: 10pt;\">H\u013ead\u00e1te pohodln\u00e9 a\u00a0<strong>\u0161t\u00fdlov\u00e9 \u0161aty<\/strong>\u017ee budete vy\u010dnieva\u0165 z davu? \u010cipkovan\u00e9 \u0161aty s tylov\u00fdm spodkom z kvalitn\u00e9ho materi\u00e1lu. \u010cipkovan\u00e9 \u0161aty v midi d\u013a\u017eke s\u00fa ide\u00e1lnym n\u00e1vrhom na ka\u017ed\u00fd de\u0148, <strong>krstu, sv\u00e4t\u00e9ho prij\u00edmania, svadby a in\u00fdch rodinn\u00fdch osl\u00e1v. <\/strong>S\u00fa\u010das\u0165ou \u0161iat je spodn\u00e1 \u010das\u0165 zakon\u010den\u00e1 tylom, vrch \u0161iat je \u010dipkovan\u00fd, pod pod\u0161\u00edvkou s\u00fa \u0161aty. Kr\u00e1sne, \u0161t\u00fdlov\u00e9, ve\u013emi \u017eensk\u00e9 \u0161aty posl\u00fa\u017eia ako z\u00e1klad mnoh\u00fdch \u0161tyliz\u00e1ci\u00ed. \u0160aty <strong>kr\u00e1tka cordoba<\/strong> dokonale odha\u013euje nohy. <strong>Dostupn\u00e9 v mnoh\u00fdch farebn\u00fdch variantoch<\/strong>. <strong>Odpor\u00fa\u010dame pre d\u00e1my vo ve\u013ekosti XS SML<\/strong> <strong>XL <\/strong>Ak nos\u00edte v\u00e4\u010d\u0161iu ve\u013ekos\u0165, pozorne si skontrolujte miery.\u00a0<\/span><\/p>\n<h3 style=\"text-align: center;\">\u00a0 \u00a0 \u00a0Rozmery<\/h3>\n<ul>\n<li style=\"text-align: center;\">Celkov\u00e1 predn\u00e1 d\u013a\u017eka - 93 cm<\/li>\n<li style=\"text-align: center;\">\u0160\u00edrka ramien - 39 cm<\/li>\n<li style=\"text-align: center;\">\u0160\u00edrka od pazuchy po pazuchu - 35-48 cm<\/li>\n<li style=\"text-align: center;\">\u0160\u00edrka p\u00e1sa - 31-46 cm<\/li>\n<li style=\"text-align: center;\"><\/li>\n<\/ul>\n<p style=\"text-align: center;\">Rozmery sa m\u00f4\u017eu mierne l\u00ed\u0161i\u0165 od uveden\u00fdch +\/- 2cm. V\u0161etky uveden\u00e9 rozmery s\u00fa meran\u00e9 plo\u0161ne.<\/p>\n<h3 style=\"text-align: center;\">Charakteristika:<\/h3>\n<p align=\"center\">-\u0161aty<br \/>\n- univerz\u00e1lny<br \/>\n- vyroben\u00e9 z vysoko kvalitn\u00e9ho materi\u00e1lu<br \/>\n-m\u00f3dne<br \/>\n-\u017dena<br \/>\n-\u010dipka<br \/>\n-tyl<\/p>\n<table>\n<tbody>\n<tr>\n<td width=\"302\">Meno modela<\/td>\n<td width=\"302\">Cordoba Mini \u010dipkovan\u00e9 \u0161aty s tylom<\/td>\n<\/tr>\n<tr>\n<td width=\"302\">Farba<\/td>\n<td width=\"302\">B\u00e9\u017eov\u00e1<\/td>\n<\/tr>\n<tr>\n<td width=\"302\">ve\u013ekosti<\/td>\n<td width=\"302\">Univerz\u00e1lny<\/td>\n<\/tr>\n<tr>\n<td width=\"302\">M\u00f3da<\/td>\n<td width=\"302\">nadrozmern\u00e9<\/td>\n<\/tr>\n<tr>\n<td width=\"302\">Materi\u00e1l<\/td>\n<td width=\"302\">100 % Polyester<\/td>\n<\/tr>\n<\/tbody>\n<\/table>\n<p style=\"text-align: center;\">\u00a0Model m\u00e1\u00a0<strong>165<\/strong>\u00a0cm vysok\u00fd, nos\u00ed ve\u013ekos\u0165 ka\u017ed\u00fd de\u0148\u00a0<strong>S<\/strong><\/p>\n<p style=\"text-align: center;\">","protected":false},"excerpt":{"rendered":"<p>Mini \u0161aty Cordoba z \u010dipky a tylu v b\u00e9\u017eovej farbe. H\u013ead\u00e1te pohodln\u00e9 a \u0161t\u00fdlov\u00e9 \u0161aty, v\u010faka ktor\u00fdm vyniknete z davu? Tieto \u010dipkovan\u00e9 \u0161aty s tylovou suk\u0148ou s\u00fa vyroben\u00e9 z vysoko kvalitn\u00e9ho materi\u00e1lu. Tieto midi dlh\u00e9 \u010dipkovan\u00e9 \u0161aty s\u00fa ide\u00e1lne na ka\u017edodenn\u00e9 nosenie, krsty, sv\u00e4t\u00e9 prij\u00edmania, svadby a in\u00e9 rodinn\u00e9 oslavy. \u0160aty maj\u00fa tylov\u00fa suk\u0148u, \u010dipkovan\u00fd top a<\/p>\n<div class=\"klb-readmore post-buttons\"><a class=\"button black outline size-sm\" href=\"https:\/\/madelinefashion.pl\/sk\/sukienka-koronkowa-z-tiulem-cordoba-mini-bezowa\/\">\u010c\u00edta\u0165 \u010falej <i class=\"klbth-icon-right-arrow\"><\/i><\/a><\/div>","protected":false},"featured_media":12227,"template":"","meta":[],"product_brand":[],"product_cat":[125,395],"product_tag":[],"class_list":{"0":"post-12246","1":"product","2":"type-product","3":"status-publish","4":"has-post-thumbnail","6":"product_cat-sukienki","7":"product_cat-nowosci","9":"first","10":"instock","11":"purchasable","12":"product-type-simple"},"_links":{"self":[{"href":"https:\/\/madelinefashion.pl\/sk\/wp-json\/wp\/v2\/product\/12246","targetHints":{"allow":["GET"]}}],"collection":[{"href":"https:\/\/madelinefashion.pl\/sk\/wp-json\/wp\/v2\/product"}],"about":[{"href":"https:\/\/madelinefashion.pl\/sk\/wp-json\/wp\/v2\/types\/product"}],"wp:featuredmedia":[{"embeddable":true,"href":"https:\/\/madelinefashion.pl\/sk\/wp-json\/wp\/v2\/media\/12227"}],"wp:attachment":[{"href":"https:\/\/madelinefashion.pl\/sk\/wp-json\/wp\/v2\/media?parent=12246"}],"wp:term":[{"taxonomy":"product_brand","embeddable":true,"href":"https:\/\/madelinefashion.pl\/sk\/wp-json\/wp\/v2\/product_brand?post=12246"},{"taxonomy":"product_cat","embeddable":true,"href":"https:\/\/madelinefashion.pl\/sk\/wp-json\/wp\/v2\/product_cat?post=12246"},{"taxonomy":"product_tag","embeddable":true,"href":"https:\/\/madelinefashion.pl\/sk\/wp-json\/wp\/v2\/product_tag?post=12246"}],"curies":[{"name":"pracovn\u00fd list","href":"https:\/\/api.w.org\/{rel}","templated":true}]}}

Čipkované šaty s tylom Cordoba Mini Béžová

<h3 style="text-align: center;">Čipkované šaty s tylom Cordoba Mini Béžová</h3>
<p style="text-align: center;"><span style="font-size: 10pt;">Hľadáte pohodlné a <strong>štýlové šaty</strong>že budete vyčnievať z davu? Čipkované šaty s tylovým spodkom z kvalitného materiálu. Čipkované šaty v midi dĺžke sú ideálnym návrhom na každý deň, <strong>krstu, svätého prijímania, svadby a iných rodinných osláv. </strong>Súčasťou šiat je spodná časť zakončená tylom, vrch šiat je čipkovaný, pod podšívkou sú šaty. Krásne, štýlové, veľmi ženské šaty poslúžia ako základ mnohých štylizácií. Šaty <strong>krátka cordoba</strong> dokonale odhaľuje nohy. <strong>Dostupné v mnohých farebných variantoch</strong>. <strong>Odporúčame pre dámy vo veľkosti XS SML</strong> <strong>XL </strong>Ak nosíte väčšiu veľkosť, pozorne si skontrolujte miery. </span></p>
<h3 style="text-align: center;">     Rozmery</h3>
<ul>
<li style="text-align: center;">Celková predná dĺžka - 93 cm</li>
<li style="text-align: center;">Šírka ramien - 39 cm</li>
<li style="text-align: center;">Šírka od pazuchy po pazuchu - 35-48 cm</li>
<li style="text-align: center;">Šírka pása - 31-46 cm</li>
<li style="text-align: center;"></li>
</ul>
<p style="text-align: center;">Rozmery sa môžu mierne líšiť od uvedených +/- 2cm. Všetky uvedené rozmery sú merané plošne.</p>
<h3 style="text-align: center;">Charakteristika:</h3>
<p align="center">-šaty<br />
- univerzálny<br />
- vyrobené z vysoko kvalitného materiálu<br />
-módne<br />
-Žena<br />
-čipka<br />
-tyl</p>
<table>
<tbody>
<tr>
<td width="302">Meno modela</td>
<td width="302">Cordoba Mini čipkované šaty s tylom</td>
</tr>
<tr>
<td width="302">Farba</td>
<td width="302">Béžová</td>
</tr>
<tr>
<td width="302">veľkosti</td>
<td width="302">Univerzálny</td>
</tr>
<tr>
<td width="302">Móda</td>
<td width="302">nadrozmerné</td>
</tr>
<tr>
<td width="302">Materiál</td>
<td width="302">100 % Polyester</td>
</tr>
</tbody>
</table>
<p style="text-align: center;"> Model má <strong>165</strong> cm vysoký, nosí veľkosť každý deň <strong>S</strong></p>
<p style="text-align: center;">

<p>Mini šaty Cordoba z čipky a tylu v béžovej farbe. Hľadáte pohodlné a štýlové šaty, vďaka ktorým vyniknete z davu? Tieto čipkované šaty s tylovou sukňou sú vyrobené z vysoko kvalitného materiálu. Tieto midi dlhé čipkované šaty sú ideálne na každodenné nosenie, krsty, sväté prijímania, svadby a iné rodinné oslavy. Šaty majú tylovú sukňu, čipkovaný top a</p>
<div class="klb-readmore post-buttons"><a class="button black outline size-sm" href="https://madelinefashion.pl/sk/sukienka-koronkowa-z-tiulem-cordoba-mini-bezowa/">Čítať ďalej <i class="klbth-icon-right-arrow"></i></a></div>

pracovný list
