{"id":12729,"date":"2021-05-26T19:25:06","date_gmt":"2021-05-26T17:25:06","guid":{"rendered":"https:\/\/madelinefashion.pl\/?post_type=product&#038;p=12729"},"modified":"2026-04-10T14:43:42","modified_gmt":"2026-04-10T12:43:42","slug":"sukienka-koronkowa-asymetryczna-elena-czarna","status":"publish","type":"product","link":"https:\/\/madelinefashion.pl\/sk\/sukienka-koronkowa-asymetryczna-elena-czarna\/","title":{"rendered":"Asymetrick\u00e9 \u010dipkovan\u00e9 \u0161aty Elena Black"},"content":{"rendered":"<h3 style=\"text-align: center;\">Asymetrick\u00e9 \u010dipkovan\u00e9 \u0161aty Elena Black<\/h3>\n<p style=\"text-align: center;\"><span style=\"font-size: 10pt;\">H\u013ead\u00e1te pohodln\u00e9 a\u00a0<strong>\u0161t\u00fdlov\u00e9 \u0161aty<\/strong>\u017ee budete vy\u010dnieva\u0165 z davu? \u010cipkovan\u00e9 \u0161aty s dlh\u0161\u00edm zadn\u00fdm dielom z kvalitn\u00e9ho materi\u00e1lu. Maxi \u010dipkovan\u00e9 \u0161aty s\u00fa perfektn\u00fdm n\u00e1vrhom na ka\u017ed\u00fd de\u0148, <strong>krstu, sv\u00e4t\u00e9ho prij\u00edmania, svadby a in\u00fdch rodinn\u00fdch osl\u00e1v. <\/strong>\u00a0Kr\u00e1sne, \u0161t\u00fdlov\u00e9, ve\u013emi \u017eensk\u00e9 \u0161aty posl\u00fa\u017eia ako z\u00e1klad mnoh\u00fdch \u0161tyliz\u00e1ci\u00ed. \u0160aty s ob\u00e1lkov\u00fdm v\u00fdstrihom jemne odhalia poprsie. <strong>Dostupn\u00e9 v mnoh\u00fdch farebn\u00fdch variantoch<\/strong>. <strong>Odpor\u00fa\u010dame pre d\u00e1my vo ve\u013ekosti XS SML<\/strong> <strong>XL <\/strong>Ak nos\u00edte v\u00e4\u010d\u0161iu ve\u013ekos\u0165, pozorne si skontrolujte miery.\u00a0<\/span><\/p>\n<h3 style=\"text-align: center;\">\u00a0 \u00a0 \u00a0Rozmery<\/h3>\n<ul>\n<li style=\"text-align: center;\">Celkov\u00e1 predn\u00e1 d\u013a\u017eka - 99 cm<\/li>\n<li style=\"text-align: center;\">Celkov\u00e1 d\u013a\u017eka chrbta - 133 cm<\/li>\n<li style=\"text-align: center;\">\u0160\u00edrka ramien - 36 cm<\/li>\n<li style=\"text-align: center;\">\u0160\u00edrka od pazuchy po pazuchu - 42-57 cm<\/li>\n<li style=\"text-align: center;\">\u0160\u00edrka p\u00e1sa - 30-53 cm<\/li>\n<li style=\"text-align: center;\"><\/li>\n<\/ul>\n<p style=\"text-align: center;\">Rozmery sa m\u00f4\u017eu mierne l\u00ed\u0161i\u0165 od uveden\u00fdch +\/- 2cm. V\u0161etky uveden\u00e9 rozmery s\u00fa meran\u00e9 plo\u0161ne.<\/p>\n<h3 style=\"text-align: center;\">Charakteristika:<\/h3>\n<p align=\"center\">-\u0161aty<br \/>\n- univerz\u00e1lny<br \/>\n- vyroben\u00e9 z vysoko kvalitn\u00e9ho materi\u00e1lu<br \/>\n-m\u00f3dne<br \/>\n-\u017dena<br \/>\n-\u010dipka<br \/>\n- asymetrick\u00fd<\/p>\n<table>\n<tbody>\n<tr>\n<td width=\"302\">Meno modela<\/td>\n<td width=\"302\">Asymetrick\u00e9 \u010dipkovan\u00e9 \u0161aty Elena<\/td>\n<\/tr>\n<tr>\n<td width=\"302\">Farba<\/td>\n<td width=\"302\">\u010dierna<\/td>\n<\/tr>\n<tr>\n<td width=\"302\">ve\u013ekosti<\/td>\n<td width=\"302\">Univerz\u00e1lny<\/td>\n<\/tr>\n<tr>\n<td width=\"302\">M\u00f3da<\/td>\n<td width=\"302\">nadrozmern\u00e9<\/td>\n<\/tr>\n<tr>\n<td width=\"302\">Materi\u00e1l<\/td>\n<td width=\"302\">70 % Bavlna 30% Nylon<\/td>\n<\/tr>\n<\/tbody>\n<\/table>\n<p style=\"text-align: center;\">\u00a0Model m\u00e1\u00a0<strong>165<\/strong>\u00a0cm vysok\u00fd, nos\u00ed ve\u013ekos\u0165 ka\u017ed\u00fd de\u0148\u00a0<strong>S<\/strong><\/p>\n<p style=\"text-align: center;\">","protected":false},"excerpt":{"rendered":"<p>Sukienka Koronkowa Asymetryczna Elena Czarna Szukasz wygodnej i\u00a0stylowej Sukienki, w kt\u00f3rej wyr\u00f3\u017cnisz si\u0119 z t\u0142umu? Sukienka koronkowa z d\u0142u\u017cszym ty\u0142em wykonana z wysokiej jako\u015bci materia\u0142u. Sukienka o d\u0142ugo\u015bci Maxi koronkowa to idealna propozycja na co dzie\u0144, chrzest, komuni\u0119, wesele i inne rodzinne uroczysto\u015bci. \u00a0Pi\u0119kna, szykowna bardzo kobieca sukienka sprawdzi si\u0119 jako podstawa w wielu stylizacjach.<\/p>\n<div class=\"klb-readmore post-buttons\"><a class=\"button black outline size-sm\" href=\"https:\/\/madelinefashion.pl\/sk\/sukienka-koronkowa-asymetryczna-elena-czarna\/\">\u010c\u00edta\u0165 \u010falej <i class=\"klbth-icon-right-arrow\"><\/i><\/a><\/div>","protected":false},"featured_media":12391,"template":"","meta":[],"product_brand":[],"product_cat":[125,395],"product_tag":[213],"class_list":{"0":"post-12729","1":"product","2":"type-product","3":"status-publish","4":"has-post-thumbnail","6":"product_cat-sukienki","7":"product_cat-nowosci","8":"product_tag-sukienka-czarna","10":"first","11":"instock","12":"purchasable","13":"product-type-simple"},"_links":{"self":[{"href":"https:\/\/madelinefashion.pl\/sk\/wp-json\/wp\/v2\/product\/12729","targetHints":{"allow":["GET"]}}],"collection":[{"href":"https:\/\/madelinefashion.pl\/sk\/wp-json\/wp\/v2\/product"}],"about":[{"href":"https:\/\/madelinefashion.pl\/sk\/wp-json\/wp\/v2\/types\/product"}],"wp:featuredmedia":[{"embeddable":true,"href":"https:\/\/madelinefashion.pl\/sk\/wp-json\/wp\/v2\/media\/12391"}],"wp:attachment":[{"href":"https:\/\/madelinefashion.pl\/sk\/wp-json\/wp\/v2\/media?parent=12729"}],"wp:term":[{"taxonomy":"product_brand","embeddable":true,"href":"https:\/\/madelinefashion.pl\/sk\/wp-json\/wp\/v2\/product_brand?post=12729"},{"taxonomy":"product_cat","embeddable":true,"href":"https:\/\/madelinefashion.pl\/sk\/wp-json\/wp\/v2\/product_cat?post=12729"},{"taxonomy":"product_tag","embeddable":true,"href":"https:\/\/madelinefashion.pl\/sk\/wp-json\/wp\/v2\/product_tag?post=12729"}],"curies":[{"name":"pracovn\u00fd list","href":"https:\/\/api.w.org\/{rel}","templated":true}]}}

Asymetrické čipkované šaty Elena Black

<h3 style="text-align: center;">Asymetrické čipkované šaty Elena Black</h3>
<p style="text-align: center;"><span style="font-size: 10pt;">Hľadáte pohodlné a <strong>štýlové šaty</strong>že budete vyčnievať z davu? Čipkované šaty s dlhším zadným dielom z kvalitného materiálu. Maxi čipkované šaty sú perfektným návrhom na každý deň, <strong>krstu, svätého prijímania, svadby a iných rodinných osláv. </strong> Krásne, štýlové, veľmi ženské šaty poslúžia ako základ mnohých štylizácií. Šaty s obálkovým výstrihom jemne odhalia poprsie. <strong>Dostupné v mnohých farebných variantoch</strong>. <strong>Odporúčame pre dámy vo veľkosti XS SML</strong> <strong>XL </strong>Ak nosíte väčšiu veľkosť, pozorne si skontrolujte miery. </span></p>
<h3 style="text-align: center;">     Rozmery</h3>
<ul>
<li style="text-align: center;">Celková predná dĺžka - 99 cm</li>
<li style="text-align: center;">Celková dĺžka chrbta - 133 cm</li>
<li style="text-align: center;">Šírka ramien - 36 cm</li>
<li style="text-align: center;">Šírka od pazuchy po pazuchu - 42-57 cm</li>
<li style="text-align: center;">Šírka pása - 30-53 cm</li>
<li style="text-align: center;"></li>
</ul>
<p style="text-align: center;">Rozmery sa môžu mierne líšiť od uvedených +/- 2cm. Všetky uvedené rozmery sú merané plošne.</p>
<h3 style="text-align: center;">Charakteristika:</h3>
<p align="center">-šaty<br />
- univerzálny<br />
- vyrobené z vysoko kvalitného materiálu<br />
-módne<br />
-Žena<br />
-čipka<br />
- asymetrický</p>
<table>
<tbody>
<tr>
<td width="302">Meno modela</td>
<td width="302">Asymetrické čipkované šaty Elena</td>
</tr>
<tr>
<td width="302">Farba</td>
<td width="302">čierna</td>
</tr>
<tr>
<td width="302">veľkosti</td>
<td width="302">Univerzálny</td>
</tr>
<tr>
<td width="302">Móda</td>
<td width="302">nadrozmerné</td>
</tr>
<tr>
<td width="302">Materiál</td>
<td width="302">70 % Bavlna 30% Nylon</td>
</tr>
</tbody>
</table>
<p style="text-align: center;"> Model má <strong>165</strong> cm vysoký, nosí veľkosť každý deň <strong>S</strong></p>
<p style="text-align: center;">

<p>Sukienka Koronkowa Asymetryczna Elena Czarna Szukasz wygodnej i stylowej Sukienki, w której wyróżnisz się z tłumu? Sukienka koronkowa z dłuższym tyłem wykonana z wysokiej jakości materiału. Sukienka o długości Maxi koronkowa to idealna propozycja na co dzień, chrzest, komunię, wesele i inne rodzinne uroczystości.  Piękna, szykowna bardzo kobieca sukienka sprawdzi się jako podstawa w wielu stylizacjach.</p>
<div class="klb-readmore post-buttons"><a class="button black outline size-sm" href="https://madelinefashion.pl/sk/sukienka-koronkowa-asymetryczna-elena-czarna/">Čítať ďalej <i class="klbth-icon-right-arrow"></i></a></div>

pracovný list
