{"id":12950,"date":"2021-06-01T14:06:50","date_gmt":"2021-06-01T12:06:50","guid":{"rendered":"https:\/\/madelinefashion.pl\/?post_type=product&#038;p=12950"},"modified":"2026-04-10T14:43:42","modified_gmt":"2026-04-10T12:43:42","slug":"sukienka-mini-kopertowa-pamela-czarna","status":"publish","type":"product","link":"https:\/\/madelinefashion.pl\/sk\/sukienka-mini-kopertowa-pamela-czarna\/","title":{"rendered":"Pamela Black Envelope mini \u0161aty"},"content":{"rendered":"<h3 style=\"text-align: center;\">Pamela Black Envelope mini \u0161aty<\/h3>\n<p style=\"text-align: center;\">\u010cierne Envelope Mini \u0161aty vyroben\u00e9 z materi\u00e1lu pr\u00edjemn\u00e9ho na dotyk. Zmyseln\u00fd a jemn\u00fd strih bude fungova\u0165 v \u0161atn\u00edku ka\u017edej \u017eeny, ktor\u00e1 ho m\u00e1 rada <strong>vy\u010dnieva\u0165 z davu. \u0160aty s kr\u00e1tkym ruk\u00e1vom\u00a0<\/strong>so s\u0165ahovacou \u0161n\u00farkou v p\u00e1se, v\u010faka \u010domu dokonale zv\u00fdrazn\u00ed \u017eensk\u00e9 tvary - perfektne sadne na postavu. \u0160aty s kr\u00e1tkym ruk\u00e1vom zakon\u010den\u00e9 ozdobou <strong>vol\u00e1nik a v\u00fdstrih<\/strong> <strong>ob\u00e1lka<\/strong>ktor\u00fd v<strong>odha\u013euje poprsie<\/strong> \u2013 celku dod\u00e1va \u013eahkos\u0165 a diev\u010densk\u00fd vzh\u013ead. Ide\u00e1lne ako na ka\u017ed\u00fd de\u0148, tak aj na udalosti. Dokonale sa prisp\u00f4sob\u00ed postave. Ide\u00e1lne do \u0161koly, pr\u00e1ce, na rande alebo na stretnutie s priate\u013emi! <strong>Ide\u00e1lne pre ka\u017ed\u00fa pr\u00edle\u017eitos\u0165 a \u010das! Neuverite\u013ene \u017eensk\u00e9, elegantn\u00e9 \u0161aty v univerz\u00e1lnej ve\u013ekosti odpor\u00fa\u010dan\u00e9 od XS po L.<\/strong> Dostupn\u00e9 vo viacer\u00fdch farb\u00e1ch. Odpor\u00fa\u010dame kombinova\u0165 s na\u0161imi \u010diernymi <a href=\"https:\/\/madelinefashion.pl\/sk\/product-tag\/ramoneski\/\">Ramones.<\/a>Bude dobre fungova\u0165 na dovolenk\u00e1ch, rande, neform\u00e1lnych stretnutiach s priate\u013emi, ako aj na svadb\u00e1ch, rodinn\u00fdch okolnostiach<\/p>\n<h3 style=\"text-align: center;\">Rozmery:<span style=\"font-size: 10pt;\">\u00a0 \u00a0<\/span><\/h3>\n<ul style=\"text-align: center;\">\n<li style=\"text-align: center;\"><span style=\"font-size: 10pt;\">celkov\u00e1 predn\u00e1 d\u013a\u017eka: 94 cm<br \/>\n<\/span><\/li>\n<li>\u0161\u00edrka ramien: 29 cm<\/li>\n<li style=\"text-align: center;\"><span style=\"font-size: 10pt;\">\u00a0\u00a0\u00a0\u00a0\u00a0\u00a0\u00a0 \u0161\u00edrka od pazuchy po pazuchu: 34-44 cm<\/span><span style=\"font-size: 10pt;\"><br \/>\n<\/span><\/li>\n<li style=\"text-align: center;\"><span style=\"font-size: 10pt;\">\u00a0\u00a0\u00a0\u00a0\u00a0\u00a0\u00a0 \u0161\u00edrka v p\u00e1se: 36 cm<\/span><\/li>\n<\/ul>\n<p>&nbsp;<\/p>\n<p style=\"text-align: center;\"><span style=\"font-size: 10pt;\">Rozmery sa m\u00f4\u017eu mierne l\u00ed\u0161i\u0165 od uveden\u00fdch +\/- 2cm. V\u0161etko dan\u00e9 <strong>rozmery s\u00fa meran\u00e9 plo\u0161ne. rozmer x2<\/strong><\/span><\/p>\n<p>&nbsp;<\/p>\n<h3 style=\"text-align: center;\">Charakteristika:<\/h3>\n<p style=\"text-align: center;\"><span style=\"font-size: 10pt;\">\u2013 s\u0165ahovacia \u0161n\u00farka v p\u00e1se;<br \/>\n- kr\u00e1tky ruk\u00e1v;<br \/>\n- roz\u0161\u00edren\u00e9 \u0161aty;<br \/>\n\u2013 midi d\u013a\u017eka;<br \/>\n- hlbok\u00e9 \u0161tiepenie;<br \/>\n- vol\u00e1niky na ruk\u00e1ve<br \/>\n<\/span><\/p>\n<table width=\"621\">\n<tbody>\n<tr>\n<td width=\"302\">Meno modela<\/td>\n<td width=\"302\">Mini\u0161aty Pamela Wrap<\/td>\n<\/tr>\n<tr>\n<td width=\"302\">Farba<\/td>\n<td width=\"302\">\u010dierna<\/td>\n<\/tr>\n<tr>\n<td width=\"302\">M\u00f3da<\/td>\n<td width=\"302\">nadrozmern\u00e9<\/td>\n<\/tr>\n<tr>\n<td width=\"302\">Materi\u00e1l<\/td>\n<td width=\"302\">60 % Polyester 35% Visk\u00f3za 5% Elastan<\/td>\n<\/tr>\n<tr>\n<td width=\"302\">D\u013a\u017eka<\/td>\n<td width=\"302\">Pred kolenom<\/td>\n<\/tr>\n<\/tbody>\n<\/table>\n<p>&nbsp;<\/p>\n<p style=\"text-align: center;\">\u00a0Model m\u00e1 <strong>165<\/strong> cm vysok\u00fd, nos\u00ed ve\u013ekos\u0165 ka\u017ed\u00fd de\u0148\u00a0<strong>S<\/strong><span style=\"font-size: 10pt;\">\u00a0<\/span><\/p>","protected":false},"excerpt":{"rendered":"<p>Sukienka Mini Kopertowa Pamela Czarna Sukienka Mini Kopertowa w kolorze czarnym\u00a0 wykonana z przyjemnego w dotyku materia\u0142u. Zmys\u0142owy i subtelny kr\u00f3j sprawdzi si\u0119 w szafie ka\u017cdej kobiety, kt\u00f3ra lubi wyr\u00f3\u017cni\u0107 si\u0119 z t\u0142umu. Sukienka na kr\u00f3tki r\u0119kaw\u00a0ze \u015bci\u0105gaczem w pasie dzi\u0119ki czemu perfekcyjnie podkre\u015bla kobiece kszta\u0142ty &#8211; idealnie dopasowuje si\u0119 do sylwetki. Sukienka z kr\u00f3tkim<\/p>\n<div class=\"klb-readmore post-buttons\"><a class=\"button black outline size-sm\" href=\"https:\/\/madelinefashion.pl\/sk\/sukienka-mini-kopertowa-pamela-czarna\/\">\u010c\u00edta\u0165 \u010falej <i class=\"klbth-icon-right-arrow\"><\/i><\/a><\/div>","protected":false},"featured_media":12883,"template":"","meta":[],"product_brand":[],"product_cat":[125,395],"product_tag":[213],"class_list":{"0":"post-12950","1":"product","2":"type-product","3":"status-publish","4":"has-post-thumbnail","6":"product_cat-sukienki","7":"product_cat-nowosci","8":"product_tag-sukienka-czarna","10":"first","11":"instock","12":"purchasable","13":"product-type-simple"},"_links":{"self":[{"href":"https:\/\/madelinefashion.pl\/sk\/wp-json\/wp\/v2\/product\/12950","targetHints":{"allow":["GET"]}}],"collection":[{"href":"https:\/\/madelinefashion.pl\/sk\/wp-json\/wp\/v2\/product"}],"about":[{"href":"https:\/\/madelinefashion.pl\/sk\/wp-json\/wp\/v2\/types\/product"}],"wp:featuredmedia":[{"embeddable":true,"href":"https:\/\/madelinefashion.pl\/sk\/wp-json\/wp\/v2\/media\/12883"}],"wp:attachment":[{"href":"https:\/\/madelinefashion.pl\/sk\/wp-json\/wp\/v2\/media?parent=12950"}],"wp:term":[{"taxonomy":"product_brand","embeddable":true,"href":"https:\/\/madelinefashion.pl\/sk\/wp-json\/wp\/v2\/product_brand?post=12950"},{"taxonomy":"product_cat","embeddable":true,"href":"https:\/\/madelinefashion.pl\/sk\/wp-json\/wp\/v2\/product_cat?post=12950"},{"taxonomy":"product_tag","embeddable":true,"href":"https:\/\/madelinefashion.pl\/sk\/wp-json\/wp\/v2\/product_tag?post=12950"}],"curies":[{"name":"pracovn\u00fd list","href":"https:\/\/api.w.org\/{rel}","templated":true}]}}

Pamela Black Envelope mini šaty

<h3 style="text-align: center;">Pamela Black Envelope mini šaty</h3>
<p style="text-align: center;">Čierne Envelope Mini šaty vyrobené z materiálu príjemného na dotyk. Zmyselný a jemný strih bude fungovať v šatníku každej ženy, ktorá ho má rada <strong>vyčnievať z davu. Šaty s krátkym rukávom </strong>so sťahovacou šnúrkou v páse, vďaka čomu dokonale zvýrazní ženské tvary - perfektne sadne na postavu. Šaty s krátkym rukávom zakončené ozdobou <strong>volánik a výstrih</strong> <strong>obálka</strong>ktorý v<strong>odhaľuje poprsie</strong> – celku dodáva ľahkosť a dievčenský vzhľad. Ideálne ako na každý deň, tak aj na udalosti. Dokonale sa prispôsobí postave. Ideálne do školy, práce, na rande alebo na stretnutie s priateľmi! <strong>Ideálne pre každú príležitosť a čas! Neuveriteľne ženské, elegantné šaty v univerzálnej veľkosti odporúčané od XS po L.</strong> Dostupné vo viacerých farbách. Odporúčame kombinovať s našimi čiernymi <a href="https://madelinefashion.pl/sk/product-tag/ramoneski/">Ramones.</a>Bude dobre fungovať na dovolenkách, rande, neformálnych stretnutiach s priateľmi, ako aj na svadbách, rodinných okolnostiach</p>
<h3 style="text-align: center;">Rozmery:<span style="font-size: 10pt;">   </span></h3>
<ul style="text-align: center;">
<li style="text-align: center;"><span style="font-size: 10pt;">celková predná dĺžka: 94 cm<br />
</span></li>
<li>šírka ramien: 29 cm</li>
<li style="text-align: center;"><span style="font-size: 10pt;">        šírka od pazuchy po pazuchu: 34-44 cm</span><span style="font-size: 10pt;"><br />
</span></li>
<li style="text-align: center;"><span style="font-size: 10pt;">        šírka v páse: 36 cm</span></li>
</ul>
<p>&nbsp;</p>
<p style="text-align: center;"><span style="font-size: 10pt;">Rozmery sa môžu mierne líšiť od uvedených +/- 2cm. Všetko dané <strong>rozmery sú merané plošne. rozmer x2</strong></span></p>
<p>&nbsp;</p>
<h3 style="text-align: center;">Charakteristika:</h3>
<p style="text-align: center;"><span style="font-size: 10pt;">– sťahovacia šnúrka v páse;<br />
- krátky rukáv;<br />
- rozšírené šaty;<br />
– midi dĺžka;<br />
- hlboké štiepenie;<br />
- volániky na rukáve<br />
</span></p>
<table width="621">
<tbody>
<tr>
<td width="302">Meno modela</td>
<td width="302">Minišaty Pamela Wrap</td>
</tr>
<tr>
<td width="302">Farba</td>
<td width="302">čierna</td>
</tr>
<tr>
<td width="302">Móda</td>
<td width="302">nadrozmerné</td>
</tr>
<tr>
<td width="302">Materiál</td>
<td width="302">60 % Polyester 35% Viskóza 5% Elastan</td>
</tr>
<tr>
<td width="302">Dĺžka</td>
<td width="302">Pred kolenom</td>
</tr>
</tbody>
</table>
<p>&nbsp;</p>
<p style="text-align: center;"> Model má <strong>165</strong> cm vysoký, nosí veľkosť každý deň <strong>S</strong><span style="font-size: 10pt;"> </span></p>

<p>Sukienka Mini Kopertowa Pamela Czarna Sukienka Mini Kopertowa w kolorze czarnym  wykonana z przyjemnego w dotyku materiału. Zmysłowy i subtelny krój sprawdzi się w szafie każdej kobiety, która lubi wyróżnić się z tłumu. Sukienka na krótki rękaw ze ściągaczem w pasie dzięki czemu perfekcyjnie podkreśla kobiece kształty &#8211; idealnie dopasowuje się do sylwetki. Sukienka z krótkim</p>
<div class="klb-readmore post-buttons"><a class="button black outline size-sm" href="https://madelinefashion.pl/sk/sukienka-mini-kopertowa-pamela-czarna/">Čítať ďalej <i class="klbth-icon-right-arrow"></i></a></div>

pracovný list
