{"id":1380,"date":"2019-12-06T16:09:10","date_gmt":"2019-12-06T15:09:10","guid":{"rendered":"http:\/\/serwer2078743.home.pl\/?post_type=product&#038;p=1380"},"modified":"2026-02-20T14:59:14","modified_gmt":"2026-02-20T13:59:14","slug":"sweter-paris-czarno-czerwony","status":"publish","type":"product","link":"https:\/\/madelinefashion.pl\/sk\/sweter-paris-czarno-czerwony\/","title":{"rendered":"\u010cierno-\u010derven\u00fd sveter Paris"},"content":{"rendered":"<h3 style=\"text-align: center;\">\u010cierno-\u010derven\u00fd sveter Paris<\/h3>\n<p style=\"text-align: center;\">Jedna ve\u013ekos\u0165 pre v\u0161etk\u00fdch, odpor\u00fa\u010dan\u00e1 pre SML XL<\/p>\n<p style=\"text-align: center;\"><strong>Rozmery<\/strong><\/p>\n<ul>\n<li>\n<p style=\"text-align: center;\" align=\"CENTER\"><span style=\"color: #333333; font-size: 10pt;\"><span style=\"font-family: Arial, serif;\">celkov\u00e1 d\u013a\u017eka: 62 cm\u00a0<\/span><\/span><\/p>\n<\/li>\n<li style=\"text-align: center;\">\n<p align=\"CENTER\"><span style=\"color: #333333; font-size: 10pt;\"><span style=\"font-family: Arial, serif;\">\u0161\u00edrka od pazuchy po pazuchu: 52-58<\/span><\/span><\/p>\n<\/li>\n<li style=\"text-align: center;\">\n<p align=\"CENTER\"><span style=\"color: #333333; font-size: 10pt;\"><span style=\"font-family: Arial, serif;\">d\u013a\u017eka ruk\u00e1va od ramena: 60 cm<\/span><\/span><\/p>\n<\/li>\n<li style=\"text-align: center;\">\n<p align=\"CENTER\"><span style=\"color: #333333; font-size: 10pt;\"><span style=\"font-family: Arial, serif;\">d\u013a\u017eka ruk\u00e1va od podpazu\u0161ia: 47 cm<\/span><\/span><\/p>\n<\/li>\n<li>\n<p style=\"text-align: center;\" align=\"CENTER\"><span style=\"color: #333333; font-size: 10pt;\"><span style=\"font-family: Arial, serif;\">odpor\u00fa\u010dan\u00fd maxim\u00e1lny obvod poprsia: 116 cm<\/span><\/span><\/p>\n<\/li>\n<\/ul>\n<h6 align=\"CENTER\">Rozmery sa m\u00f4\u017eu mierne l\u00ed\u0161i\u0165 od uveden\u00fdch +\/- 2cm. V\u0161etky uveden\u00e9 rozmery s\u00fa meran\u00e9 plo\u0161ne.<\/h6>\n<p style=\"text-align: center;\"><strong>\u00a0<\/strong><\/p>\n<p>&nbsp;<\/p>\n<table>\n<tbody>\n<tr>\n<td width=\"302\">Meno modela<\/td>\n<td width=\"302\">Par\u00ed\u017esky sveter<\/td>\n<\/tr>\n<tr>\n<td width=\"302\">Farba<\/td>\n<td width=\"302\">\u010cierno - \u010derven\u00e1<\/td>\n<\/tr>\n<tr>\n<td width=\"302\">Zbierka<\/td>\n<td width=\"302\">Jesenn\u00e1 zima<\/td>\n<\/tr>\n<tr>\n<td width=\"302\">ve\u013ekosti<\/td>\n<td width=\"302\">Univerz\u00e1lny<\/td>\n<\/tr>\n<tr>\n<td width=\"302\">Hood<\/td>\n<td width=\"302\">Bez kapucne<\/td>\n<\/tr>\n<tr>\n<td width=\"302\">\u0160tiepenie<\/td>\n<td width=\"302\">Nedostatok<\/td>\n<\/tr>\n<\/tbody>\n<\/table>\n<p>&nbsp;<\/p>\n<p style=\"text-align: center;\">Odpor\u00fa\u010da sa pre \u013eud\u00ed, ktor\u00ed nosia od <strong>p<\/strong>\u00a0dole <strong>xl\u00a0<\/strong><\/p>\n<p style=\"text-align: center;\">Modelka na fotk\u00e1ch<strong> 168 cm<\/strong>, nos\u00ed ve\u013ekos\u0165 ka\u017ed\u00fd de\u0148 <strong>S<\/strong><\/p>","protected":false},"excerpt":{"rendered":"<p>Sweter Czarno &#8211;\u00a0Czerwony\u00a0Paris Rozmiar uniwersalny zalecany dla S M L XL Wymiary d\u0142ugo\u015b\u0107 ca\u0142kowita : 62 cm\u00a0 szeroko\u015b\u0107 od pachy do pachy: 52-58 d\u0142ugo\u015b\u0107 r\u0119kawa od ramienia: 60 cm d\u0142ugo\u015b\u0107 r\u0119kawa od pachy: 47 cm zalecany max obw\u00f3d w biu\u015bcie: 116 cm Wymiary mog\u0105 si\u0119 nieznacznie r\u00f3\u017cni\u0107 od podanych +\/-2cm. Wszystkie podane wymiary s\u0105 mierzone<\/p>\n<div class=\"klb-readmore post-buttons\"><a class=\"button black outline size-sm\" href=\"https:\/\/madelinefashion.pl\/sk\/sweter-paris-czarno-czerwony\/\">\u010c\u00edta\u0165 \u010falej <i class=\"klbth-icon-right-arrow\"><\/i><\/a><\/div>","protected":false},"featured_media":75124,"template":"","meta":[],"product_brand":[],"product_cat":[78],"product_tag":[],"class_list":{"0":"post-1380","1":"product","2":"type-product","3":"status-publish","4":"has-post-thumbnail","6":"product_cat-swetry-damskie","8":"first","9":"instock","10":"purchasable","11":"product-type-simple"},"_links":{"self":[{"href":"https:\/\/madelinefashion.pl\/sk\/wp-json\/wp\/v2\/product\/1380","targetHints":{"allow":["GET"]}}],"collection":[{"href":"https:\/\/madelinefashion.pl\/sk\/wp-json\/wp\/v2\/product"}],"about":[{"href":"https:\/\/madelinefashion.pl\/sk\/wp-json\/wp\/v2\/types\/product"}],"wp:featuredmedia":[{"embeddable":true,"href":"https:\/\/madelinefashion.pl\/sk\/wp-json\/wp\/v2\/media\/75124"}],"wp:attachment":[{"href":"https:\/\/madelinefashion.pl\/sk\/wp-json\/wp\/v2\/media?parent=1380"}],"wp:term":[{"taxonomy":"product_brand","embeddable":true,"href":"https:\/\/madelinefashion.pl\/sk\/wp-json\/wp\/v2\/product_brand?post=1380"},{"taxonomy":"product_cat","embeddable":true,"href":"https:\/\/madelinefashion.pl\/sk\/wp-json\/wp\/v2\/product_cat?post=1380"},{"taxonomy":"product_tag","embeddable":true,"href":"https:\/\/madelinefashion.pl\/sk\/wp-json\/wp\/v2\/product_tag?post=1380"}],"curies":[{"name":"pracovn\u00fd list","href":"https:\/\/api.w.org\/{rel}","templated":true}]}}

Čierno-červený sveter Paris

<h3 style="text-align: center;">Čierno-červený sveter Paris</h3>
<p style="text-align: center;">Jedna veľkosť pre všetkých, odporúčaná pre SML XL</p>
<p style="text-align: center;"><strong>Rozmery</strong></p>
<ul>
<li>
<p style="text-align: center;" align="CENTER"><span style="color: #333333; font-size: 10pt;"><span style="font-family: Arial, serif;">celková dĺžka: 62 cm </span></span></p>
</li>
<li style="text-align: center;">
<p align="CENTER"><span style="color: #333333; font-size: 10pt;"><span style="font-family: Arial, serif;">šírka od pazuchy po pazuchu: 52-58</span></span></p>
</li>
<li style="text-align: center;">
<p align="CENTER"><span style="color: #333333; font-size: 10pt;"><span style="font-family: Arial, serif;">dĺžka rukáva od ramena: 60 cm</span></span></p>
</li>
<li style="text-align: center;">
<p align="CENTER"><span style="color: #333333; font-size: 10pt;"><span style="font-family: Arial, serif;">dĺžka rukáva od podpazušia: 47 cm</span></span></p>
</li>
<li>
<p style="text-align: center;" align="CENTER"><span style="color: #333333; font-size: 10pt;"><span style="font-family: Arial, serif;">odporúčaný maximálny obvod poprsia: 116 cm</span></span></p>
</li>
</ul>
<h6 align="CENTER">Rozmery sa môžu mierne líšiť od uvedených +/- 2cm. Všetky uvedené rozmery sú merané plošne.</h6>
<p style="text-align: center;"><strong> </strong></p>
<p>&nbsp;</p>
<table>
<tbody>
<tr>
<td width="302">Meno modela</td>
<td width="302">Parížsky sveter</td>
</tr>
<tr>
<td width="302">Farba</td>
<td width="302">Čierno - červená</td>
</tr>
<tr>
<td width="302">Zbierka</td>
<td width="302">Jesenná zima</td>
</tr>
<tr>
<td width="302">veľkosti</td>
<td width="302">Univerzálny</td>
</tr>
<tr>
<td width="302">Hood</td>
<td width="302">Bez kapucne</td>
</tr>
<tr>
<td width="302">Štiepenie</td>
<td width="302">Nedostatok</td>
</tr>
</tbody>
</table>
<p>&nbsp;</p>
<p style="text-align: center;">Odporúča sa pre ľudí, ktorí nosia od <strong>p</strong> dole <strong>xl </strong></p>
<p style="text-align: center;">Modelka na fotkách<strong> 168 cm</strong>, nosí veľkosť každý deň <strong>S</strong></p>

<p>Sweter Czarno &#8211; Czerwony Paris Rozmiar uniwersalny zalecany dla S M L XL Wymiary długość całkowita : 62 cm  szerokość od pachy do pachy: 52-58 długość rękawa od ramienia: 60 cm długość rękawa od pachy: 47 cm zalecany max obwód w biuście: 116 cm Wymiary mogą się nieznacznie różnić od podanych +/-2cm. Wszystkie podane wymiary są mierzone</p>
<div class="klb-readmore post-buttons"><a class="button black outline size-sm" href="https://madelinefashion.pl/sk/sweter-paris-czarno-czerwony/">Čítať ďalej <i class="klbth-icon-right-arrow"></i></a></div>

pracovný list
