{"id":14020,"date":"2021-06-16T15:21:34","date_gmt":"2021-06-16T13:21:34","guid":{"rendered":"https:\/\/madelinefashion.pl\/?post_type=product&#038;p=14020"},"modified":"2026-02-21T13:13:26","modified_gmt":"2026-02-21T12:13:26","slug":"koszula-wiazana-gg-tailla-biala","status":"publish","type":"product","link":"https:\/\/madelinefashion.pl\/sk\/koszula-wiazana-gg-tailla-biala\/","title":{"rendered":"Biela ko\u0161e\u013ea s viazan\u00edm GG Taila"},"content":{"rendered":"<h3 style=\"text-align: center;\">Biela ko\u0161e\u013ea s viazan\u00edm GG Taila<\/h3>\n<p style=\"text-align: center;\"><strong>Ko\u0161e\u013ea s kravatou GG Tailla v bielej farbe.<\/strong>\u00a0 Elegantn\u00e1 ko\u0161e\u013ea bez ruk\u00e1vov vo\u013enej\u0161ieho oversize strihu, ktor\u00e1 sa bude hodi\u0165 k v\u00e4\u010d\u0161ine \u0161tyliz\u00e1ci\u00ed. Na\u0161a ko\u0161e\u013ea GG m\u00f4\u017ee by\u0165 z\u00e1kladom mnoh\u00fdch elegantn\u00fdch a nad\u010dasov\u00fdch \u0161tyliz\u00e1ci\u00ed, ur\u010dite sa bude hodi\u0165 k sukniam, klasick\u00fdm d\u017e\u00ednsom alebo \u0161ortk\u00e1m. Ko\u0161e\u013ea je ide\u00e1lnym n\u00e1vrhom do pr\u00e1ce, na ka\u017ed\u00fd de\u0148, na rodinn\u00e9 stretnutia a mnoh\u00e9 in\u00e9 pr\u00edle\u017eitosti. Odpor\u00fa\u010da sa pre \u017eeny, ktor\u00e9 nosia ve\u013e <strong>S, M, L, XL<\/strong><\/p>\n<h3 style=\"text-align: center;\">\u00a0 \u00a0 \u00a0Rozmery:<\/h3>\n<ul style=\"text-align: center;\">\n<li>\u0161\u00edrka od pazuchy po pazuchu 51-55 cm<\/li>\n<li>celkov\u00e1 d\u013a\u017eka: 62 cm<\/li>\n<li>\u0161\u00edrka ramien: 39 cm<\/li>\n<\/ul>\n<p style=\"text-align: center;\">Rozmery sa m\u00f4\u017eu mierne l\u00ed\u0161i\u0165 od uveden\u00fdch +\/- 2cm. V\u0161etky uveden\u00e9 rozmery s\u00fa meran\u00e9 plo\u0161ne. rozmer x2<\/p>\n<p>&nbsp;<\/p>\n<table style=\"height: 288px;\" width=\"433\">\n<tbody>\n<tr>\n<td>Meno modela<\/td>\n<td>Ko\u0161e\u013ea s kravatou GG Taila<\/td>\n<\/tr>\n<tr>\n<td>Farba<\/td>\n<td>biely<\/td>\n<\/tr>\n<tr>\n<td>Zbierka<\/td>\n<td>Jar leto jese\u0148 zima<\/td>\n<\/tr>\n<tr>\n<td>Ve\u013ekos\u0165<\/td>\n<td>Univerz\u00e1lny<\/td>\n<\/tr>\n<tr>\n<td>M\u00f3da<\/td>\n<td>\u00c9terick\u00fd<\/td>\n<\/tr>\n<tr>\n<td>\u0160tiepenie<\/td>\n<td>V \u0161t\u00fdle<\/td>\n<\/tr>\n<tr>\n<td>kompozitn\u00e9 materi\u00e1ly<\/td>\n<td>Polyester 100%<\/td>\n<\/tr>\n<\/tbody>\n<\/table>\n<div class=\"tabs tabs-bb clear mb-80\">\n<div class=\"tab-content\">\n<div id=\"tab-description\" class=\"tab-pane fade in woocommerce-Tabs-panel--description active\">\n<div class=\"tabs tabs-bb clear mb-80\">\n<div class=\"tab-content\">\n<div id=\"tab-description\" class=\"tab-pane fade in woocommerce-Tabs-panel--description active\">\n<p>&nbsp;<\/p>\n<p>&nbsp;<\/p>\n<p style=\"text-align: center;\">Model m\u00e1\u00a0<strong>169<\/strong>\u00a0cm vysok\u00fd, nos\u00ed ve\u013ekos\u0165 ka\u017ed\u00fd de\u0148\u00a0<strong>S<\/strong><\/p>\n<p style=\"text-align: center;\">\u0160\u00edrka cez prsia 92 cm<\/p>\n<p style=\"text-align: center;\">\u0160\u00edrka v p\u00e1se 62 cm<\/p>\n<p style=\"text-align: center;\">\u0160\u00edrka v bokoch 94 cm<\/p>\n<\/div>\n<\/div>\n<\/div>\n<section class=\"related products mb-80\"><\/section>\n<section class=\"page-product-box\">\n<div class=\"rte\">\n<p style=\"text-align: center;\">\n<\/div>\n<\/section>\n<\/div>\n<\/div>\n<\/div>\n<section class=\"up-sells upsells products mb-80\"><\/section>\n<p>&nbsp;<\/p>\n<p style=\"text-align: center;\"><strong>\u00a0<\/strong><\/p>","protected":false},"excerpt":{"rendered":"<p>Koszula Wi\u0105zana GG Tailla Bia\u0142a Koszula Wi\u0105zana GG Tailla w kolorze bia\u0142ym.\u00a0 Elegancka koszula bez r\u0119kawk\u00f3w \u00a0o lu\u017aniejszym\u00a0 oversizowy fasonie, kt\u00f3ry sprawdzi si\u0119 w wi\u0119kszo\u015bci stylizacjach.\u00a0 Nasza koszula GG mo\u017ce stanowi\u0107 baz\u0119 do wielu eleganckich i ponadczasowych stylizacji\u00a0 Z pewno\u015bci\u0105 sprawdzi si\u0119 przy o\u0142\u00f3wkowych sp\u00f3dnicach, klasycznych jeansach czy szortach. Koszula jest idealn\u0105 propozycj\u0105 do pracy,<\/p>\n<div class=\"klb-readmore post-buttons\"><a class=\"button black outline size-sm\" href=\"https:\/\/madelinefashion.pl\/sk\/koszula-wiazana-gg-tailla-biala\/\">\u010c\u00edta\u0165 \u010falej <i class=\"klbth-icon-right-arrow\"><\/i><\/a><\/div>","protected":false},"featured_media":49772,"template":"","meta":[],"product_brand":[],"product_cat":[92,395],"product_tag":[],"class_list":{"0":"post-14020","1":"product","2":"type-product","3":"status-publish","4":"has-post-thumbnail","6":"product_cat-koszule","7":"product_cat-nowosci","9":"first","10":"instock","11":"sale","12":"purchasable","13":"product-type-simple"},"_links":{"self":[{"href":"https:\/\/madelinefashion.pl\/sk\/wp-json\/wp\/v2\/product\/14020","targetHints":{"allow":["GET"]}}],"collection":[{"href":"https:\/\/madelinefashion.pl\/sk\/wp-json\/wp\/v2\/product"}],"about":[{"href":"https:\/\/madelinefashion.pl\/sk\/wp-json\/wp\/v2\/types\/product"}],"wp:featuredmedia":[{"embeddable":true,"href":"https:\/\/madelinefashion.pl\/sk\/wp-json\/wp\/v2\/media\/49772"}],"wp:attachment":[{"href":"https:\/\/madelinefashion.pl\/sk\/wp-json\/wp\/v2\/media?parent=14020"}],"wp:term":[{"taxonomy":"product_brand","embeddable":true,"href":"https:\/\/madelinefashion.pl\/sk\/wp-json\/wp\/v2\/product_brand?post=14020"},{"taxonomy":"product_cat","embeddable":true,"href":"https:\/\/madelinefashion.pl\/sk\/wp-json\/wp\/v2\/product_cat?post=14020"},{"taxonomy":"product_tag","embeddable":true,"href":"https:\/\/madelinefashion.pl\/sk\/wp-json\/wp\/v2\/product_tag?post=14020"}],"curies":[{"name":"pracovn\u00fd list","href":"https:\/\/api.w.org\/{rel}","templated":true}]}}

Biela košeľa s viazaním GG Taila

<h3 style="text-align: center;">Biela košeľa s viazaním GG Taila</h3>
<p style="text-align: center;"><strong>Košeľa s kravatou GG Tailla v bielej farbe.</strong>  Elegantná košeľa bez rukávov voľnejšieho oversize strihu, ktorá sa bude hodiť k väčšine štylizácií. Naša košeľa GG môže byť základom mnohých elegantných a nadčasových štylizácií, určite sa bude hodiť k sukniam, klasickým džínsom alebo šortkám. Košeľa je ideálnym návrhom do práce, na každý deň, na rodinné stretnutia a mnohé iné príležitosti. Odporúča sa pre ženy, ktoré nosia veľ <strong>S, M, L, XL</strong></p>
<h3 style="text-align: center;">     Rozmery:</h3>
<ul style="text-align: center;">
<li>šírka od pazuchy po pazuchu 51-55 cm</li>
<li>celková dĺžka: 62 cm</li>
<li>šírka ramien: 39 cm</li>
</ul>
<p style="text-align: center;">Rozmery sa môžu mierne líšiť od uvedených +/- 2cm. Všetky uvedené rozmery sú merané plošne. rozmer x2</p>
<p>&nbsp;</p>
<table style="height: 288px;" width="433">
<tbody>
<tr>
<td>Meno modela</td>
<td>Košeľa s kravatou GG Taila</td>
</tr>
<tr>
<td>Farba</td>
<td>biely</td>
</tr>
<tr>
<td>Zbierka</td>
<td>Jar leto jeseň zima</td>
</tr>
<tr>
<td>Veľkosť</td>
<td>Univerzálny</td>
</tr>
<tr>
<td>Móda</td>
<td>Éterický</td>
</tr>
<tr>
<td>Štiepenie</td>
<td>V štýle</td>
</tr>
<tr>
<td>kompozitné materiály</td>
<td>Polyester 100%</td>
</tr>
</tbody>
</table>
<div class="tabs tabs-bb clear mb-80">
<div class="tab-content">
<div id="tab-description" class="tab-pane fade in woocommerce-Tabs-panel--description active">
<div class="tabs tabs-bb clear mb-80">
<div class="tab-content">
<div id="tab-description" class="tab-pane fade in woocommerce-Tabs-panel--description active">
<p>&nbsp;</p>
<p>&nbsp;</p>
<p style="text-align: center;">Model má <strong>169</strong> cm vysoký, nosí veľkosť každý deň <strong>S</strong></p>
<p style="text-align: center;">Šírka cez prsia 92 cm</p>
<p style="text-align: center;">Šírka v páse 62 cm</p>
<p style="text-align: center;">Šírka v bokoch 94 cm</p>
</div>
</div>
</div>
<section class="related products mb-80"></section>
<section class="page-product-box">
<div class="rte">
<p style="text-align: center;">
</div>
</section>
</div>
</div>
</div>
<section class="up-sells upsells products mb-80"></section>
<p>&nbsp;</p>
<p style="text-align: center;"><strong> </strong></p>

<p>Koszula Wiązana GG Tailla Biała Koszula Wiązana GG Tailla w kolorze białym.  Elegancka koszula bez rękawków  o luźniejszym  oversizowy fasonie, który sprawdzi się w większości stylizacjach.  Nasza koszula GG może stanowić bazę do wielu eleganckich i ponadczasowych stylizacji  Z pewnością sprawdzi się przy ołówkowych spódnicach, klasycznych jeansach czy szortach. Koszula jest idealną propozycją do pracy,</p>
<div class="klb-readmore post-buttons"><a class="button black outline size-sm" href="https://madelinefashion.pl/sk/koszula-wiazana-gg-tailla-biala/">Čítať ďalej <i class="klbth-icon-right-arrow"></i></a></div>

pracovný list
