{"id":1431,"date":"2020-04-17T06:02:26","date_gmt":"2020-04-17T04:02:26","guid":{"rendered":"http:\/\/serwer2078743.home.pl\/?post_type=product&#038;p=1431"},"modified":"2026-01-15T12:43:40","modified_gmt":"2026-01-15T11:43:40","slug":"plaszcz-pudrowy-roz-plus-size-z-flauszu","status":"publish","type":"product","link":"https:\/\/madelinefashion.pl\/sk\/plaszcz-pudrowy-roz-plus-size-z-flauszu\/","title":{"rendered":"P\u00fadrovo ru\u017eov\u00fd fleecov\u00fd kab\u00e1t ve\u013ekej ve\u013ekosti"},"content":{"rendered":"<h3 style=\"text-align: center;\">P\u00fadrovo ru\u017eov\u00fd fleecov\u00fd kab\u00e1t ve\u013ekej ve\u013ekosti<\/h3>\n<p style=\"text-align: center;\">Fl\u00edsov\u00fd kab\u00e1t<strong> zviazan\u00fd <\/strong>p\u00fadrovo ru\u017eov\u00e1 farba je skuto\u010dn\u00e1 <strong>najpred\u00e1vanej\u0161\u00ed<\/strong> v \u0161atn\u00edku ka\u017edej \u017eeny. Prehliadkov\u00fdm m\u00f3lam kra\u013euje oble\u010denie vo farb\u00e1ch p\u00fadrovej ru\u017eovej. Tento model je ide\u00e1lny pre\u00a0<strong>jarn\u00e9, jesenn\u00e9 a chladnej\u0161ie letn\u00e9 dni.<\/strong> V\u010faka vhodne zvolen\u00fdm doplnkom \u013eahko vytvor\u00edte jedine\u010dn\u00e9 \u0161tyliz\u00e1cie na spolo\u010densk\u00e9 udalosti \u010di oslavy. Vyst\u00fapte z davu s na\u0161\u00edm klasick\u00fdm kab\u00e1tom. Skvel\u00e1 bude v ka\u017edom ro\u010dnom obdob\u00ed, navy\u0161e v\u010faka fleecovej l\u00e1tke skvele padne. Ve\u013ekos\u0165 <strong>univerz\u00e1lna ve\u013ekos\u0165 plus <\/strong>\u00a0odpor\u00fa\u010dan\u00e9 pre\u00a0 <strong>P\u00e1n<\/strong> nosenie<strong> ve\u013ekos\u0165<\/strong> <strong>44,46,48,50.<\/strong>\u00a0V ponuke <strong>m\u00e1me<\/strong> aj men\u0161ie<strong> zaviazan\u00e9 kab\u00e1ty\u00a0<\/strong> odpor\u00fa\u010dame pre SML XL V na\u0161om internetovom obchode n\u00e1jdete tento produkt v r\u00f4znych farb\u00e1ch za bezkonkuren\u010dn\u00fa cenu <strong>n\u00edzka cena<\/strong>. Ak sa neviete rozhodn\u00fa\u0165, ktor\u00e1 farba\/ve\u013ekos\u0165 je pre v\u00e1s najlep\u0161ia, kontaktujte n\u00e1s prostredn\u00edctvom <strong>Facebook<\/strong> alebo telef\u00f3n<\/p>\n<h3 style=\"text-align: center;\">Rozmery kab\u00e1ta nadmernej ve\u013ekosti:<\/h3>\n<ul style=\"text-align: center;\">\n<li>celkov\u00e1 d\u013a\u017eka chrbta: 90 cm<\/li>\n<li>\u0161\u00edrka od pazuchy po pazuchu: 59 cm<\/li>\n<li>d\u013a\u017eka ruk\u00e1va od ramena: 62 cm<\/li>\n<li>d\u013a\u017eka ruk\u00e1va od podpazu\u0161ia: 47 cm<\/li>\n<li>odpor\u00fa\u010dan\u00fd maxim\u00e1lny obvod poprsia: 130-145 cm<\/li>\n<li>\u0161\u00edrka v bicepsoch: 39 cm<\/li>\n<\/ul>\n<p style=\"text-align: center;\">Rozmery sa m\u00f4\u017eu mierne l\u00ed\u0161i\u0165 od uveden\u00fdch +\/- 2cm. V\u0161etky uveden\u00e9 rozmery s\u00fa meran\u00e9 plo\u0161ne.<\/p>\n<p style=\"text-align: center;\"><strong>\u00a0<\/strong><\/p>\n<table width=\"616\">\n<tbody>\n<tr>\n<td width=\"302\">Meno modela<\/td>\n<td width=\"302\">Fleeceov\u00fd kab\u00e1t ve\u013ekej ve\u013ekosti<\/td>\n<\/tr>\n<tr>\n<td width=\"302\">Farba<\/td>\n<td width=\"302\">P\u00fadrov\u00e1 ru\u017eov\u00e1<\/td>\n<\/tr>\n<tr>\n<td width=\"302\">Zbierka<\/td>\n<td width=\"302\">jar\/jese\u0148\/zima<\/td>\n<\/tr>\n<tr>\n<td width=\"302\">ve\u013ekosti<\/td>\n<td width=\"302\">Univerz\u00e1lny (nadmern\u00e1 ve\u013ekos\u0165)<\/td>\n<\/tr>\n<tr>\n<td width=\"302\">M\u00f3da<\/td>\n<td width=\"302\">nadrozmern\u00e9<\/td>\n<\/tr>\n<tr>\n<td width=\"302\">Hood<\/td>\n<td width=\"302\">Bez kapucne<\/td>\n<\/tr>\n<tr>\n<td width=\"302\">izolovan\u00e9<\/td>\n<td width=\"302\">jednopl\u00e1\u0161\u0165ov\u00e9<\/td>\n<\/tr>\n<tr>\n<td width=\"302\">Materi\u00e1l<\/td>\n<td width=\"302\">Petersham<\/td>\n<\/tr>\n<\/tbody>\n<\/table>\n<div class=\"additional-details\" style=\"text-align: center;\">\n<p>\u00a0Model m\u00e1\u00a0<strong>173<\/strong>\u00a0cm vysok\u00fd vo ve\u013ekosti <strong>Plusov\u00e1 velkos\u0165<\/strong><\/p>\n<p>&nbsp;<\/p>\n<\/div>\n<div class=\"overview-buttons\" style=\"text-align: center;\"><\/div>","protected":false},"excerpt":{"rendered":"<p>P\u0142aszcz Pudrowy R\u00f3\u017c Plus Size z Flauszu P\u0142aszcz flauszowy wi\u0105zany w kolorze pudrowego r\u00f3\u017cu jest prawdziwym bestselerem w szafie ka\u017cdej kobiety. Ubrania w kolorach pudrowego r\u00f3\u017cu\u00a0 kr\u00f3luj\u0105 na wybiegach.\u00a0 Ten model jest idealny na\u00a0wiosn\u0119, jesie\u0144 i na ch\u0142odniejsze dni letnie . Dzi\u0119ki odpowiednio dobranym dodatkom z \u0142atwo\u015bci\u0105 stworzysz niepowtarzalne stylizacje na imprezy towarzyskie czy uroczysto\u015bci.<\/p>\n<div class=\"klb-readmore post-buttons\"><a class=\"button black outline size-sm\" href=\"https:\/\/madelinefashion.pl\/sk\/plaszcz-pudrowy-roz-plus-size-z-flauszu\/\">\u010c\u00edta\u0165 \u010falej <i class=\"klbth-icon-right-arrow\"><\/i><\/a><\/div>","protected":false},"featured_media":6663,"template":"","meta":[],"product_brand":[],"product_cat":[102,279],"product_tag":[510],"class_list":{"0":"post-1431","1":"product","2":"type-product","3":"status-publish","4":"has-post-thumbnail","6":"product_cat-plaszcze-plus-size","7":"product_cat-plaszcze-wiosenne","8":"product_tag-plaszcze-flauszowe","10":"first","11":"instock","12":"sale","13":"purchasable","14":"product-type-simple"},"_links":{"self":[{"href":"https:\/\/madelinefashion.pl\/sk\/wp-json\/wp\/v2\/product\/1431","targetHints":{"allow":["GET"]}}],"collection":[{"href":"https:\/\/madelinefashion.pl\/sk\/wp-json\/wp\/v2\/product"}],"about":[{"href":"https:\/\/madelinefashion.pl\/sk\/wp-json\/wp\/v2\/types\/product"}],"wp:featuredmedia":[{"embeddable":true,"href":"https:\/\/madelinefashion.pl\/sk\/wp-json\/wp\/v2\/media\/6663"}],"wp:attachment":[{"href":"https:\/\/madelinefashion.pl\/sk\/wp-json\/wp\/v2\/media?parent=1431"}],"wp:term":[{"taxonomy":"product_brand","embeddable":true,"href":"https:\/\/madelinefashion.pl\/sk\/wp-json\/wp\/v2\/product_brand?post=1431"},{"taxonomy":"product_cat","embeddable":true,"href":"https:\/\/madelinefashion.pl\/sk\/wp-json\/wp\/v2\/product_cat?post=1431"},{"taxonomy":"product_tag","embeddable":true,"href":"https:\/\/madelinefashion.pl\/sk\/wp-json\/wp\/v2\/product_tag?post=1431"}],"curies":[{"name":"pracovn\u00fd list","href":"https:\/\/api.w.org\/{rel}","templated":true}]}}

Púdrovo ružový fleecový kabát veľkej veľkosti

<h3 style="text-align: center;">Púdrovo ružový fleecový kabát veľkej veľkosti</h3>
<p style="text-align: center;">Flísový kabát<strong> zviazaný </strong>púdrovo ružová farba je skutočná <strong>najpredávanejší</strong> v šatníku každej ženy. Prehliadkovým mólam kraľuje oblečenie vo farbách púdrovej ružovej. Tento model je ideálny pre <strong>jarné, jesenné a chladnejšie letné dni.</strong> Vďaka vhodne zvoleným doplnkom ľahko vytvoríte jedinečné štylizácie na spoločenské udalosti či oslavy. Vystúpte z davu s naším klasickým kabátom. Skvelá bude v každom ročnom období, navyše vďaka fleecovej látke skvele padne. Veľkosť <strong>univerzálna veľkosť plus </strong> odporúčané pre  <strong>Pán</strong> nosenie<strong> veľkosť</strong> <strong>44,46,48,50.</strong> V ponuke <strong>máme</strong> aj menšie<strong> zaviazané kabáty </strong> odporúčame pre SML XL V našom internetovom obchode nájdete tento produkt v rôznych farbách za bezkonkurenčnú cenu <strong>nízka cena</strong>. Ak sa neviete rozhodnúť, ktorá farba/veľkosť je pre vás najlepšia, kontaktujte nás prostredníctvom <strong>Facebook</strong> alebo telefón</p>
<h3 style="text-align: center;">Rozmery kabáta nadmernej veľkosti:</h3>
<ul style="text-align: center;">
<li>celková dĺžka chrbta: 90 cm</li>
<li>šírka od pazuchy po pazuchu: 59 cm</li>
<li>dĺžka rukáva od ramena: 62 cm</li>
<li>dĺžka rukáva od podpazušia: 47 cm</li>
<li>odporúčaný maximálny obvod poprsia: 130-145 cm</li>
<li>šírka v bicepsoch: 39 cm</li>
</ul>
<p style="text-align: center;">Rozmery sa môžu mierne líšiť od uvedených +/- 2cm. Všetky uvedené rozmery sú merané plošne.</p>
<p style="text-align: center;"><strong> </strong></p>
<table width="616">
<tbody>
<tr>
<td width="302">Meno modela</td>
<td width="302">Fleeceový kabát veľkej veľkosti</td>
</tr>
<tr>
<td width="302">Farba</td>
<td width="302">Púdrová ružová</td>
</tr>
<tr>
<td width="302">Zbierka</td>
<td width="302">jar/jeseň/zima</td>
</tr>
<tr>
<td width="302">veľkosti</td>
<td width="302">Univerzálny (nadmerná veľkosť)</td>
</tr>
<tr>
<td width="302">Móda</td>
<td width="302">nadrozmerné</td>
</tr>
<tr>
<td width="302">Hood</td>
<td width="302">Bez kapucne</td>
</tr>
<tr>
<td width="302">izolované</td>
<td width="302">jednoplášťové</td>
</tr>
<tr>
<td width="302">Materiál</td>
<td width="302">Petersham</td>
</tr>
</tbody>
</table>
<div class="additional-details" style="text-align: center;">
<p> Model má <strong>173</strong> cm vysoký vo veľkosti <strong>Plusová velkosť</strong></p>
<p>&nbsp;</p>
</div>
<div class="overview-buttons" style="text-align: center;"></div>

<p>Płaszcz Pudrowy Róż Plus Size z Flauszu Płaszcz flauszowy wiązany w kolorze pudrowego różu jest prawdziwym bestselerem w szafie każdej kobiety. Ubrania w kolorach pudrowego różu  królują na wybiegach.  Ten model jest idealny na wiosnę, jesień i na chłodniejsze dni letnie . Dzięki odpowiednio dobranym dodatkom z łatwością stworzysz niepowtarzalne stylizacje na imprezy towarzyskie czy uroczystości.</p>
<div class="klb-readmore post-buttons"><a class="button black outline size-sm" href="https://madelinefashion.pl/sk/plaszcz-pudrowy-roz-plus-size-z-flauszu/">Čítať ďalej <i class="klbth-icon-right-arrow"></i></a></div>

pracovný list
