{"id":1465,"date":"2020-04-25T14:41:56","date_gmt":"2020-04-25T14:41:56","guid":{"rendered":"http:\/\/serwer2078743.home.pl\/?post_type=product&#038;p=1465"},"modified":"2026-03-19T17:42:38","modified_gmt":"2026-03-19T16:42:38","slug":"sukienka-mercedes-dluga-pudrowy-roz","status":"publish","type":"product","link":"https:\/\/madelinefashion.pl\/sk\/sukienka-mercedes-dluga-pudrowy-roz\/","title":{"rendered":"Mercedes Dress Long Powder Pink"},"content":{"rendered":"<h3 style=\"text-align: center;\">Mercedes Dress Long Powder Pink<\/h3>\n<p style=\"text-align: center;\"><span style=\"font-size: 10pt;\">\u00a0Kr\u00e1sne dlh\u00e9 <strong>ve\u010dern\u00e1 r\u00f3ba<\/strong> zo vzdu\u0161n\u00e9ho materi\u00e1lu s \u010dipkovan\u00fdm topom zdoben\u00fdm n\u00e1dhernou v\u00fd\u0161ivkou a ozdobami v podobe trblietav\u00fdch kry\u0161t\u00e1lov. <strong>Kr\u00e1sne odha\u013euje \u017eenskos\u0165<\/strong> <strong>tvary<\/strong>\u2013 spodok \u0161iat je cel\u00fd zo spl\u00fdvav\u00e9ho materi\u00e1lu. Tento model p\u00f4sob\u00ed \u00fa\u017easn\u00fdm dojmom, dokonale zv\u00fdrazn\u00ed \u017eensk\u00fa postavu. Vykrojen\u00fd chrb\u00e1t, ramienka vzadu prekr\u00ed\u017een\u00e9. Spodok \u0161iat je u\u0161it\u00fd z elegantnej, \u0161if\u00f3novej l\u00e1tky, kr\u00e1sne lad\u00ed s celkom.<\/span><span style=\"font-size: 10pt;\"> \u0160aty maj\u00fa vpredu v\u0161it\u00e9 ko\u0161\u00ed\u010dky, tak\u017ee nemus\u00edte nosi\u0165 podprsenku. Vyroben\u00e9 a za\u0161it\u00e9 <strong>Po\u013esko<\/strong>.\u00a0 <\/span><span style=\"font-size: 10pt;\">Dostupn\u00e9 vo ve\u013ekostiach XS SML. \u0160aty <strong>Pekn\u00e1 \u017eena<\/strong> je v\u00fdbornou vo\u013ebou pre <strong>svadba, ples, Silvester a in\u00e9 elegantn\u00e9 pr\u00edle\u017eitostn\u00e9 udalosti.<\/strong> \u00a0Dostupn\u00e9 na na\u0161om e-shope vo viacer\u00fdch farebn\u00fdch variantoch, tak nev\u00e1hajte a vyberte si t\u00fa, ktor\u00e1 je pre v\u00e1s ako stvoren\u00e1. Ak sa neviete rozhodn\u00fa\u0165 ak\u00fa farbu, <strong>ve\u013ekos\u0165<\/strong> je pre v\u00e1s to najlep\u0161ie <strong>kontaktuj n\u00e1s<\/strong> cez <a href=\"https:\/\/www.facebook.com\/madelinefashionbutik\" target=\"_blank\" rel=\"noopener\">Facebook<\/a> alebo <a href=\"https:\/\/madelinefashion.pl\/sk\/kontakt\/\">telef\u00f3n<\/a>. Ak ve\u013ekos\u0165 nie je na str\u00e1nke, kontaktujte n\u00e1s.\u00a0<\/span><\/p>\n<h3 style=\"text-align: center;\">ROZMERY \u0161iat:<\/h3>\n<table width=\"556\">\n<tbody>\n<tr>\n<td width=\"202\"><strong>VE\u013dKOS\u0164<\/strong><\/td>\n<td><strong>poprsia<\/strong><\/td>\n<td><strong>P\u00e1s<\/strong><\/td>\n<td><strong>Boky<\/strong><\/td>\n<\/tr>\n<tr>\n<td width=\"202\"><strong>34<\/strong><\/td>\n<td>84-86<\/td>\n<td>64<\/td>\n<td>\u00a0Ak\u00e9ko\u013evek<\/td>\n<\/tr>\n<tr>\n<td width=\"202\"><strong>36<\/strong><\/td>\n<td>88-90<\/td>\n<td>68<\/td>\n<td>\u00a0Ak\u00e9ko\u013evek<\/td>\n<\/tr>\n<tr>\n<td width=\"202\"><strong>38<\/strong><\/td>\n<td>92-94<\/td>\n<td>72<\/td>\n<td>\u00a0Ak\u00e9ko\u013evek<\/td>\n<\/tr>\n<tr>\n<td width=\"202\"><strong>40<\/strong><\/td>\n<td>96-98<\/td>\n<td>76<\/td>\n<td>\u00a0Ak\u00e9ko\u013evek<\/td>\n<\/tr>\n<\/tbody>\n<\/table>\n<p style=\"text-align: center;\"><span style=\"font-size: 10pt;\">\u00a0 <\/span><\/p>\n<p style=\"text-align: center;\"><span style=\"font-size: 10pt;\">celkov\u00e1 d\u013a\u017eka cca 157 cm\u00a0<\/span>(\u0161aty sa daj\u00fa skr\u00e1ti\u0165 pod\u013ea vlastnej chuti)<\/p>\n<p style=\"text-align: center;\"><span style=\"font-size: 10pt;\">\u0160aty dostupn\u00e9 aj v <strong>in\u00e9 farebn\u00e9 varianty<\/strong> \u2013 odpor\u00fa\u010dame v\u00e1m zozn\u00e1mi\u0165 sa s na\u0161imi \u010fal\u0161\u00edmi produktmi.\u00a0<\/span><\/p>\n<p style=\"text-align: center;\"><span style=\"font-size: 10pt;\">Rozmery sa m\u00f4\u017eu mierne l\u00ed\u0161i\u0165 od uveden\u00fdch +\/- 2cm.\u00a0<\/span><\/p>\n<p style=\"text-align: center;\"><span style=\"font-size: 10pt;\"><strong>\u00a0<\/strong>\u00a0<\/span><\/p>\n<table width=\"618\">\n<tbody>\n<tr>\n<td width=\"302\">Meno modela<\/td>\n<td width=\"302\">Mercedes<\/td>\n<\/tr>\n<tr>\n<td width=\"302\">Farba<\/td>\n<td width=\"302\">Pr\u00e1\u0161ok<\/td>\n<\/tr>\n<tr>\n<td width=\"302\">Marka<\/td>\n<td width=\"302\">Pekn\u00e1 \u017eena<\/td>\n<\/tr>\n<tr>\n<td width=\"302\">ve\u013ekosti<\/td>\n<td width=\"302\">34 36 38 40<\/td>\n<\/tr>\n<tr>\n<td width=\"302\">M\u00f3da<\/td>\n<td width=\"302\">Zhoda<\/td>\n<\/tr>\n<tr>\n<td width=\"302\">Materi\u00e1l<\/td>\n<td width=\"302\">Visk\u00f3za, polyester, bavlna<\/td>\n<\/tr>\n<tr>\n<td width=\"302\">D\u013a\u017eka<\/td>\n<td width=\"302\">Na zem<\/td>\n<\/tr>\n<\/tbody>\n<\/table>\n<p style=\"text-align: center;\"><span style=\"font-size: 10pt;\">\u00a0<\/span><\/p>\n<p>&nbsp;<\/p>\n<p style=\"text-align: center;\"><span style=\"font-size: 10pt;\">Aby ste si vybrali <strong>perfektn\u00e9 \u0161aty<\/strong> kontaktujte n\u00e1s telefonicky alebo prostredn\u00edctvom na\u0161ej webovej str\u00e1nky <a href=\"https:\/\/www.facebook.com\/madelinefashionbutik\" target=\"_blank\" rel=\"noopener\">Facebook<\/a> .<\/span><br \/>\n<span style=\"font-size: 10pt;\">N\u00e1\u0161 t\u00edm v\u00e1m pom\u00f4\u017ee <strong>Vyberte si ten spr\u00e1vny<\/strong> . <strong>Na \u017eelanie kupuj\u00faceho vyrob\u00edme ak\u00e9ko\u013evek \u0161aty\u00a0<\/strong><strong>opatrne mera\u0165.\u00a0<\/strong><\/span><\/p>\n<div class=\"additional-details\" style=\"text-align: center;\">\n<p style=\"text-align: center;\"><span style=\"font-size: 10pt;\">\u00a0<\/span><\/p>\n<\/div>\n<div class=\"additional-details\" style=\"text-align: center;\"><\/div>","protected":false},"excerpt":{"rendered":"<p>Sukienka Mercedes D\u0142uga Pudrowy R\u00f3\u017c \u00a0Pi\u0119kna d\u0142uga suknia wieczorowa ze zwiewnego materia\u0142u z koronkow\u0105 g\u00f3r\u0105 zdobion\u0105 cudownymi haftami oraz zdobieniami w postaci mieni\u0105cych si\u0119 kryszta\u0142k\u00f3w. Pi\u0119knie eksponuje kobiece kszta\u0142ty&#8211; d\u00f3\u0142 sukienki wykonany w ca\u0142o\u015bci z lej\u0105cego si\u0119 materia\u0142u. Model ten robi niesamowite wra\u017cenie, perfekcyjnie podkre\u015bla kobiec\u0105 figur\u0119. Ty\u0142 wyci\u0119ty, rami\u0105czka skrzy\u017cowane na plecach. D\u00f3\u0142 sukienki<\/p>\n<div class=\"klb-readmore post-buttons\"><a class=\"button black outline size-sm\" href=\"https:\/\/madelinefashion.pl\/sk\/sukienka-mercedes-dluga-pudrowy-roz\/\">\u010c\u00edta\u0165 \u010falej <i class=\"klbth-icon-right-arrow\"><\/i><\/a><\/div>","protected":false},"featured_media":17111,"template":"","meta":[],"product_brand":[],"product_cat":[124,568],"product_tag":[257,163,215],"class_list":{"0":"post-1465","1":"product","2":"type-product","3":"status-publish","4":"has-post-thumbnail","6":"product_cat-sukienki-okolicznosciowe","7":"product_cat-sukienki-rozkloszowane-szyfonowe","8":"product_tag-madelinefashion","9":"product_tag-sukienki-dlugie","10":"product_tag-sukienki-rozowe","12":"first","13":"instock","14":"product-type-variable"},"_links":{"self":[{"href":"https:\/\/madelinefashion.pl\/sk\/wp-json\/wp\/v2\/product\/1465","targetHints":{"allow":["GET"]}}],"collection":[{"href":"https:\/\/madelinefashion.pl\/sk\/wp-json\/wp\/v2\/product"}],"about":[{"href":"https:\/\/madelinefashion.pl\/sk\/wp-json\/wp\/v2\/types\/product"}],"wp:featuredmedia":[{"embeddable":true,"href":"https:\/\/madelinefashion.pl\/sk\/wp-json\/wp\/v2\/media\/17111"}],"wp:attachment":[{"href":"https:\/\/madelinefashion.pl\/sk\/wp-json\/wp\/v2\/media?parent=1465"}],"wp:term":[{"taxonomy":"product_brand","embeddable":true,"href":"https:\/\/madelinefashion.pl\/sk\/wp-json\/wp\/v2\/product_brand?post=1465"},{"taxonomy":"product_cat","embeddable":true,"href":"https:\/\/madelinefashion.pl\/sk\/wp-json\/wp\/v2\/product_cat?post=1465"},{"taxonomy":"product_tag","embeddable":true,"href":"https:\/\/madelinefashion.pl\/sk\/wp-json\/wp\/v2\/product_tag?post=1465"}],"curies":[{"name":"pracovn\u00fd list","href":"https:\/\/api.w.org\/{rel}","templated":true}]}}

<h3 style="text-align: center;">Mercedes Dress Long Powder Pink</h3>
<p style="text-align: center;"><span style="font-size: 10pt;"> Krásne dlhé <strong>večerná róba</strong> zo vzdušného materiálu s čipkovaným topom zdobeným nádhernou výšivkou a ozdobami v podobe trblietavých kryštálov. <strong>Krásne odhaľuje ženskosť</strong> <strong>tvary</strong>– spodok šiat je celý zo splývavého materiálu. Tento model pôsobí úžasným dojmom, dokonale zvýrazní ženskú postavu. Vykrojený chrbát, ramienka vzadu prekrížené. Spodok šiat je ušitý z elegantnej, šifónovej látky, krásne ladí s celkom.</span><span style="font-size: 10pt;"> Šaty majú vpredu všité košíčky, takže nemusíte nosiť podprsenku. Vyrobené a zašité <strong>Poľsko</strong>.  </span><span style="font-size: 10pt;">Dostupné vo veľkostiach XS SML. Šaty <strong>Pekná žena</strong> je výbornou voľbou pre <strong>svadba, ples, Silvester a iné elegantné príležitostné udalosti.</strong>  Dostupné na našom e-shope vo viacerých farebných variantoch, tak neváhajte a vyberte si tú, ktorá je pre vás ako stvorená. Ak sa neviete rozhodnúť akú farbu, <strong>veľkosť</strong> je pre vás to najlepšie <strong>kontaktuj nás</strong> cez <a href="https://www.facebook.com/madelinefashionbutik" target="_blank" rel="noopener">Facebook</a> alebo <a href="https://madelinefashion.pl/sk/kontakt/">telefón</a>. Ak veľkosť nie je na stránke, kontaktujte nás. </span></p>
<h3 style="text-align: center;">ROZMERY šiat:</h3>
<table width="556">
<tbody>
<tr>
<td width="202"><strong>VEĽKOSŤ</strong></td>
<td><strong>poprsia</strong></td>
<td><strong>Pás</strong></td>
<td><strong>Boky</strong></td>
</tr>
<tr>
<td width="202"><strong>34</strong></td>
<td>84-86</td>
<td>64</td>
<td> Akékoľvek</td>
</tr>
<tr>
<td width="202"><strong>36</strong></td>
<td>88-90</td>
<td>68</td>
<td> Akékoľvek</td>
</tr>
<tr>
<td width="202"><strong>38</strong></td>
<td>92-94</td>
<td>72</td>
<td> Akékoľvek</td>
</tr>
<tr>
<td width="202"><strong>40</strong></td>
<td>96-98</td>
<td>76</td>
<td> Akékoľvek</td>
</tr>
</tbody>
</table>
<p style="text-align: center;"><span style="font-size: 10pt;">  </span></p>
<p style="text-align: center;"><span style="font-size: 10pt;">celková dĺžka cca 157 cm </span>(šaty sa dajú skrátiť podľa vlastnej chuti)</p>
<p style="text-align: center;"><span style="font-size: 10pt;">Šaty dostupné aj v <strong>iné farebné varianty</strong> – odporúčame vám zoznámiť sa s našimi ďalšími produktmi. </span></p>
<p style="text-align: center;"><span style="font-size: 10pt;">Rozmery sa môžu mierne líšiť od uvedených +/- 2cm. </span></p>
<p style="text-align: center;"><span style="font-size: 10pt;"><strong> </strong> </span></p>
<table width="618">
<tbody>
<tr>
<td width="302">Meno modela</td>
<td width="302">Mercedes</td>
</tr>
<tr>
<td width="302">Farba</td>
<td width="302">Prášok</td>
</tr>
<tr>
<td width="302">Marka</td>
<td width="302">Pekná žena</td>
</tr>
<tr>
<td width="302">veľkosti</td>
<td width="302">34 36 38 40</td>
</tr>
<tr>
<td width="302">Móda</td>
<td width="302">Zhoda</td>
</tr>
<tr>
<td width="302">Materiál</td>
<td width="302">Viskóza, polyester, bavlna</td>
</tr>
<tr>
<td width="302">Dĺžka</td>
<td width="302">Na zem</td>
</tr>
</tbody>
</table>
<p style="text-align: center;"><span style="font-size: 10pt;"> </span></p>
<p>&nbsp;</p>
<p style="text-align: center;"><span style="font-size: 10pt;">Aby ste si vybrali <strong>perfektné šaty</strong> kontaktujte nás telefonicky alebo prostredníctvom našej webovej stránky <a href="https://www.facebook.com/madelinefashionbutik" target="_blank" rel="noopener">Facebook</a> .</span><br />
<span style="font-size: 10pt;">Náš tím vám pomôže <strong>Vyberte si ten správny</strong> . <strong>Na želanie kupujúceho vyrobíme akékoľvek šaty </strong><strong>opatrne merať. </strong></span></p>
<div class="additional-details" style="text-align: center;">
<p style="text-align: center;"><span style="font-size: 10pt;"> </span></p>
</div>
<div class="additional-details" style="text-align: center;"></div>

<p>Sukienka Mercedes Długa Pudrowy Róż  Piękna długa suknia wieczorowa ze zwiewnego materiału z koronkową górą zdobioną cudownymi haftami oraz zdobieniami w postaci mieniących się kryształków. Pięknie eksponuje kobiece kształty&#8211; dół sukienki wykonany w całości z lejącego się materiału. Model ten robi niesamowite wrażenie, perfekcyjnie podkreśla kobiecą figurę. Tył wycięty, ramiączka skrzyżowane na plecach. Dół sukienki</p>
<div class="klb-readmore post-buttons"><a class="button black outline size-sm" href="https://madelinefashion.pl/sk/sukienka-mercedes-dluga-pudrowy-roz/">Čítať ďalej <i class="klbth-icon-right-arrow"></i></a></div>

pracovný list
