{"id":14870,"date":"2021-07-09T18:13:15","date_gmt":"2021-07-09T16:13:15","guid":{"rendered":"https:\/\/madelinefashion.pl\/?post_type=product&#038;p=14870"},"modified":"2026-03-26T12:40:32","modified_gmt":"2026-03-26T11:40:32","slug":"sukienka-krotka-z-falbankami-na-ramiaczka-nadia-malinowa","status":"publish","type":"product","link":"https:\/\/madelinefashion.pl\/sk\/sukienka-krotka-z-falbankami-na-ramiaczka-nadia-malinowa\/","title":{"rendered":"Kr\u00e1tke \u0161aty s vol\u00e1nmi na ramienkach Nadia Malinowa"},"content":{"rendered":"<h3 style=\"text-align: center;\">Kr\u00e1tke \u0161aty s vol\u00e1nmi na ramienkach Nadia Malinowa<\/h3>\n<p style=\"text-align: center;\"><span style=\"font-size: 10pt;\"><strong>Kr\u00e1tke \u0161aty s vol\u00e1nmi na ramienkach Nadia Malinowa.<\/strong> <strong>Vrch \u0161iat je vypasovan\u00fd<\/strong> dokonale zv\u00fdraz\u0148uje \u017eensk\u00e9 tvary. \u0160aty s\u00fa v spodnej \u010dasti zdoben\u00e9 vol\u00e1nmi - roz\u0161\u00edren\u00e9. Kr\u00e1tke \u0161aty s vol\u00e1nmi - zap\u00ednan\u00e9 vzadu na zips.<strong>\u00a0<\/strong>Zozn\u00e1mte sa s na\u0161ou ponukou <strong><a href=\"https:\/\/madelinefashion.pl\/sk\/sukienki-i-kombinezony\/sukienki-okolicznosciowe\/\">ve\u010dern\u00e9 \u0161aty<\/a>\u00a0a vyberte si model, <\/strong>v ktorom budete <strong>vyzera\u0165 ako hviezda a vy\u010dnieva\u0165 z davu. V na\u0161ich \u0161at\u00e1ch budete vy\u010dnieva\u0165 z davu!\u00a0 <\/strong>Nem\u00f4\u017eete by\u0165 k tomu \u013eahostajn\u00ed. <\/span><span style=\"font-size: 10pt;\">Vyroben\u00e9 a \u0161it\u00e9 v Po\u013esku. Kr\u00e1tke \u0161aty dostupn\u00e9 v na\u0161om e-shope <\/span><span style=\"font-size: 10pt;\">\u00a0vo ve\u013ekostiach\u00a0 \u00a0<strong>34,<\/strong> <strong>36, 38, 40<\/strong>\u00a0 . \u0160aty s vol\u00e1nmi s\u00fa perfektnou vo\u013ebou na svadbu, ples, Silvestra a in\u00e9 elegantn\u00e9 \u0161peci\u00e1lne udalosti. Dostupn\u00e9 na na\u0161om e-shope vo viacer\u00fdch farebn\u00fdch variantoch, tak nev\u00e1hajte a vyberte si t\u00fa, ktor\u00e1 je pre v\u00e1s ako stvoren\u00e1. Ak sa neviete rozhodn\u00fa\u0165 ak\u00fa farbu, <strong>ve\u013ekos\u0165<\/strong> je pre v\u00e1s to najlep\u0161ie <strong>kontaktuj n\u00e1s<\/strong> cez <a href=\"https:\/\/www.facebook.com\/madelinefashionbutik\" target=\"_blank\" rel=\"noopener\">Facebook<\/a> alebo <a href=\"https:\/\/madelinefashion.pl\/sk\/kontakt\/\">telef\u00f3n<\/a>. Ak ve\u013ekos\u0165 nie je na str\u00e1nke, kontaktujte n\u00e1s.\u00a0 <strong>Svoje rozmery m\u00f4\u017eete \u0161pecifikova\u0165 v inform\u00e1ci\u00e1ch po n\u00e1kupe<\/strong> Ve\u013ekos\u0165 p\u00e1su a poprsia V\u00e1m vyberieme t\u00fa spr\u00e1vnu ve\u013ekos\u0165!!\u00a0<\/span><\/p>\n<h3 style=\"text-align: center;\">ROZMERY \u0161iat:<\/h3>\n<p>&nbsp;<\/p>\n<p style=\"text-align: center;\"><strong>XS\/34<\/strong><\/p>\n<ul>\n<li style=\"text-align: center;\">\u00a0 \u00a0 \u00a0 \u00a0celkov\u00e1 d\u013a\u017eka: 82 cm<\/li>\n<li style=\"text-align: center;\">\u00a0\u00a0\u00a0\u00a0\u00a0\u00a0\u00a0 \u0161\u00edrka od pazuchy po pazuchu: 41 cm -45 cm<\/li>\n<li style=\"text-align: center;\">\u00a0\u00a0\u00a0\u00a0\u00a0\u00a0\u00a0 \u0161\u00edrka v p\u00e1se 34-36 cm<\/li>\n<li style=\"text-align: center;\">\u00a0\u00a0\u00a0\u00a0\u00a0\u00a0\u00a0 \u0161\u00edrka ramien: 34 cm<\/li>\n<\/ul>\n<p style=\"text-align: center;\"><strong>S\/36<\/strong><\/p>\n<ul>\n<li style=\"text-align: center;\">\u00a0 \u00a0 \u00a0celkov\u00e1 d\u013a\u017eka: 85 cm<\/li>\n<li style=\"text-align: center;\">\u00a0\u00a0\u00a0\u00a0\u00a0\u00a0\u00a0 \u0161\u00edrka od pazuchy po pazuchu: 45 cm -49 cm<\/li>\n<li style=\"text-align: center;\">\u00a0\u00a0\u00a0\u00a0\u00a0\u00a0\u00a0 \u0161\u00edrka v p\u00e1se 35-37 cm<\/li>\n<li style=\"text-align: center;\">\u00a0\u00a0\u00a0\u00a0\u00a0\u00a0\u00a0 \u0161\u00edrka ramien: 36 cm<\/li>\n<li style=\"text-align: center;\"><\/li>\n<\/ul>\n<p style=\"text-align: center;\"><strong>M\/38<\/strong><\/p>\n<ul>\n<li style=\"text-align: center;\">\u00a0 \u00a0celkov\u00e1 d\u013a\u017eka: 85 cm<\/li>\n<li style=\"text-align: center;\">\u00a0\u00a0\u00a0\u00a0\u00a0\u00a0\u00a0 \u0161\u00edrka od pazuchy po pazuchu: 45 cm -49 cm<\/li>\n<li style=\"text-align: center;\">\u00a0\u00a0\u00a0\u00a0\u00a0\u00a0\u00a0 \u0161\u00edrka v p\u00e1se 37-40 cm<\/li>\n<li style=\"text-align: center;\">\u00a0\u00a0\u00a0\u00a0\u00a0\u00a0\u00a0 \u0161\u00edrka ramien: 37 cm<\/li>\n<\/ul>\n<p style=\"text-align: center;\"><strong>L\/40<\/strong><\/p>\n<ul>\n<li style=\"text-align: center;\">celkov\u00e1 d\u013a\u017eka: 86 cm<\/li>\n<li style=\"text-align: center;\">\u00a0\u00a0\u00a0\u00a0\u00a0\u00a0\u00a0 \u0161\u00edrka od pazuchy po pazuchu: 47 cm -51 cm<\/li>\n<li style=\"text-align: center;\">\u00a0\u00a0\u00a0\u00a0\u00a0\u00a0\u00a0 \u0161\u00edrka v p\u00e1se 39-42 cm<\/li>\n<li style=\"text-align: center;\">\u00a0\u00a0\u00a0\u00a0\u00a0\u00a0\u00a0 \u0161\u00edrka ramien: 37 cm<\/li>\n<li style=\"text-align: center;\"><\/li>\n<\/ul>\n<p style=\"text-align: center;\">\u0160aty s\u00fa dostupn\u00e9 aj v in\u00fdch farb\u00e1ch - odpor\u00fa\u010dame v\u00e1m zozn\u00e1mi\u0165 sa s na\u0161imi \u010fal\u0161\u00edmi produktmi.<\/p>\n<p style=\"text-align: center;\">Rozmery sa m\u00f4\u017eu mierne l\u00ed\u0161i\u0165 od uveden\u00fdch +\/- 2cm.<\/p>\n<p style=\"text-align: center;\"><strong>\u00a0<\/strong><\/p>\n<p>&nbsp;<\/p>\n<table>\n<tbody>\n<tr>\n<td width=\"302\">Meno modela<\/td>\n<td width=\"302\">Kr\u00e1tke \u0161aty s vol\u00e1nmi na ramienkach Nadia<\/td>\n<\/tr>\n<tr>\n<td width=\"302\">Farba<\/td>\n<td width=\"302\"><span style=\"font-size: 10pt;\">malina<\/span><\/td>\n<\/tr>\n<tr>\n<td width=\"302\">Marka<\/td>\n<td width=\"302\">D&amp;D<\/td>\n<\/tr>\n<tr>\n<td width=\"302\">ve\u013ekosti<\/td>\n<td width=\"302\">\u00a034 36 38 40<\/td>\n<\/tr>\n<tr>\n<td width=\"302\">M\u00f3da<\/td>\n<td width=\"302\">Zhoda<\/td>\n<\/tr>\n<tr>\n<td width=\"302\">Materi\u00e1l<\/td>\n<td width=\"302\">60% Bavlna 35% Polyester 5% Elastan<\/td>\n<\/tr>\n<tr>\n<td width=\"302\">D\u013a\u017eka<\/td>\n<td width=\"302\">Pred kolenom<\/td>\n<\/tr>\n<\/tbody>\n<\/table>\n<p>&nbsp;<\/p>\n<p style=\"text-align: center;\">Aby ste si vybrali\u00a0<strong>perfektn\u00e9 \u0161aty<\/strong>\u00a0kontaktujte n\u00e1s telefonicky alebo prostredn\u00edctvom na\u0161ej webovej str\u00e1nky <a href=\"https:\/\/www.facebook.com\/madelinefashionbutik\" target=\"_blank\" rel=\"noopener\">Facebook<\/a> .<br \/>\nN\u00e1\u0161 t\u00edm v\u00e1m pom\u00f4\u017ee\u00a0<strong>Vyberte si ten spr\u00e1vny<\/strong>\u00a0.\u00a0<strong>Na \u017eelanie kupuj\u00faceho vyrob\u00edme ak\u00e9ko\u013evek \u0161aty\u00a0<\/strong><strong>opatrne mera\u0165.\u00a0<\/strong><\/p>\n<div class=\"additional-details\">\n<p style=\"text-align: center;\">\n<\/div>","protected":false},"excerpt":{"rendered":"<p>Sukienka Kr\u00f3tka Z Falbankami Na Rami\u0105czka Nadia Malinowa Sukienka Kr\u00f3tka Z Falbankami Na Rami\u0105czka Nadia Malinowa. G\u00f3ra sukienki dopasowana idealnie podkre\u015bla kobiece kszta\u0142ty. Sukienka ozdobiona jest na dole\u00a0 falbankami &#8211;\u00a0 rozkloszowana. Sukienka kr\u00f3tka z falbankami &#8211; zapinana z ty\u0142u na zamek.\u00a0Zapoznaj si\u0119 z nasz\u0105 ofert\u0105 sukni wieczorowych\u00a0i wybierz model, w kt\u00f3rej b\u0119dziesz wygl\u0105da\u0107 jak gwiazda<\/p>\n<div class=\"klb-readmore post-buttons\"><a class=\"button black outline size-sm\" href=\"https:\/\/madelinefashion.pl\/sk\/sukienka-krotka-z-falbankami-na-ramiaczka-nadia-malinowa\/\">\u010c\u00edta\u0165 \u010falej <i class=\"klbth-icon-right-arrow\"><\/i><\/a><\/div>","protected":false},"featured_media":14849,"template":"","meta":[],"product_brand":[],"product_cat":[124,395,380],"product_tag":[262,215],"class_list":{"0":"post-14870","1":"product","2":"type-product","3":"status-publish","4":"has-post-thumbnail","6":"product_cat-sukienki-okolicznosciowe","7":"product_cat-nowosci","8":"product_cat-wyprzedaz","9":"product_tag-sukienki-krotkie","10":"product_tag-sukienki-rozowe","12":"first","13":"instock","14":"sale","15":"purchasable","16":"product-type-variable"},"_links":{"self":[{"href":"https:\/\/madelinefashion.pl\/sk\/wp-json\/wp\/v2\/product\/14870","targetHints":{"allow":["GET"]}}],"collection":[{"href":"https:\/\/madelinefashion.pl\/sk\/wp-json\/wp\/v2\/product"}],"about":[{"href":"https:\/\/madelinefashion.pl\/sk\/wp-json\/wp\/v2\/types\/product"}],"wp:featuredmedia":[{"embeddable":true,"href":"https:\/\/madelinefashion.pl\/sk\/wp-json\/wp\/v2\/media\/14849"}],"wp:attachment":[{"href":"https:\/\/madelinefashion.pl\/sk\/wp-json\/wp\/v2\/media?parent=14870"}],"wp:term":[{"taxonomy":"product_brand","embeddable":true,"href":"https:\/\/madelinefashion.pl\/sk\/wp-json\/wp\/v2\/product_brand?post=14870"},{"taxonomy":"product_cat","embeddable":true,"href":"https:\/\/madelinefashion.pl\/sk\/wp-json\/wp\/v2\/product_cat?post=14870"},{"taxonomy":"product_tag","embeddable":true,"href":"https:\/\/madelinefashion.pl\/sk\/wp-json\/wp\/v2\/product_tag?post=14870"}],"curies":[{"name":"pracovn\u00fd list","href":"https:\/\/api.w.org\/{rel}","templated":true}]}}

Krátke šaty s volánmi na ramienkach Nadia Malinowa

<h3 style="text-align: center;">Krátke šaty s volánmi na ramienkach Nadia Malinowa</h3>
<p style="text-align: center;"><span style="font-size: 10pt;"><strong>Krátke šaty s volánmi na ramienkach Nadia Malinowa.</strong> <strong>Vrch šiat je vypasovaný</strong> dokonale zvýrazňuje ženské tvary. Šaty sú v spodnej časti zdobené volánmi - rozšírené. Krátke šaty s volánmi - zapínané vzadu na zips.<strong> </strong>Zoznámte sa s našou ponukou <strong><a href="https://madelinefashion.pl/sk/sukienki-i-kombinezony/sukienki-okolicznosciowe/">večerné šaty</a> a vyberte si model, </strong>v ktorom budete <strong>vyzerať ako hviezda a vyčnievať z davu. V našich šatách budete vyčnievať z davu!  </strong>Nemôžete byť k tomu ľahostajní. </span><span style="font-size: 10pt;">Vyrobené a šité v Poľsku. Krátke šaty dostupné v našom e-shope </span><span style="font-size: 10pt;"> vo veľkostiach   <strong>34,</strong> <strong>36, 38, 40</strong>  . Šaty s volánmi sú perfektnou voľbou na svadbu, ples, Silvestra a iné elegantné špeciálne udalosti. Dostupné na našom e-shope vo viacerých farebných variantoch, tak neváhajte a vyberte si tú, ktorá je pre vás ako stvorená. Ak sa neviete rozhodnúť akú farbu, <strong>veľkosť</strong> je pre vás to najlepšie <strong>kontaktuj nás</strong> cez <a href="https://www.facebook.com/madelinefashionbutik" target="_blank" rel="noopener">Facebook</a> alebo <a href="https://madelinefashion.pl/sk/kontakt/">telefón</a>. Ak veľkosť nie je na stránke, kontaktujte nás.  <strong>Svoje rozmery môžete špecifikovať v informáciách po nákupe</strong> Veľkosť pásu a poprsia Vám vyberieme tú správnu veľkosť!! </span></p>
<h3 style="text-align: center;">ROZMERY šiat:</h3>
<p>&nbsp;</p>
<p style="text-align: center;"><strong>XS/34</strong></p>
<ul>
<li style="text-align: center;">       celková dĺžka: 82 cm</li>
<li style="text-align: center;">        šírka od pazuchy po pazuchu: 41 cm -45 cm</li>
<li style="text-align: center;">        šírka v páse 34-36 cm</li>
<li style="text-align: center;">        šírka ramien: 34 cm</li>
</ul>
<p style="text-align: center;"><strong>S/36</strong></p>
<ul>
<li style="text-align: center;">     celková dĺžka: 85 cm</li>
<li style="text-align: center;">        šírka od pazuchy po pazuchu: 45 cm -49 cm</li>
<li style="text-align: center;">        šírka v páse 35-37 cm</li>
<li style="text-align: center;">        šírka ramien: 36 cm</li>
<li style="text-align: center;"></li>
</ul>
<p style="text-align: center;"><strong>M/38</strong></p>
<ul>
<li style="text-align: center;">   celková dĺžka: 85 cm</li>
<li style="text-align: center;">        šírka od pazuchy po pazuchu: 45 cm -49 cm</li>
<li style="text-align: center;">        šírka v páse 37-40 cm</li>
<li style="text-align: center;">        šírka ramien: 37 cm</li>
</ul>
<p style="text-align: center;"><strong>L/40</strong></p>
<ul>
<li style="text-align: center;">celková dĺžka: 86 cm</li>
<li style="text-align: center;">        šírka od pazuchy po pazuchu: 47 cm -51 cm</li>
<li style="text-align: center;">        šírka v páse 39-42 cm</li>
<li style="text-align: center;">        šírka ramien: 37 cm</li>
<li style="text-align: center;"></li>
</ul>
<p style="text-align: center;">Šaty sú dostupné aj v iných farbách - odporúčame vám zoznámiť sa s našimi ďalšími produktmi.</p>
<p style="text-align: center;">Rozmery sa môžu mierne líšiť od uvedených +/- 2cm.</p>
<p style="text-align: center;"><strong> </strong></p>
<p>&nbsp;</p>
<table>
<tbody>
<tr>
<td width="302">Meno modela</td>
<td width="302">Krátke šaty s volánmi na ramienkach Nadia</td>
</tr>
<tr>
<td width="302">Farba</td>
<td width="302"><span style="font-size: 10pt;">malina</span></td>
</tr>
<tr>
<td width="302">Marka</td>
<td width="302">D&amp;D</td>
</tr>
<tr>
<td width="302">veľkosti</td>
<td width="302"> 34 36 38 40</td>
</tr>
<tr>
<td width="302">Móda</td>
<td width="302">Zhoda</td>
</tr>
<tr>
<td width="302">Materiál</td>
<td width="302">60% Bavlna 35% Polyester 5% Elastan</td>
</tr>
<tr>
<td width="302">Dĺžka</td>
<td width="302">Pred kolenom</td>
</tr>
</tbody>
</table>
<p>&nbsp;</p>
<p style="text-align: center;">Aby ste si vybrali <strong>perfektné šaty</strong> kontaktujte nás telefonicky alebo prostredníctvom našej webovej stránky <a href="https://www.facebook.com/madelinefashionbutik" target="_blank" rel="noopener">Facebook</a> .<br />
Náš tím vám pomôže <strong>Vyberte si ten správny</strong> . <strong>Na želanie kupujúceho vyrobíme akékoľvek šaty </strong><strong>opatrne merať. </strong></p>
<div class="additional-details">
<p style="text-align: center;">
</div>

<p>Sukienka Krótka Z Falbankami Na Ramiączka Nadia Malinowa Sukienka Krótka Z Falbankami Na Ramiączka Nadia Malinowa. Góra sukienki dopasowana idealnie podkreśla kobiece kształty. Sukienka ozdobiona jest na dole  falbankami &#8211;  rozkloszowana. Sukienka krótka z falbankami &#8211; zapinana z tyłu na zamek. Zapoznaj się z naszą ofertą sukni wieczorowych i wybierz model, w której będziesz wyglądać jak gwiazda</p>
<div class="klb-readmore post-buttons"><a class="button black outline size-sm" href="https://madelinefashion.pl/sk/sukienka-krotka-z-falbankami-na-ramiaczka-nadia-malinowa/">Čítať ďalej <i class="klbth-icon-right-arrow"></i></a></div>

pracovný list
