{"id":154733,"date":"2024-03-18T15:36:02","date_gmt":"2024-03-18T14:36:02","guid":{"rendered":"https:\/\/madelinefashion.pl\/?post_type=product&#038;p=154733"},"modified":"2026-01-20T10:33:14","modified_gmt":"2026-01-20T09:33:14","slug":"koszula-savina-z-rekawem-fuksja","status":"publish","type":"product","link":"https:\/\/madelinefashion.pl\/sk\/koszula-savina-z-rekawem-fuksja\/","title":{"rendered":"Ko\u0161e\u013ea Savina s fuchsiov\u00fdmi ruk\u00e1vmi"},"content":{"rendered":"<h3 style=\"text-align: center;\">Ko\u0161e\u013ea Savina s fuchsiov\u00fdmi ruk\u00e1vmi<\/h3>\n<p style=\"text-align: center;\"><strong>Elegantn\u00fd<\/strong>\u00a0 ko\u0161e\u013ea s kr\u00e1tkym ruk\u00e1vom a ta\u0161kou. Jej farba a vzor v\u00e1s zaujm\u00fa <strong>budete vy\u010dnieva\u0165 z davu<\/strong>. T\u00e1to vo\u013en\u00e1 ko\u0161e\u013ea na gomb\u00edky m\u00e1 kr\u00e1tke ruk\u00e1vy, tak\u017ee sa oplat\u00ed ju skombinova\u0165 s nieko\u013ek\u00fdmi n\u00e1ramkami. Je perfektn\u00e1 na ka\u017edodenn\u00e9 nosenie. Tento \u0161t\u00fdl je v\u0161estrann\u00fd a mo\u017eno ho nosi\u0165 s r\u00f4znymi outfitmi. T\u00e1to ko\u0161e\u013ea, ktor\u00fa si zamilujete, sa dod\u00e1va s retiazkovou kabelkou. M\u00f4\u017eete ju nosi\u0165 so \u0161ortkami, d\u017e\u00ednsami, suk\u0148ou alebo dokonca ko\u017een\u00fdmi nohavicami. Perfektne lichot\u00ed va\u0161ej postave. Ide\u00e1lna do \u0161koly, do pr\u00e1ce, na rande alebo na stretnutie s priate\u013emi! <strong>Ide\u00e1lne pre ka\u017ed\u00fa pr\u00edle\u017eitos\u0165 a \u010das!\u00a0<\/strong>Ve\u013ekos\u0165\u00a0<strong>odpor\u00fa\u010dan\u00e9 univerz\u00e1lne<\/strong>\u00a0pre d\u00e1my vo ve\u013ekosti od<strong> S a\u017e XL<\/strong><\/p>\n<h3 style=\"text-align: center;\">Rozmery tri\u010dka:<\/h3>\n<ul>\n<li style=\"text-align: center;\">Celkov\u00e1 d\u013a\u017eka: 77 cm<\/li>\n<li style=\"text-align: center;\">\u0160\u00edrka od podpazu\u0161ia: 56-61 cm<\/li>\n<li style=\"text-align: center;\">\u0160\u00edrka p\u00e1su: 56-62 cm<\/li>\n<li style=\"text-align: center;\">D\u013a\u017eka ruk\u00e1va od podpazu\u0161ia: 40 cm<\/li>\n<li style=\"text-align: center;\">D\u013a\u017eka ruk\u00e1va od ramena: 35 cm (zap\u00ednanie na gomb\u00edky)<\/li>\n<li><\/li>\n<li><\/li>\n<\/ul>\n<p style=\"text-align: center;\">Rozmery sa m\u00f4\u017eu mierne l\u00ed\u0161i\u0165 od uveden\u00fdch +\/- 2cm. V\u0161etky uveden\u00e9 rozmery s\u00fa meran\u00e9 plo\u0161ne.<\/p>\n<p style=\"text-align: center;\"><span style=\"font-size: 10pt;\"><br \/>\n<strong>odpor\u00fa\u010dan\u00e9<\/strong> pre \u013eud\u00ed, ktor\u00ed nosia ve\u013ekos\u0165 od\u00a0<strong>S\u00a0<\/strong>dole <strong>X<\/strong><strong>L<\/strong><\/span><\/p>\n<table width=\"608\">\n<tbody>\n<tr>\n<td width=\"302\">Meno modela<\/td>\n<td width=\"302\">Ko\u0161e\u013ea Savina s ruk\u00e1vmi<\/td>\n<\/tr>\n<tr>\n<td width=\"302\">Farba<\/td>\n<td width=\"302\">Fuchsiov\u00e1<\/td>\n<\/tr>\n<tr>\n<td width=\"302\">ve\u013ekosti<\/td>\n<td width=\"302\">Univerz\u00e1lny<\/td>\n<\/tr>\n<tr>\n<td width=\"302\">M\u00f3da<\/td>\n<td width=\"302\">nadrozmern\u00e9<\/td>\n<\/tr>\n<tr>\n<td width=\"302\">Materi\u00e1l<\/td>\n<td width=\"302\">Zlo\u017eenie: 70% polyester 25% visk\u00f3za 5%elasti\u00e1n<\/td>\n<\/tr>\n<\/tbody>\n<\/table>\n<p style=\"text-align: center;\">Model m\u00e1\u00a0<strong>169<\/strong>\u00a0cm vysok\u00fd, nos\u00ed ve\u013ekos\u0165 ka\u017ed\u00fd de\u0148\u00a0<strong>S<\/strong><\/p>\n<p style=\"text-align: center;\">\u0160\u00edrka hrudn\u00edka 91 cm<\/p>\n<p style=\"text-align: center;\">\u0160\u00edrka p\u00e1su 71 cm<\/p>\n<p style=\"text-align: center;\">\u0160\u00edrka bokov 96 cm<\/p>\n<p style=\"text-align: center;\"><span style=\"font-size: 10pt;\">\u00a0<\/span><\/p>\n<p style=\"text-align: center;\"><span style=\"font-size: 10pt;\">\u00a0<\/span><\/p>\n<p style=\"text-align: center;\"><span style=\"font-size: 10pt;\">\u00a0<\/span><\/p>","protected":false},"excerpt":{"rendered":"<p>Koszula Savina Z R\u0119kawem Fuksja Elegancka\u00a0 koszula z torebk\u0105 na kr\u00f3tki r\u0119kaw . Jej kolor i wz\u00f3r sprawi\u0105, \u017ce wyr\u00f3\u017cnisz si\u0119 z t\u0142umu. Lu\u017ana, zapinana na guziki koszula ma kr\u00f3tki r\u0119kaw dlatego warto dobra\u0107 do niej kilka bransoletek. B\u0119dzie najlepiej pasowa\u0107 do codziennych look\u00f3w.\u00a0 Model wybierany do wielu stylizacji. Koszula w kt\u00f3rej\u00a0 si\u0119 zakochasz w<\/p>\n<div class=\"klb-readmore post-buttons\"><a class=\"button black outline size-sm\" href=\"https:\/\/madelinefashion.pl\/sk\/koszula-savina-z-rekawem-fuksja\/\">\u010c\u00edta\u0165 \u010falej <i class=\"klbth-icon-right-arrow\"><\/i><\/a><\/div>","protected":false},"featured_media":154709,"template":"","meta":[],"product_brand":[],"product_cat":[92],"product_tag":[],"class_list":{"0":"post-154733","1":"product","2":"type-product","3":"status-publish","4":"has-post-thumbnail","6":"product_cat-koszule","8":"first","9":"instock","10":"sale","11":"purchasable","12":"product-type-simple"},"_links":{"self":[{"href":"https:\/\/madelinefashion.pl\/sk\/wp-json\/wp\/v2\/product\/154733","targetHints":{"allow":["GET"]}}],"collection":[{"href":"https:\/\/madelinefashion.pl\/sk\/wp-json\/wp\/v2\/product"}],"about":[{"href":"https:\/\/madelinefashion.pl\/sk\/wp-json\/wp\/v2\/types\/product"}],"wp:featuredmedia":[{"embeddable":true,"href":"https:\/\/madelinefashion.pl\/sk\/wp-json\/wp\/v2\/media\/154709"}],"wp:attachment":[{"href":"https:\/\/madelinefashion.pl\/sk\/wp-json\/wp\/v2\/media?parent=154733"}],"wp:term":[{"taxonomy":"product_brand","embeddable":true,"href":"https:\/\/madelinefashion.pl\/sk\/wp-json\/wp\/v2\/product_brand?post=154733"},{"taxonomy":"product_cat","embeddable":true,"href":"https:\/\/madelinefashion.pl\/sk\/wp-json\/wp\/v2\/product_cat?post=154733"},{"taxonomy":"product_tag","embeddable":true,"href":"https:\/\/madelinefashion.pl\/sk\/wp-json\/wp\/v2\/product_tag?post=154733"}],"curies":[{"name":"pracovn\u00fd list","href":"https:\/\/api.w.org\/{rel}","templated":true}]}}

Košeľa Savina s fuchsiovými rukávmi

<h3 style="text-align: center;">Košeľa Savina s fuchsiovými rukávmi</h3>
<p style="text-align: center;"><strong>Elegantný</strong>  košeľa s krátkym rukávom a taškou. Jej farba a vzor vás zaujmú <strong>budete vyčnievať z davu</strong>. Táto voľná košeľa na gombíky má krátke rukávy, takže sa oplatí ju skombinovať s niekoľkými náramkami. Je perfektná na každodenné nosenie. Tento štýl je všestranný a možno ho nosiť s rôznymi outfitmi. Táto košeľa, ktorú si zamilujete, sa dodáva s retiazkovou kabelkou. Môžete ju nosiť so šortkami, džínsami, sukňou alebo dokonca koženými nohavicami. Perfektne lichotí vašej postave. Ideálna do školy, do práce, na rande alebo na stretnutie s priateľmi! <strong>Ideálne pre každú príležitosť a čas! </strong>Veľkosť <strong>odporúčané univerzálne</strong> pre dámy vo veľkosti od<strong> S až XL</strong></p>
<h3 style="text-align: center;">Rozmery trička:</h3>
<ul>
<li style="text-align: center;">Celková dĺžka: 77 cm</li>
<li style="text-align: center;">Šírka od podpazušia: 56-61 cm</li>
<li style="text-align: center;">Šírka pásu: 56-62 cm</li>
<li style="text-align: center;">Dĺžka rukáva od podpazušia: 40 cm</li>
<li style="text-align: center;">Dĺžka rukáva od ramena: 35 cm (zapínanie na gombíky)</li>
<li></li>
<li></li>
</ul>
<p style="text-align: center;">Rozmery sa môžu mierne líšiť od uvedených +/- 2cm. Všetky uvedené rozmery sú merané plošne.</p>
<p style="text-align: center;"><span style="font-size: 10pt;"><br />
<strong>odporúčané</strong> pre ľudí, ktorí nosia veľkosť od <strong>S </strong>dole <strong>X</strong><strong>L</strong></span></p>
<table width="608">
<tbody>
<tr>
<td width="302">Meno modela</td>
<td width="302">Košeľa Savina s rukávmi</td>
</tr>
<tr>
<td width="302">Farba</td>
<td width="302">Fuchsiová</td>
</tr>
<tr>
<td width="302">veľkosti</td>
<td width="302">Univerzálny</td>
</tr>
<tr>
<td width="302">Móda</td>
<td width="302">nadrozmerné</td>
</tr>
<tr>
<td width="302">Materiál</td>
<td width="302">Zloženie: 70% polyester 25% viskóza 5%elastián</td>
</tr>
</tbody>
</table>
<p style="text-align: center;">Model má <strong>169</strong> cm vysoký, nosí veľkosť každý deň <strong>S</strong></p>
<p style="text-align: center;">Šírka hrudníka 91 cm</p>
<p style="text-align: center;">Šírka pásu 71 cm</p>
<p style="text-align: center;">Šírka bokov 96 cm</p>
<p style="text-align: center;"><span style="font-size: 10pt;"> </span></p>
<p style="text-align: center;"><span style="font-size: 10pt;"> </span></p>
<p style="text-align: center;"><span style="font-size: 10pt;"> </span></p>

<p>Koszula Savina Z Rękawem Fuksja Elegancka  koszula z torebką na krótki rękaw . Jej kolor i wzór sprawią, że wyróżnisz się z tłumu. Luźna, zapinana na guziki koszula ma krótki rękaw dlatego warto dobrać do niej kilka bransoletek. Będzie najlepiej pasować do codziennych looków.  Model wybierany do wielu stylizacji. Koszula w której  się zakochasz w</p>
<div class="klb-readmore post-buttons"><a class="button black outline size-sm" href="https://madelinefashion.pl/sk/koszula-savina-z-rekawem-fuksja/">Čítať ďalej <i class="klbth-icon-right-arrow"></i></a></div>

pracovný list
