{"id":16149,"date":"2021-08-04T20:26:35","date_gmt":"2021-08-04T18:26:35","guid":{"rendered":"https:\/\/madelinefashion.pl\/?post_type=product&#038;p=16149"},"modified":"2026-03-26T12:40:31","modified_gmt":"2026-03-26T11:40:31","slug":"spodnie-jeansowe-biale-rita","status":"publish","type":"product","link":"https:\/\/madelinefashion.pl\/sk\/spodnie-jeansowe-biale-rita\/","title":{"rendered":"Biele d\u017e\u00ednsov\u00e9 nohavice Rita"},"content":{"rendered":"<h3 style=\"text-align: center;\">Biele d\u017e\u00ednsov\u00e9 nohavice Rita<\/h3>\n<p style=\"text-align: center;\"><strong>Biele d\u017e\u00ednsov\u00e9 nohavice Rita<\/strong> je skuto\u010dn\u00fdm hitom tejto sez\u00f3ny zdoben\u00fd na kolen\u00e1ch. Dokonale sa hodia k tvorbe bl\u00fazok<strong> unik\u00e1tny set<\/strong> . Dopl\u0148te svoj \u0161atn\u00edk o tento model roztrhan\u00fdch nohav\u00edc. V pr\u00edpade \u010fal\u0161\u00edch ot\u00e1zok k tomuto produktu n\u00e1s nev\u00e1hajte kontaktova\u0165 telefonicky alebo prostredn\u00edctvom <a href=\"https:\/\/www.facebook.com\/madelinefashionbutik\" target=\"_blank\" rel=\"noopener\">Facebook<\/a> . Sledujte nov\u00e9 trendy s <strong>Madelinefashion.\u00a0\u00a0<\/strong><\/p>\n<h3 style=\"text-align: center;\">Rozmery nohav\u00edc:<\/h3>\n<p style=\"text-align: center;\">36\/S<\/p>\n<ul style=\"text-align: center;\">\n<li>Celkov\u00e1 d\u013a\u017eka: 93 cm<\/li>\n<li>Vn\u00fatorn\u00e1 d\u013a\u017eka nohav\u00edc: 68 cm<\/li>\n<li>\u0160\u00edrka v p\u00e1se: 29-36 cm<\/li>\n<li>p\u00e1s: 25 cm<br \/>\n\u0160\u00edrka v bokoch: 38-43 cm<\/p>\n<p style=\"text-align: center;\">38\/M<\/p>\n<ul style=\"text-align: center;\">\n<li>Celkov\u00e1 d\u013a\u017eka: 93 cm<\/li>\n<li>Vn\u00fatorn\u00e1 d\u013a\u017eka nohav\u00edc: 70 cm<\/li>\n<li>\u0160\u00edrka v p\u00e1se: 34-39 cm<\/li>\n<li>p\u00e1s: 26 cm<br \/>\n\u0160\u00edrka v bokoch: 38-43 cm<\/li>\n<\/ul>\n<p style=\"text-align: center;\">40\/L<\/p>\n<ul style=\"text-align: center;\">\n<li>Celkov\u00e1 d\u013a\u017eka: 94 cm<\/li>\n<li>Vn\u00fatorn\u00e1 d\u013a\u017eka nohav\u00edc: 70 cm<\/li>\n<li>\u0160\u00edrka v p\u00e1se: 35-42 cm<\/li>\n<li>p\u00e1s: 26 cm<br \/>\n\u0160\u00edrka v bokoch: 42-47 cm<\/li>\n<\/ul>\n<\/li>\n<\/ul>\n<p>&nbsp;<\/p>\n<p style=\"text-align: center;\">Rozmery sa m\u00f4\u017eu mierne l\u00ed\u0161i\u0165 od uveden\u00fdch +\/- 2cm. V\u0161etky uveden\u00e9 rozmery s\u00fa meran\u00e9 plo\u0161ne.<br \/>\n<strong>rozmer x2<\/strong> - obvod.<\/p>\n<p>&nbsp;<\/p>\n<p style=\"text-align: center;\">\u00a0Model m\u00e1\u00a0<strong>165<\/strong>\u00a0cm vysok\u00fd, nos\u00ed ve\u013ekos\u0165 ka\u017ed\u00fd de\u0148\u00a0<strong>S<\/strong><\/p>\n<p style=\"text-align: center;\">","protected":false},"excerpt":{"rendered":"<p>Spodnie Jeansowe Bia\u0142e Rita Spodnie Jeansowe Bia\u0142e Rita to prawdziwy hit tego sezonu zdobione na kolanach.\u00a0 Idealnie komponuj\u0105 si\u0119 z naszymi bluzkami tworz\u0105c niepowtarzalny komplet . Uzupe\u0142nij swoj\u0105 garderob\u0119 o ten model spodni z przetarciami. W przypadku dalszych pyta\u0144 dotycz\u0105cych tego produktu, nie wahaj si\u0119 skontaktowa\u0107 z nami telefonicznie lub za pomoc\u0105 Facebook . Pod\u0105\u017caj<\/p>\n<div class=\"klb-readmore post-buttons\"><a class=\"button black outline size-sm\" href=\"https:\/\/madelinefashion.pl\/sk\/spodnie-jeansowe-biale-rita\/\">\u010c\u00edta\u0165 \u010falej <i class=\"klbth-icon-right-arrow\"><\/i><\/a><\/div>","protected":false},"featured_media":16146,"template":"","meta":[],"product_brand":[],"product_cat":[83,380],"product_tag":[475],"class_list":{"0":"post-16149","1":"product","2":"type-product","3":"status-publish","4":"has-post-thumbnail","6":"product_cat-spodnie","7":"product_cat-wyprzedaz","8":"product_tag-spodnie-dlugie","9":"pa_rozmiar-s-36","10":"pa_rozmiar-m-38","11":"pa_rozmiar-l-40","13":"first","14":"instock","15":"sale","16":"purchasable","17":"product-type-variable"},"_links":{"self":[{"href":"https:\/\/madelinefashion.pl\/sk\/wp-json\/wp\/v2\/product\/16149","targetHints":{"allow":["GET"]}}],"collection":[{"href":"https:\/\/madelinefashion.pl\/sk\/wp-json\/wp\/v2\/product"}],"about":[{"href":"https:\/\/madelinefashion.pl\/sk\/wp-json\/wp\/v2\/types\/product"}],"wp:featuredmedia":[{"embeddable":true,"href":"https:\/\/madelinefashion.pl\/sk\/wp-json\/wp\/v2\/media\/16146"}],"wp:attachment":[{"href":"https:\/\/madelinefashion.pl\/sk\/wp-json\/wp\/v2\/media?parent=16149"}],"wp:term":[{"taxonomy":"product_brand","embeddable":true,"href":"https:\/\/madelinefashion.pl\/sk\/wp-json\/wp\/v2\/product_brand?post=16149"},{"taxonomy":"product_cat","embeddable":true,"href":"https:\/\/madelinefashion.pl\/sk\/wp-json\/wp\/v2\/product_cat?post=16149"},{"taxonomy":"product_tag","embeddable":true,"href":"https:\/\/madelinefashion.pl\/sk\/wp-json\/wp\/v2\/product_tag?post=16149"}],"curies":[{"name":"pracovn\u00fd list","href":"https:\/\/api.w.org\/{rel}","templated":true}]}}

Biele džínsové nohavice Rita

<h3 style="text-align: center;">Biele džínsové nohavice Rita</h3>
<p style="text-align: center;"><strong>Biele džínsové nohavice Rita</strong> je skutočným hitom tejto sezóny zdobený na kolenách. Dokonale sa hodia k tvorbe blúzok<strong> unikátny set</strong> . Doplňte svoj šatník o tento model roztrhaných nohavíc. V prípade ďalších otázok k tomuto produktu nás neváhajte kontaktovať telefonicky alebo prostredníctvom <a href="https://www.facebook.com/madelinefashionbutik" target="_blank" rel="noopener">Facebook</a> . Sledujte nové trendy s <strong>Madelinefashion.  </strong></p>
<h3 style="text-align: center;">Rozmery nohavíc:</h3>
<p style="text-align: center;">36/S</p>
<ul style="text-align: center;">
<li>Celková dĺžka: 93 cm</li>
<li>Vnútorná dĺžka nohavíc: 68 cm</li>
<li>Šírka v páse: 29-36 cm</li>
<li>pás: 25 cm<br />
Šírka v bokoch: 38-43 cm</p>
<p style="text-align: center;">38/M</p>
<ul style="text-align: center;">
<li>Celková dĺžka: 93 cm</li>
<li>Vnútorná dĺžka nohavíc: 70 cm</li>
<li>Šírka v páse: 34-39 cm</li>
<li>pás: 26 cm<br />
Šírka v bokoch: 38-43 cm</li>
</ul>
<p style="text-align: center;">40/L</p>
<ul style="text-align: center;">
<li>Celková dĺžka: 94 cm</li>
<li>Vnútorná dĺžka nohavíc: 70 cm</li>
<li>Šírka v páse: 35-42 cm</li>
<li>pás: 26 cm<br />
Šírka v bokoch: 42-47 cm</li>
</ul>
</li>
</ul>
<p>&nbsp;</p>
<p style="text-align: center;">Rozmery sa môžu mierne líšiť od uvedených +/- 2cm. Všetky uvedené rozmery sú merané plošne.<br />
<strong>rozmer x2</strong> - obvod.</p>
<p>&nbsp;</p>
<p style="text-align: center;"> Model má <strong>165</strong> cm vysoký, nosí veľkosť každý deň <strong>S</strong></p>
<p style="text-align: center;">

<p>Spodnie Jeansowe Białe Rita Spodnie Jeansowe Białe Rita to prawdziwy hit tego sezonu zdobione na kolanach.  Idealnie komponują się z naszymi bluzkami tworząc niepowtarzalny komplet . Uzupełnij swoją garderobę o ten model spodni z przetarciami. W przypadku dalszych pytań dotyczących tego produktu, nie wahaj się skontaktować z nami telefonicznie lub za pomocą Facebook . Podążaj</p>
<div class="klb-readmore post-buttons"><a class="button black outline size-sm" href="https://madelinefashion.pl/sk/spodnie-jeansowe-biale-rita/">Čítať ďalej <i class="klbth-icon-right-arrow"></i></a></div>

pracovný list
