{"id":18368,"date":"2021-09-07T22:08:43","date_gmt":"2021-09-07T20:08:43","guid":{"rendered":"https:\/\/madelinefashion.pl\/?post_type=product&#038;p=18368"},"modified":"2026-03-19T17:05:44","modified_gmt":"2026-03-19T16:05:44","slug":"kurtka-alpaka-krotka-next-karmelowa","status":"publish","type":"product","link":"https:\/\/madelinefashion.pl\/sk\/kurtka-alpaka-krotka-next-karmelowa\/","title":{"rendered":"\u010ealej Karamelov\u00e1 kr\u00e1tka bunda z alpaky"},"content":{"rendered":"<h3 style=\"text-align: center;\">\u010ealej Karamelov\u00e1 kr\u00e1tka bunda z alpaky<\/h3>\n<p style=\"text-align: center;\"><strong>\u010eal\u0161ia kr\u00e1tka bunda z alpaky <\/strong>zap\u00ednanie na skryt\u00e9 patentky je to skuto\u010dn\u00e9 <strong>sez\u00f3nny hit<\/strong>. Je to spojenie elegancie, modernosti a funk\u010dnosti - <strong>Na\u0161a bunda z alpaky<\/strong> Dopln\u00ed ka\u017ed\u00fa siluetu a \u0161t\u00fdl. Vyroben\u00fd z ve\u013emi m\u00f3dnej a neuverite\u013ene pohodlnej alpaky. Tepl\u00fd, ide\u00e1lny na jar a jese\u0148. Nadrozmern\u00fd, vo\u013en\u00fd strih sa hod\u00ed k elegantn\u00fdm, le\u017e\u00e9rnym aj \u0161portov\u00fdm outfitom. Kardigan s kapuc\u0148ou m\u00e1 vreck\u00e1. . <strong>Perfektn\u00fd pl\u00e1\u0161\u0165 na ka\u017ed\u00fa pr\u00edle\u017eitos\u0165.<\/strong> Dod\u00e1vaj\u00fa \u00fa\u017easn\u00fd efekt\u00a0<strong>bo\u010dn\u00e9 vreck\u00e1 s lemovan\u00edm.<\/strong>\u00a0Perfektn\u00e9 ako\u00a0<strong>vrchn\u00e9 oble\u010denie v chladnej\u0161\u00edch d\u0148och.<\/strong>\u00a0Je\u00a0<strong>ve\u013emi flexibiln\u00e9.\u00a0<\/strong>. V na\u0161om internetovom obchode n\u00e1jdete ve\u013ek\u00fd v\u00fdber kab\u00e1tov za bezkonkuren\u010dn\u00e9 ceny <strong>n\u00edzka cena<\/strong>. Hod\u00ed sa ku ka\u017ed\u00e9mu \u0161t\u00fdlu, na ka\u017edodenn\u00e9 nosenie, no v\u010faka spr\u00e1vnym doplnkom vytvor\u00edte aj origin\u00e1lny ve\u010dern\u00fd outfit<strong>romantick\u00fa prech\u00e1dzku, ako aj pracovn\u00fd v\u00fdlet<\/strong>. Model vhodn\u00fd pre d\u00e1my nosiace ve\u013e <strong>SML XL a XXL<\/strong><\/p>\n<h3 style=\"text-align: center;\">rozmery kab\u00e1ta:<\/h3>\n<ul style=\"text-align: center;\">\n<li>Celkov\u00e1 d\u013a\u017eka: 60 cm<\/li>\n<li>\u0160\u00edrka od pazuchy po pazuchu: 58-60 cm x2<\/li>\n<li>Maxim\u00e1lny obvod hrudn\u00edka: 120 cm<\/li>\n<li>D\u013a\u017eka ruk\u00e1va od podpazu\u0161ia 39 cm<\/li>\n<li>D\u013a\u017eka ruk\u00e1va od ramena 43 cm<br \/>\n\u0160\u00edrka v spodnej \u010dasti: 37 - 44 cm x2<\/li>\n<\/ul>\n<p style=\"text-align: center;\">Rozmery sa m\u00f4\u017eu mierne l\u00ed\u0161i\u0165 od uveden\u00fdch +\/- 2cm. V\u0161etky uveden\u00e9 rozmery s\u00fa meran\u00e9 plo\u0161ne.<\/p>\n<p style=\"text-align: center;\"><strong>\u00a0<\/strong><\/p>\n<table width=\"499\">\n<tbody>\n<tr>\n<td width=\"302\">Meno modela<\/td>\n<td width=\"302\">Bunda Alpaca Next<\/td>\n<\/tr>\n<tr>\n<td width=\"302\">Farba<\/td>\n<td width=\"302\">karamel<\/td>\n<\/tr>\n<tr>\n<td width=\"302\">Zbierka<\/td>\n<td width=\"302\">jar\/jese\u0148\/zima<\/td>\n<\/tr>\n<tr>\n<td width=\"302\">ve\u013ekosti<\/td>\n<td width=\"302\">Univerz\u00e1lny<\/td>\n<\/tr>\n<tr>\n<td width=\"302\">M\u00f3da<\/td>\n<td width=\"302\">nadrozmern\u00e9<\/td>\n<\/tr>\n<tr>\n<td width=\"302\">Hood<\/td>\n<td width=\"302\">\u00c1no<\/td>\n<\/tr>\n<tr>\n<td width=\"302\">Zaspievanie<\/td>\n<td width=\"302\">Sn\u00edmky x3<\/td>\n<\/tr>\n<tr>\n<td width=\"302\">Materi\u00e1l<\/td>\n<td width=\"302\">Alpaka<\/td>\n<\/tr>\n<\/tbody>\n<\/table>\n<p style=\"text-align: center;\">Model m\u00e1\u00a0<strong>165<\/strong>\u00a0cm vysok\u00fd, nos\u00ed ho ka\u017ed\u00fd de\u0148\u00a0<strong>ve\u013ekos\u0165 S<\/strong><\/p>","protected":false},"excerpt":{"rendered":"<p>Kurtka Alpaka Kr\u00f3tka Next Karmelowa Kurtka Alpaka Kr\u00f3tka Next zapinana na ukryte napy to prawdziwy hit sezonu. Jest to po\u0142\u0105czenie elegancji, nowoczesno\u015bci i funkcjonalno\u015bci \u2013 Nasza kurtka z Alpaki wpisuje si\u0119 w ka\u017cd\u0105 sylwetk\u0119 i stylizacj\u0119. Wykonany z bardzo modnego i niezwykle przyjemnego materia\u0142u &#8211; &#8222;alpaka&#8221; . Ciep\u0142y, idealny na wiosn\u0119 i jesie\u0144. Oversizeowy, lu\u017any<\/p>\n<div class=\"klb-readmore post-buttons\"><a class=\"button black outline size-sm\" href=\"https:\/\/madelinefashion.pl\/sk\/kurtka-alpaka-krotka-next-karmelowa\/\">\u010c\u00edta\u0165 \u010falej <i class=\"klbth-icon-right-arrow\"><\/i><\/a><\/div>","protected":false},"featured_media":36621,"template":"","meta":[],"product_brand":[],"product_cat":[119,117,395,279],"product_tag":[284],"class_list":{"0":"post-18368","1":"product","2":"type-product","3":"status-publish","4":"has-post-thumbnail","6":"product_cat-plaszcze-krotkie","7":"product_cat-kurtki","8":"product_cat-nowosci","9":"product_cat-plaszcze-wiosenne","10":"product_tag-alpaka","11":"pa_rozmiar-s","12":"pa_rozmiar-m","13":"pa_rozmiar-l","14":"pa_rozmiar-xl","16":"first","17":"instock","18":"sale","19":"purchasable","20":"product-type-simple"},"_links":{"self":[{"href":"https:\/\/madelinefashion.pl\/sk\/wp-json\/wp\/v2\/product\/18368","targetHints":{"allow":["GET"]}}],"collection":[{"href":"https:\/\/madelinefashion.pl\/sk\/wp-json\/wp\/v2\/product"}],"about":[{"href":"https:\/\/madelinefashion.pl\/sk\/wp-json\/wp\/v2\/types\/product"}],"wp:featuredmedia":[{"embeddable":true,"href":"https:\/\/madelinefashion.pl\/sk\/wp-json\/wp\/v2\/media\/36621"}],"wp:attachment":[{"href":"https:\/\/madelinefashion.pl\/sk\/wp-json\/wp\/v2\/media?parent=18368"}],"wp:term":[{"taxonomy":"product_brand","embeddable":true,"href":"https:\/\/madelinefashion.pl\/sk\/wp-json\/wp\/v2\/product_brand?post=18368"},{"taxonomy":"product_cat","embeddable":true,"href":"https:\/\/madelinefashion.pl\/sk\/wp-json\/wp\/v2\/product_cat?post=18368"},{"taxonomy":"product_tag","embeddable":true,"href":"https:\/\/madelinefashion.pl\/sk\/wp-json\/wp\/v2\/product_tag?post=18368"}],"curies":[{"name":"pracovn\u00fd list","href":"https:\/\/api.w.org\/{rel}","templated":true}]}}

Ďalej Karamelová krátka bunda z alpaky

<h3 style="text-align: center;">Ďalej Karamelová krátka bunda z alpaky</h3>
<p style="text-align: center;"><strong>Ďalšia krátka bunda z alpaky </strong>zapínanie na skryté patentky je to skutočné <strong>sezónny hit</strong>. Je to spojenie elegancie, modernosti a funkčnosti - <strong>Naša bunda z alpaky</strong> Doplní každú siluetu a štýl. Vyrobený z veľmi módnej a neuveriteľne pohodlnej alpaky. Teplý, ideálny na jar a jeseň. Nadrozmerný, voľný strih sa hodí k elegantným, ležérnym aj športovým outfitom. Kardigan s kapucňou má vrecká. . <strong>Perfektný plášť na každú príležitosť.</strong> Dodávajú úžasný efekt <strong>bočné vrecká s lemovaním.</strong> Perfektné ako <strong>vrchné oblečenie v chladnejších dňoch.</strong> Je <strong>veľmi flexibilné. </strong>. V našom internetovom obchode nájdete veľký výber kabátov za bezkonkurenčné ceny <strong>nízka cena</strong>. Hodí sa ku každému štýlu, na každodenné nosenie, no vďaka správnym doplnkom vytvoríte aj originálny večerný outfit<strong>romantickú prechádzku, ako aj pracovný výlet</strong>. Model vhodný pre dámy nosiace veľ <strong>SML XL a XXL</strong></p>
<h3 style="text-align: center;">rozmery kabáta:</h3>
<ul style="text-align: center;">
<li>Celková dĺžka: 60 cm</li>
<li>Šírka od pazuchy po pazuchu: 58-60 cm x2</li>
<li>Maximálny obvod hrudníka: 120 cm</li>
<li>Dĺžka rukáva od podpazušia 39 cm</li>
<li>Dĺžka rukáva od ramena 43 cm<br />
Šírka v spodnej časti: 37 - 44 cm x2</li>
</ul>
<p style="text-align: center;">Rozmery sa môžu mierne líšiť od uvedených +/- 2cm. Všetky uvedené rozmery sú merané plošne.</p>
<p style="text-align: center;"><strong> </strong></p>
<table width="499">
<tbody>
<tr>
<td width="302">Meno modela</td>
<td width="302">Bunda Alpaca Next</td>
</tr>
<tr>
<td width="302">Farba</td>
<td width="302">karamel</td>
</tr>
<tr>
<td width="302">Zbierka</td>
<td width="302">jar/jeseň/zima</td>
</tr>
<tr>
<td width="302">veľkosti</td>
<td width="302">Univerzálny</td>
</tr>
<tr>
<td width="302">Móda</td>
<td width="302">nadrozmerné</td>
</tr>
<tr>
<td width="302">Hood</td>
<td width="302">Áno</td>
</tr>
<tr>
<td width="302">Zaspievanie</td>
<td width="302">Snímky x3</td>
</tr>
<tr>
<td width="302">Materiál</td>
<td width="302">Alpaka</td>
</tr>
</tbody>
</table>
<p style="text-align: center;">Model má <strong>165</strong> cm vysoký, nosí ho každý deň <strong>veľkosť S</strong></p>

<p>Kurtka Alpaka Krótka Next Karmelowa Kurtka Alpaka Krótka Next zapinana na ukryte napy to prawdziwy hit sezonu. Jest to połączenie elegancji, nowoczesności i funkcjonalności – Nasza kurtka z Alpaki wpisuje się w każdą sylwetkę i stylizację. Wykonany z bardzo modnego i niezwykle przyjemnego materiału &#8211; &#8222;alpaka&#8221; . Ciepły, idealny na wiosnę i jesień. Oversizeowy, luźny</p>
<div class="klb-readmore post-buttons"><a class="button black outline size-sm" href="https://madelinefashion.pl/sk/kurtka-alpaka-krotka-next-karmelowa/">Čítať ďalej <i class="klbth-icon-right-arrow"></i></a></div>

pracovný list
