{"id":18404,"date":"2021-09-08T19:48:03","date_gmt":"2021-09-08T17:48:03","guid":{"rendered":"https:\/\/madelinefashion.pl\/?post_type=product&#038;p=18404"},"modified":"2026-01-20T10:34:18","modified_gmt":"2026-01-20T09:34:18","slug":"koszula-w-krate-monley-bialo-czarna","status":"publish","type":"product","link":"https:\/\/madelinefashion.pl\/sk\/koszula-w-krate-monley-bialo-czarna\/","title":{"rendered":"\u010cierna kockovan\u00e1 ko\u0161e\u013ea Monley White"},"content":{"rendered":"<h3 style=\"text-align: center;\">\u010cierna kockovan\u00e1 ko\u0161e\u013ea Monley White<\/h3>\n<p style=\"text-align: center;\">Strihan\u00e1 ko\u0161e\u013ea<strong> nadrozmern\u00e9<\/strong> je ide\u00e1lnym z\u00e1kladom a z\u00e1kladom pre mnoh\u00e9 \u0161tyliz\u00e1cie. Je tot\u00e1lne <strong>MUSIE\u0164 MA\u0164<\/strong> t\u00fato sez\u00f3nu. Ko\u0161e\u013ea s najm\u00f3dnej\u0161ou potla\u010dou <strong>skontrolovan\u00e9<\/strong>. M\u00e1 dve predn\u00e9 vreck\u00e1 a zap\u00ednanie na gomb\u00edky. Chcete sa c\u00edti\u0165 trendy? Nezabudnite na ko\u0161e\u013eu vo svojom \u0161atn\u00edku. Jej farba a vzor ju nechaj\u00fa vynikn\u00fa\u0165. <strong>budete vy\u010dnieva\u0165 z davu<\/strong>. Ko\u0161e\u013ea m\u00e1 aj opasok v p\u00e1se, v\u010faka ktor\u00e9mu si ju dokonale prisp\u00f4sob\u00edte postave. Bude to sedie\u0165 najlep\u0161ie <strong>ka\u017edodenn\u00fd vzh\u013ead<\/strong>. Model vybran\u00fd pre mnoho \u0161t\u00fdlov. M\u00f4\u017eete ich nosi\u0165 k \u0161ortk\u00e1m, d\u017e\u00ednsom, sukni a dokonca aj ko\u017een\u00fdm nohaviciam. Na\u0161u kockovan\u00fa ko\u0161e\u013eu m\u00f4\u017eete nosi\u0165 aj ako<strong> \u0161aty<\/strong>. Dokonale sa prisp\u00f4sob\u00ed postave. Ide\u00e1lne do \u0161koly, pr\u00e1ce, na rande alebo na stretnutie s priate\u013emi! <strong>Ide\u00e1lne pre ka\u017ed\u00fa pr\u00edle\u017eitos\u0165 a \u010das! <\/strong>Ve\u013ekos\u0165\u00a0<strong>odpor\u00fa\u010dan\u00e9 univerz\u00e1lne<\/strong>\u00a0pre d\u00e1my vo ve\u013ekosti od<strong> S a\u017e XL.<\/strong> Dostupn\u00e9 vo viacer\u00fdch farb\u00e1ch.<\/p>\n<h3 style=\"text-align: center;\">Rozmery tri\u010dka:<\/h3>\n<ul style=\"text-align: center;\">\n<li>Celkov\u00e1 d\u013a\u017eka prednej \u010dasti: 87 cm<\/li>\n<li>\u0160\u00edrka od podpazu\u0161ia: 48-52 cm x2<\/li>\n<li>\u0160\u00edrka p\u00e1su: 46-52 cm x2<\/li>\n<li>\u0160\u00edrka bokov: 50-54 cm x2<\/li>\n<li>D\u013a\u017eka ruk\u00e1va od podpazu\u0161ia: 43 cm<\/li>\n<li>D\u013a\u017eka ruk\u00e1va od ramena: 54 cm<br \/>\n\u0160\u00edrka bicepsu: 19 cm x 2<\/li>\n<\/ul>\n<p>&nbsp;<\/p>\n<p style=\"text-align: center;\">Rozmery sa m\u00f4\u017eu mierne l\u00ed\u0161i\u0165 od uveden\u00fdch +\/- 2cm. V\u0161etky uveden\u00e9 rozmery s\u00fa meran\u00e9 plo\u0161ne.<\/p>\n<p style=\"text-align: center;\"><span style=\"font-size: 10pt;\">\u00a0<\/span><\/p>\n<p style=\"text-align: center;\"><span style=\"font-size: 10pt;\">\u00a0<\/span><\/p>\n<table width=\"608\">\n<tbody>\n<tr>\n<td width=\"302\">Meno modela<\/td>\n<td width=\"302\">Ko\u0161e\u013ea Monley s kockovan\u00fdm vzorom<\/td>\n<\/tr>\n<tr>\n<td width=\"302\">Farba<\/td>\n<td width=\"302\">biely \u010dierny<\/td>\n<\/tr>\n<tr>\n<td width=\"302\">ve\u013ekosti<\/td>\n<td width=\"302\">Univerz\u00e1lny<\/td>\n<\/tr>\n<tr>\n<td width=\"302\">M\u00f3da<\/td>\n<td width=\"302\">nadrozmern\u00e9<\/td>\n<\/tr>\n<tr>\n<td width=\"302\">Materi\u00e1l<\/td>\n<td width=\"302\">Zlo\u017eenie: 95 % bavlna 5%elasti\u00e1n<\/td>\n<\/tr>\n<\/tbody>\n<\/table>\n<p style=\"text-align: center;\"><span style=\"font-size: 10pt;\">\u00a0<\/span><\/p>\n<div class=\"tabs tabs-bb clear mb-80\">\n<div class=\"tab-content\">\n<div id=\"tab-description\" class=\"tab-pane fade in woocommerce-Tabs-panel--description active\">\n<div class=\"tabs tabs-bb clear mb-80\">\n<div class=\"tab-content\">\n<div id=\"tab-description\" class=\"tab-pane fade in woocommerce-Tabs-panel--description active\">\n<p style=\"text-align: center;\">\u00a0Model m\u00e1\u00a0<strong>165<\/strong>\u00a0cm vysok\u00fd, nos\u00ed ve\u013ekos\u0165 ka\u017ed\u00fd de\u0148\u00a0<strong>S<\/strong><\/p>\n<\/div>\n<\/div>\n<\/div>\n<\/div>\n<\/div>\n<\/div>","protected":false},"excerpt":{"rendered":"<p>Koszula w Krat\u0119 Monley Bia\u0142o Czarna Koszula o kroju oversizowym to idealna baza i podstawa do wielu stylizacji. Jest to totalny MUST HAVE tego sezonu. Koszula z najmodniejszym Printem w krate. Posiada dwie kieszonki z przodu i zapinana jest na\u00a0 guziki. Chcesz si\u0119 poczu\u0107 na czasie? Pami\u0119taj o koszuli w swojej garderobie.\u00a0 Jej kolor i<\/p>\n<div class=\"klb-readmore post-buttons\"><a class=\"button black outline size-sm\" href=\"https:\/\/madelinefashion.pl\/sk\/koszula-w-krate-monley-bialo-czarna\/\">\u010c\u00edta\u0165 \u010falej <i class=\"klbth-icon-right-arrow\"><\/i><\/a><\/div>","protected":false},"featured_media":18412,"template":"","meta":[],"product_brand":[],"product_cat":[92,395],"product_tag":[296],"class_list":{"0":"post-18404","1":"product","2":"type-product","3":"status-publish","4":"has-post-thumbnail","6":"product_cat-koszule","7":"product_cat-nowosci","8":"product_tag-tuniki","10":"first","11":"instock","12":"sale","13":"purchasable","14":"product-type-simple"},"_links":{"self":[{"href":"https:\/\/madelinefashion.pl\/sk\/wp-json\/wp\/v2\/product\/18404","targetHints":{"allow":["GET"]}}],"collection":[{"href":"https:\/\/madelinefashion.pl\/sk\/wp-json\/wp\/v2\/product"}],"about":[{"href":"https:\/\/madelinefashion.pl\/sk\/wp-json\/wp\/v2\/types\/product"}],"wp:featuredmedia":[{"embeddable":true,"href":"https:\/\/madelinefashion.pl\/sk\/wp-json\/wp\/v2\/media\/18412"}],"wp:attachment":[{"href":"https:\/\/madelinefashion.pl\/sk\/wp-json\/wp\/v2\/media?parent=18404"}],"wp:term":[{"taxonomy":"product_brand","embeddable":true,"href":"https:\/\/madelinefashion.pl\/sk\/wp-json\/wp\/v2\/product_brand?post=18404"},{"taxonomy":"product_cat","embeddable":true,"href":"https:\/\/madelinefashion.pl\/sk\/wp-json\/wp\/v2\/product_cat?post=18404"},{"taxonomy":"product_tag","embeddable":true,"href":"https:\/\/madelinefashion.pl\/sk\/wp-json\/wp\/v2\/product_tag?post=18404"}],"curies":[{"name":"pracovn\u00fd list","href":"https:\/\/api.w.org\/{rel}","templated":true}]}}

Čierna kockovaná košeľa Monley White

<h3 style="text-align: center;">Čierna kockovaná košeľa Monley White</h3>
<p style="text-align: center;">Strihaná košeľa<strong> nadrozmerné</strong> je ideálnym základom a základom pre mnohé štylizácie. Je totálne <strong>MUSIEŤ MAŤ</strong> túto sezónu. Košeľa s najmódnejšou potlačou <strong>skontrolované</strong>. Má dve predné vrecká a zapínanie na gombíky. Chcete sa cítiť trendy? Nezabudnite na košeľu vo svojom šatníku. Jej farba a vzor ju nechajú vyniknúť. <strong>budete vyčnievať z davu</strong>. Košeľa má aj opasok v páse, vďaka ktorému si ju dokonale prispôsobíte postave. Bude to sedieť najlepšie <strong>každodenný vzhľad</strong>. Model vybraný pre mnoho štýlov. Môžete ich nosiť k šortkám, džínsom, sukni a dokonca aj koženým nohaviciam. Našu kockovanú košeľu môžete nosiť aj ako<strong> šaty</strong>. Dokonale sa prispôsobí postave. Ideálne do školy, práce, na rande alebo na stretnutie s priateľmi! <strong>Ideálne pre každú príležitosť a čas! </strong>Veľkosť <strong>odporúčané univerzálne</strong> pre dámy vo veľkosti od<strong> S až XL.</strong> Dostupné vo viacerých farbách.</p>
<h3 style="text-align: center;">Rozmery trička:</h3>
<ul style="text-align: center;">
<li>Celková dĺžka prednej časti: 87 cm</li>
<li>Šírka od podpazušia: 48-52 cm x2</li>
<li>Šírka pásu: 46-52 cm x2</li>
<li>Šírka bokov: 50-54 cm x2</li>
<li>Dĺžka rukáva od podpazušia: 43 cm</li>
<li>Dĺžka rukáva od ramena: 54 cm<br />
Šírka bicepsu: 19 cm x 2</li>
</ul>
<p>&nbsp;</p>
<p style="text-align: center;">Rozmery sa môžu mierne líšiť od uvedených +/- 2cm. Všetky uvedené rozmery sú merané plošne.</p>
<p style="text-align: center;"><span style="font-size: 10pt;"> </span></p>
<p style="text-align: center;"><span style="font-size: 10pt;"> </span></p>
<table width="608">
<tbody>
<tr>
<td width="302">Meno modela</td>
<td width="302">Košeľa Monley s kockovaným vzorom</td>
</tr>
<tr>
<td width="302">Farba</td>
<td width="302">biely čierny</td>
</tr>
<tr>
<td width="302">veľkosti</td>
<td width="302">Univerzálny</td>
</tr>
<tr>
<td width="302">Móda</td>
<td width="302">nadrozmerné</td>
</tr>
<tr>
<td width="302">Materiál</td>
<td width="302">Zloženie: 95 % bavlna 5%elastián</td>
</tr>
</tbody>
</table>
<p style="text-align: center;"><span style="font-size: 10pt;"> </span></p>
<div class="tabs tabs-bb clear mb-80">
<div class="tab-content">
<div id="tab-description" class="tab-pane fade in woocommerce-Tabs-panel--description active">
<div class="tabs tabs-bb clear mb-80">
<div class="tab-content">
<div id="tab-description" class="tab-pane fade in woocommerce-Tabs-panel--description active">
<p style="text-align: center;"> Model má <strong>165</strong> cm vysoký, nosí veľkosť každý deň <strong>S</strong></p>
</div>
</div>
</div>
</div>
</div>
</div>

<p>Koszula w Kratę Monley Biało Czarna Koszula o kroju oversizowym to idealna baza i podstawa do wielu stylizacji. Jest to totalny MUST HAVE tego sezonu. Koszula z najmodniejszym Printem w krate. Posiada dwie kieszonki z przodu i zapinana jest na  guziki. Chcesz się poczuć na czasie? Pamiętaj o koszuli w swojej garderobie.  Jej kolor i</p>
<div class="klb-readmore post-buttons"><a class="button black outline size-sm" href="https://madelinefashion.pl/sk/koszula-w-krate-monley-bialo-czarna/">Čítať ďalej <i class="klbth-icon-right-arrow"></i></a></div>

pracovný list
