{"id":1876,"date":"2020-05-04T19:14:03","date_gmt":"2020-05-04T19:14:03","guid":{"rendered":"http:\/\/serwer2078743.home.pl\/?post_type=product&#038;p=1876"},"modified":"2026-03-26T12:40:51","modified_gmt":"2026-03-26T11:40:51","slug":"t-shirt-na-krotki-rekaw-bebe-bialy","status":"publish","type":"product","link":"https:\/\/madelinefashion.pl\/sk\/t-shirt-na-krotki-rekaw-bebe-bialy\/","title":{"rendered":"Bebe biele tri\u010dko s kr\u00e1tkym ruk\u00e1vom"},"content":{"rendered":"<h3 style=\"text-align: center;\">Bebe biele tri\u010dko s kr\u00e1tkym ruk\u00e1vom<\/h3>\n<p style=\"text-align: center;\"><strong>Biele tri\u010dko.<\/strong> Biele bavlnen\u00e9 tri\u010dko zdoben\u00e9 vreckom na prednej strane so v\u0161it\u00fdmi perli\u010dkami. V\u00fdstrih do V a kr\u00e1tke ruk\u00e1vy - je ide\u00e1lny na ka\u017edodenn\u00e9 nosenie. Ide\u00e1lne k \u0161ortk\u00e1m, nohaviciam a sukniam. Pohodln\u00e9 a pohodln\u00e9.<\/p>\n<h3 style=\"text-align: center;\">\u00a0 \u00a0 \u00a0Rozmery<\/h3>\n<ul style=\"text-align: center;\">\n<li>\u00a0\u00a0\u00a0\u00a0\u00a0\u00a0\u00a0 celkov\u00e1 d\u013a\u017eka: 65 cm<\/li>\n<li>\u00a0\u00a0\u00a0\u00a0\u00a0\u00a0\u00a0 \u0161\u00edrka od pazuchy po pazuchu: 49 cm -56 cm<\/li>\n<li>\u00a0\u00a0\u00a0\u00a0\u00a0\u00a0\u00a0 d\u013a\u017eka ruk\u00e1va od ramena: 14 cm<\/li>\n<li>\u00a0\u00a0\u00a0\u00a0\u00a0\u00a0\u00a0 d\u013a\u017eka ruk\u00e1va od podpazu\u0161ia: 4 cm<\/li>\n<li><\/li>\n<\/ul>\n<p style=\"text-align: center;\">Rozmery sa m\u00f4\u017eu mierne l\u00ed\u0161i\u0165 od uveden\u00fdch +\/- 2cm. V\u0161etky uveden\u00e9 rozmery s\u00fa meran\u00e9 plo\u0161ne.<\/p>\n<table>\n<tbody>\n<tr>\n<td width=\"302\">Meno modela<\/td>\n<td width=\"302\">Bebe tri\u010dko s kr\u00e1tkym ruk\u00e1vom<\/td>\n<\/tr>\n<tr>\n<td width=\"302\">Farba<\/td>\n<td width=\"302\">biely<\/td>\n<\/tr>\n<tr>\n<td width=\"302\">ve\u013ekosti<\/td>\n<td width=\"302\">Univerz\u00e1lny<\/td>\n<\/tr>\n<tr>\n<td width=\"302\">M\u00f3da<\/td>\n<td width=\"302\">nadrozmern\u00e9<\/td>\n<\/tr>\n<tr>\n<td width=\"302\">Materi\u00e1l<\/td>\n<td width=\"302\">100 % bavlna<\/td>\n<\/tr>\n<\/tbody>\n<\/table>\n<p style=\"text-align: center;\">\u00a0Model m\u00e1 <strong>165<\/strong> cm vysok\u00fd, nos\u00ed ve\u013ekos\u0165 ka\u017ed\u00fd de\u0148\u00a0<strong>S<\/strong><\/p>","protected":false},"excerpt":{"rendered":"<p>T-shirt Na Kr\u00f3tki R\u0119kaw Bebe Bia\u0142y Bluzka t-shirt bia\u0142a. Bia\u0142y bawe\u0142niany T-shirt ozdobiony z przodu kieszonk\u0105 z wszytymi pere\u0142kami. Dekolt w kszta\u0142cie V oraz kr\u00f3tki r\u0119kaw &#8211; to idealna propozycja na co dzie\u0144. Idealny do szort\u00f3w, spodni i sp\u00f3dnic. Wygodny i komfortowy. \u00a0 \u00a0 \u00a0Wymiary \u00a0\u00a0\u00a0\u00a0\u00a0\u00a0\u00a0 d\u0142ugo\u015b\u0107 ca\u0142kowita : 65 cm \u00a0\u00a0\u00a0\u00a0\u00a0\u00a0\u00a0 szeroko\u015b\u0107 od pachy<\/p>\n<div class=\"klb-readmore post-buttons\"><a class=\"button black outline size-sm\" href=\"https:\/\/madelinefashion.pl\/sk\/t-shirt-na-krotki-rekaw-bebe-bialy\/\">\u010c\u00edta\u0165 \u010falej <i class=\"klbth-icon-right-arrow\"><\/i><\/a><\/div>","protected":false},"featured_media":27541,"template":"","meta":[],"product_brand":[],"product_cat":[85,380],"product_tag":[251],"class_list":{"0":"post-1876","1":"product","2":"type-product","3":"status-publish","4":"has-post-thumbnail","6":"product_cat-t-shirty","7":"product_cat-wyprzedaz","8":"product_tag-bluzka-biala","10":"first","11":"instock","12":"sale","13":"purchasable","14":"product-type-simple"},"_links":{"self":[{"href":"https:\/\/madelinefashion.pl\/sk\/wp-json\/wp\/v2\/product\/1876","targetHints":{"allow":["GET"]}}],"collection":[{"href":"https:\/\/madelinefashion.pl\/sk\/wp-json\/wp\/v2\/product"}],"about":[{"href":"https:\/\/madelinefashion.pl\/sk\/wp-json\/wp\/v2\/types\/product"}],"wp:featuredmedia":[{"embeddable":true,"href":"https:\/\/madelinefashion.pl\/sk\/wp-json\/wp\/v2\/media\/27541"}],"wp:attachment":[{"href":"https:\/\/madelinefashion.pl\/sk\/wp-json\/wp\/v2\/media?parent=1876"}],"wp:term":[{"taxonomy":"product_brand","embeddable":true,"href":"https:\/\/madelinefashion.pl\/sk\/wp-json\/wp\/v2\/product_brand?post=1876"},{"taxonomy":"product_cat","embeddable":true,"href":"https:\/\/madelinefashion.pl\/sk\/wp-json\/wp\/v2\/product_cat?post=1876"},{"taxonomy":"product_tag","embeddable":true,"href":"https:\/\/madelinefashion.pl\/sk\/wp-json\/wp\/v2\/product_tag?post=1876"}],"curies":[{"name":"pracovn\u00fd list","href":"https:\/\/api.w.org\/{rel}","templated":true}]}}

Bebe biele tričko s krátkym rukávom

<h3 style="text-align: center;">Bebe biele tričko s krátkym rukávom</h3>
<p style="text-align: center;"><strong>Biele tričko.</strong> Biele bavlnené tričko zdobené vreckom na prednej strane so všitými perličkami. Výstrih do V a krátke rukávy - je ideálny na každodenné nosenie. Ideálne k šortkám, nohaviciam a sukniam. Pohodlné a pohodlné.</p>
<h3 style="text-align: center;">     Rozmery</h3>
<ul style="text-align: center;">
<li>        celková dĺžka: 65 cm</li>
<li>        šírka od pazuchy po pazuchu: 49 cm -56 cm</li>
<li>        dĺžka rukáva od ramena: 14 cm</li>
<li>        dĺžka rukáva od podpazušia: 4 cm</li>
<li></li>
</ul>
<p style="text-align: center;">Rozmery sa môžu mierne líšiť od uvedených +/- 2cm. Všetky uvedené rozmery sú merané plošne.</p>
<table>
<tbody>
<tr>
<td width="302">Meno modela</td>
<td width="302">Bebe tričko s krátkym rukávom</td>
</tr>
<tr>
<td width="302">Farba</td>
<td width="302">biely</td>
</tr>
<tr>
<td width="302">veľkosti</td>
<td width="302">Univerzálny</td>
</tr>
<tr>
<td width="302">Móda</td>
<td width="302">nadrozmerné</td>
</tr>
<tr>
<td width="302">Materiál</td>
<td width="302">100 % bavlna</td>
</tr>
</tbody>
</table>
<p style="text-align: center;"> Model má <strong>165</strong> cm vysoký, nosí veľkosť každý deň <strong>S</strong></p>

<p>T-shirt Na Krótki Rękaw Bebe Biały Bluzka t-shirt biała. Biały bawełniany T-shirt ozdobiony z przodu kieszonką z wszytymi perełkami. Dekolt w kształcie V oraz krótki rękaw &#8211; to idealna propozycja na co dzień. Idealny do szortów, spodni i spódnic. Wygodny i komfortowy.      Wymiary         długość całkowita : 65 cm         szerokość od pachy</p>
<div class="klb-readmore post-buttons"><a class="button black outline size-sm" href="https://madelinefashion.pl/sk/t-shirt-na-krotki-rekaw-bebe-bialy/">Čítať ďalej <i class="klbth-icon-right-arrow"></i></a></div>

pracovný list
