{"id":18780,"date":"2021-09-12T15:19:00","date_gmt":"2021-09-12T13:19:00","guid":{"rendered":"https:\/\/madelinefashion.pl\/?post_type=product&#038;p=18780"},"modified":"2026-01-20T10:34:18","modified_gmt":"2026-01-20T09:34:18","slug":"bluza-krotka-zapinana-na-zamek-pudrowy-roz-bukla-stamp","status":"publish","type":"product","link":"https:\/\/madelinefashion.pl\/sk\/bluza-krotka-zapinana-na-zamek-pudrowy-roz-bukla-stamp\/","title":{"rendered":"Kr\u00e1tka mikina na zips powder Pink Bukla Stamp"},"content":{"rendered":"<h3 style=\"text-align: center;\">Kr\u00e1tka mikina na zips powder Pink Bukla Stamp<\/h3>\n<p style=\"text-align: center;\">H\u013ead\u00e1te pohodln\u00fa a \u0161t\u00fdlov\u00fa mikinu?? Tento model je pr\u00e1ve pre v\u00e1s!! Mikina zap\u00ednan\u00e1 na zips. M\u00e1 kapuc\u0148u, ktor\u00e1 bude skvel\u00e1 v chladn\u00fdch, vetern\u00fdch d\u0148och. Mikina je vybaven\u00e1 vreckami na bokoch. Spodn\u00e1 \u010das\u0165 a ruk\u00e1vy s\u00fa zakon\u010den\u00e9 lemami, ktor\u00e9 mu dod\u00e1vaj\u00fa \u0161portov\u00fd charakter. Mikina m\u00e1 na ruk\u00e1ve ozdobn\u00fa n\u00e1\u0161ivku. <strong>Ostrihan\u00e1 mikina<\/strong> zips s kapuc\u0148ou oslov\u00ed v\u0161etk\u00fdch fan\u00fa\u0161ikov vo\u013en\u00e9ho \u0161t\u00fdlu. Ide o univerz\u00e1lny nad\u010dasov\u00fd strih, ktor\u00fd nikdy nevyjde z m\u00f3dy. Mikinu je mo\u017en\u00e9 zlo\u017ei\u0165 napr\u00edklad s tri\u010dkom a tepl\u00e1kov\u00fdmi s\u00fapravami. Mikina vyroben\u00e1 z l\u00e1tky bukla. <strong>Univerz\u00e1lna ve\u013ekos\u0165<\/strong> odpor\u00fa\u010dame pre d\u00e1my, ktor\u00e9 nosia ve\u013e <strong>SML XL<\/strong><\/p>\n<p>&nbsp;<\/p>\n<h3 style=\"text-align: center;\">\u00a0 \u00a0 \u00a0 \u00a0Rozmery<\/h3>\n<ul>\n<li style=\"text-align: center;\">celkov\u00e1 d\u013a\u017eka: 53 cm<\/li>\n<li style=\"text-align: center;\">\u00a0\u0161\u00edrka od pazuchy po pazuchu: 56 cm -60 cm x2<\/li>\n<li style=\"text-align: center;\">\u0161\u00edrka p\u00e1sa: 39-52 cm x2<\/li>\n<li style=\"text-align: center;\">d\u013a\u017eka ruk\u00e1va od ramena: 51 cm<\/li>\n<li style=\"text-align: center;\">d\u013a\u017eka ruk\u00e1va od podpazu\u0161ia: 44 cm<\/li>\n<li style=\"text-align: center;\">odpor\u00fa\u010dan\u00fd maxim\u00e1lny obvod poprsia: 120 cm<\/li>\n<\/ul>\n<p style=\"text-align: center;\">Rozmery sa m\u00f4\u017eu mierne l\u00ed\u0161i\u0165 od uveden\u00fdch +\/- 2cm. V\u0161etky uveden\u00e9 rozmery s\u00fa meran\u00e9 plo\u0161ne.\u00a0<strong>rozmer x2<\/strong><\/p>\n<table>\n<tbody>\n<tr>\n<td width=\"302\">Meno modela<\/td>\n<td width=\"302\">Kr\u00e1tka mikina na zips<\/td>\n<\/tr>\n<tr>\n<td width=\"302\">Farba<\/td>\n<td width=\"302\">P\u00fadrov\u00e1 ru\u017eov\u00e1<\/td>\n<\/tr>\n<tr>\n<td width=\"302\">ve\u013ekosti<\/td>\n<td width=\"302\">Univerz\u00e1lny<\/td>\n<\/tr>\n<tr>\n<td width=\"302\">Hood<\/td>\n<td width=\"302\">\u00c1no<\/td>\n<\/tr>\n<tr>\n<td width=\"302\">Materi\u00e1l<\/td>\n<td width=\"302\">95 % Bavlna 5lastan<\/td>\n<\/tr>\n<\/tbody>\n<\/table>\n<div class=\"tabs tabs-bb clear mb-80\">\n<div class=\"tab-content\">\n<div id=\"tab-description\" class=\"tab-pane fade in woocommerce-Tabs-panel--description active\">\n<p style=\"text-align: center;\">Model m\u00e1\u00a0<strong>169<\/strong>\u00a0cm vysok\u00fd, nos\u00ed ve\u013ekos\u0165 ka\u017ed\u00fd de\u0148\u00a0<strong>S<\/strong><\/p>\n<p style=\"text-align: center;\">\u0160\u00edrka hrudn\u00edka 91 cm<\/p>\n<p style=\"text-align: center;\">\u0160\u00edrka p\u00e1su 71 cm<\/p>\n<p style=\"text-align: center;\">\u0160\u00edrka bokov 96 cm<\/p>\n<\/div>\n<\/div>\n<\/div>\n<section class=\"up-sells upsells products mb-80\"><\/section>\n<p style=\"text-align: center;\">","protected":false},"excerpt":{"rendered":"<p>Bluza Kr\u00f3tka Zapinana na Zamek Pudrowy R\u00f3\u017c Bukla Stamp Szukasz wygodnej i stylowej bluzy ?? Ten model jest w\u0142a\u015bnie dla Ciebie !!\u00a0 Bluza zapinana na zamek b\u0142yskawiczny. Posiada kaptur, kt\u00f3ry \u015bwietnie sprawdza\u0107 b\u0119dzie si\u0119 w ch\u0142odne, wietrzne dni. Bluz\u0119 wyposa\u017cono w kieszenie po bokach. Jej d\u00f3\u0142 i r\u0119kawy wyko\u0144czone s\u0105 \u015bci\u0105gaczami, kt\u00f3re nadaj\u0105 jej sportowego<\/p>\n<div class=\"klb-readmore post-buttons\"><a class=\"button black outline size-sm\" href=\"https:\/\/madelinefashion.pl\/sk\/bluza-krotka-zapinana-na-zamek-pudrowy-roz-bukla-stamp\/\">\u010c\u00edta\u0165 \u010falej <i class=\"klbth-icon-right-arrow\"><\/i><\/a><\/div>","protected":false},"featured_media":114177,"template":"","meta":[],"product_brand":[],"product_cat":[255,395],"product_tag":[],"class_list":{"0":"post-18780","1":"product","2":"type-product","3":"status-publish","4":"has-post-thumbnail","6":"product_cat-bluzy","7":"product_cat-nowosci","9":"first","10":"outofstock","11":"sale","12":"purchasable","13":"product-type-simple"},"_links":{"self":[{"href":"https:\/\/madelinefashion.pl\/sk\/wp-json\/wp\/v2\/product\/18780","targetHints":{"allow":["GET"]}}],"collection":[{"href":"https:\/\/madelinefashion.pl\/sk\/wp-json\/wp\/v2\/product"}],"about":[{"href":"https:\/\/madelinefashion.pl\/sk\/wp-json\/wp\/v2\/types\/product"}],"wp:featuredmedia":[{"embeddable":true,"href":"https:\/\/madelinefashion.pl\/sk\/wp-json\/wp\/v2\/media\/114177"}],"wp:attachment":[{"href":"https:\/\/madelinefashion.pl\/sk\/wp-json\/wp\/v2\/media?parent=18780"}],"wp:term":[{"taxonomy":"product_brand","embeddable":true,"href":"https:\/\/madelinefashion.pl\/sk\/wp-json\/wp\/v2\/product_brand?post=18780"},{"taxonomy":"product_cat","embeddable":true,"href":"https:\/\/madelinefashion.pl\/sk\/wp-json\/wp\/v2\/product_cat?post=18780"},{"taxonomy":"product_tag","embeddable":true,"href":"https:\/\/madelinefashion.pl\/sk\/wp-json\/wp\/v2\/product_tag?post=18780"}],"curies":[{"name":"pracovn\u00fd list","href":"https:\/\/api.w.org\/{rel}","templated":true}]}}

Krátka mikina na zips powder Pink Bukla Stamp

<h3 style="text-align: center;">Krátka mikina na zips powder Pink Bukla Stamp</h3>
<p style="text-align: center;">Hľadáte pohodlnú a štýlovú mikinu?? Tento model je práve pre vás!! Mikina zapínaná na zips. Má kapucňu, ktorá bude skvelá v chladných, veterných dňoch. Mikina je vybavená vreckami na bokoch. Spodná časť a rukávy sú zakončené lemami, ktoré mu dodávajú športový charakter. Mikina má na rukáve ozdobnú nášivku. <strong>Ostrihaná mikina</strong> zips s kapucňou osloví všetkých fanúšikov voľného štýlu. Ide o univerzálny nadčasový strih, ktorý nikdy nevyjde z módy. Mikinu je možné zložiť napríklad s tričkom a teplákovými súpravami. Mikina vyrobená z látky bukla. <strong>Univerzálna veľkosť</strong> odporúčame pre dámy, ktoré nosia veľ <strong>SML XL</strong></p>
<p>&nbsp;</p>
<h3 style="text-align: center;">       Rozmery</h3>
<ul>
<li style="text-align: center;">celková dĺžka: 53 cm</li>
<li style="text-align: center;"> šírka od pazuchy po pazuchu: 56 cm -60 cm x2</li>
<li style="text-align: center;">šírka pása: 39-52 cm x2</li>
<li style="text-align: center;">dĺžka rukáva od ramena: 51 cm</li>
<li style="text-align: center;">dĺžka rukáva od podpazušia: 44 cm</li>
<li style="text-align: center;">odporúčaný maximálny obvod poprsia: 120 cm</li>
</ul>
<p style="text-align: center;">Rozmery sa môžu mierne líšiť od uvedených +/- 2cm. Všetky uvedené rozmery sú merané plošne. <strong>rozmer x2</strong></p>
<table>
<tbody>
<tr>
<td width="302">Meno modela</td>
<td width="302">Krátka mikina na zips</td>
</tr>
<tr>
<td width="302">Farba</td>
<td width="302">Púdrová ružová</td>
</tr>
<tr>
<td width="302">veľkosti</td>
<td width="302">Univerzálny</td>
</tr>
<tr>
<td width="302">Hood</td>
<td width="302">Áno</td>
</tr>
<tr>
<td width="302">Materiál</td>
<td width="302">95 % Bavlna 5lastan</td>
</tr>
</tbody>
</table>
<div class="tabs tabs-bb clear mb-80">
<div class="tab-content">
<div id="tab-description" class="tab-pane fade in woocommerce-Tabs-panel--description active">
<p style="text-align: center;">Model má <strong>169</strong> cm vysoký, nosí veľkosť každý deň <strong>S</strong></p>
<p style="text-align: center;">Šírka hrudníka 91 cm</p>
<p style="text-align: center;">Šírka pásu 71 cm</p>
<p style="text-align: center;">Šírka bokov 96 cm</p>
</div>
</div>
</div>
<section class="up-sells upsells products mb-80"></section>
<p style="text-align: center;">

<p>Bluza Krótka Zapinana na Zamek Pudrowy Róż Bukla Stamp Szukasz wygodnej i stylowej bluzy ?? Ten model jest właśnie dla Ciebie !!  Bluza zapinana na zamek błyskawiczny. Posiada kaptur, który świetnie sprawdzać będzie się w chłodne, wietrzne dni. Bluzę wyposażono w kieszenie po bokach. Jej dół i rękawy wykończone są ściągaczami, które nadają jej sportowego</p>
<div class="klb-readmore post-buttons"><a class="button black outline size-sm" href="https://madelinefashion.pl/sk/bluza-krotka-zapinana-na-zamek-pudrowy-roz-bukla-stamp/">Čítať ďalej <i class="klbth-icon-right-arrow"></i></a></div>

pracovný list
