{"id":18992,"date":"2021-09-14T00:14:36","date_gmt":"2021-09-13T22:14:36","guid":{"rendered":"https:\/\/madelinefashion.pl\/?post_type=product&#038;p=18992"},"modified":"2026-02-20T14:58:54","modified_gmt":"2026-02-20T13:58:54","slug":"sweter-alpaka-asymetryczny-erica-bezowy","status":"publish","type":"product","link":"https:\/\/madelinefashion.pl\/sk\/sweter-alpaka-asymetryczny-erica-bezowy\/","title":{"rendered":"Asymetrick\u00fd sveter z alpaky Erica Beige"},"content":{"rendered":"<h3 style=\"text-align: center;\">Asymetrick\u00fd sveter z alpaky Erica Beige<\/h3>\n<p style=\"text-align: center;\">Zamilovali ste sa do kab\u00e1tov z alpaky nato\u013eko, \u017ee sa objavil najnov\u0161\u00ed model svetra, ktor\u00fd splnil va\u0161e o\u010dak\u00e1vania. Mega \u0161t\u00fdlov\u00fd sveter z alpaky vyroben\u00fd z tej najkvalitnej\u0161ej priadze. <span style=\"font-size: 10pt;\"><strong>Sveter z alpaky je neoddelite\u013enou s\u00fa\u010das\u0165ou ka\u017ed\u00e9ho \u0161atn\u00edka! <\/strong>Kombinovan\u00fd asymetrick\u00fd strih<strong> V\u00fdstrih do V<\/strong> vytv\u00e1ra zauj\u00edmav\u00fd, origin\u00e1lny celok<strong>. N\u00e1\u0161 model je perfektnou ponukou na jesenn\u00e9 a zimn\u00e9 dni, bude vyzera\u0165 skvele v ka\u017edodenn\u00fdch \u0161tyliz\u00e1ci\u00e1ch.\u00a0<\/strong> Produkt je dostupn\u00fd vo viacer\u00fdch farebn\u00fdch variantoch. Jedna ve\u013ekos\u0165 sadne v\u0161etk\u00fdm odpor\u00fa\u010dan\u00fdm od <strong>S a\u017e XXL<\/strong><\/span><\/p>\n<p>&nbsp;<\/p>\n<h3 style=\"text-align: center;\">Charakteristika.<\/h3>\n<ul>\n<li style=\"text-align: center;\">Strih OVERSIZE<\/li>\n<li style=\"text-align: center;\">neuverite\u013ene m\u00e4kk\u00e9 a pr\u00edjemn\u00e9 na telo<\/li>\n<li style=\"text-align: center;\">m\u00e4sit\u00e9 a \u00fa\u017easn\u00e9 - u n\u00e1s v\u017edy n\u00e1jdete len tie najkvalitnej\u0161ie alpaky!<\/li>\n<li style=\"text-align: center;\">asymetrick\u00fd strih<\/li>\n<\/ul>\n<h2 style=\"text-align: center;\">Rozmery:<\/h2>\n<ul style=\"text-align: center;\">\n<li>Celkov\u00e1 d\u013a\u017eka: 73 cm<\/li>\n<li>Celkov\u00e1 d\u013a\u017eka str\u00e1n: 88 cm<\/li>\n<li>\u0160\u00edrka od podpazu\u0161ia po: 46-62 cm<\/li>\n<li>D\u013a\u017eka ruk\u00e1va od ramena: 62<\/li>\n<li>D\u013a\u017eka ruk\u00e1va od podpazu\u0161ia: 49 cm<\/li>\n<\/ul>\n<p style=\"text-align: center;\"><span style=\"font-size: 10pt;\">Rozmery sa m\u00f4\u017eu mierne l\u00ed\u0161i\u0165 od uveden\u00fdch +\/- 2cm. V\u0161etky uveden\u00e9 rozmery s\u00fa meran\u00e9 plo\u0161ne.<\/span><\/p>\n<p style=\"text-align: center;\"><span style=\"font-size: 10pt;\"><strong>\u00a0<\/strong>\u00a0<\/span><\/p>\n<table width=\"610\">\n<tbody>\n<tr>\n<td width=\"302\">Meno modela<\/td>\n<td width=\"302\">Asymetrick\u00fd sveter Erica Alpaca<\/td>\n<\/tr>\n<tr>\n<td width=\"302\">Farba<\/td>\n<td width=\"302\">B\u00e9\u017eov\u00e1<\/td>\n<\/tr>\n<tr>\n<td width=\"302\">ve\u013ekosti<\/td>\n<td width=\"302\">Univerz\u00e1lny<\/td>\n<\/tr>\n<tr>\n<td width=\"302\">M\u00f3da<\/td>\n<td width=\"302\">nadrozmern\u00e9<\/td>\n<\/tr>\n<tr>\n<td width=\"302\">Zbierka<\/td>\n<td width=\"302\">Jese\u0148 Zima Jar<\/td>\n<\/tr>\n<tr>\n<td width=\"302\">izolovan\u00e9<\/td>\n<td width=\"302\">jednopl\u00e1\u0161\u0165ov\u00e9<\/td>\n<\/tr>\n<tr>\n<td width=\"302\">Materi\u00e1l<\/td>\n<td width=\"302\">100 % polyamid<\/td>\n<\/tr>\n<\/tbody>\n<\/table>\n<div class=\"additional-details\" style=\"text-align: center;\">\n<div class=\"tabs tabs-bb clear mb-80\">\n<div class=\"tab-content\">\n<div id=\"tab-description\" class=\"tab-pane fade in woocommerce-Tabs-panel--description active\">\n<p>Model m\u00e1\u00a0<strong>169<\/strong>\u00a0cm vysok\u00fd, nos\u00ed ve\u013ekos\u0165 ka\u017ed\u00fd de\u0148\u00a0<strong>S<\/strong><\/p>\n<p>\u0160\u00edrka cez prsia 92 cm<\/p>\n<p>\u0160\u00edrka v p\u00e1se 62 cm<\/p>\n<p>\u0160\u00edrka v bokoch 94 cm<\/p>\n<p>&nbsp;<\/p>\n<\/div>\n<\/div>\n<\/div>\n<section class=\"up-sells upsells products mb-80\"><\/section>\n<\/div>","protected":false},"excerpt":{"rendered":"<p>Sweter Alpaka Asymetryczny Erica Be\u017cowy Tak pokocha\u0142y\u015bcie p\u0142aszcze alpaki, \u017ce wychodz\u0105c naprzeciw Waszym oczekiwaniom pojawi\u0142 si\u0119 najnowszy model swetra. Mega stylowy sweter alpaka wykonany z najwy\u017cszej jako\u015bci prz\u0119dzy. Sweter alpaka to nieod\u0142\u0105czny element ka\u017cdej garderoby! Asymetryczny kr\u00f3j w po\u0142\u0105czeniu dekoltem w literk\u0119 V tworzy ciekaw\u0105, niebanaln\u0105 ca\u0142o\u015b\u0107. Nasz model to idealna propozycja na jesienne i<\/p>\n<div class=\"klb-readmore post-buttons\"><a class=\"button black outline size-sm\" href=\"https:\/\/madelinefashion.pl\/sk\/sweter-alpaka-asymetryczny-erica-bezowy\/\">\u010c\u00edta\u0165 \u010falej <i class=\"klbth-icon-right-arrow\"><\/i><\/a><\/div>","protected":false},"featured_media":60278,"template":"","meta":[],"product_brand":[],"product_cat":[78,395],"product_tag":[],"class_list":{"0":"post-18992","1":"product","2":"type-product","3":"status-publish","4":"has-post-thumbnail","6":"product_cat-swetry-damskie","7":"product_cat-nowosci","9":"first","10":"instock","11":"purchasable","12":"product-type-simple"},"_links":{"self":[{"href":"https:\/\/madelinefashion.pl\/sk\/wp-json\/wp\/v2\/product\/18992","targetHints":{"allow":["GET"]}}],"collection":[{"href":"https:\/\/madelinefashion.pl\/sk\/wp-json\/wp\/v2\/product"}],"about":[{"href":"https:\/\/madelinefashion.pl\/sk\/wp-json\/wp\/v2\/types\/product"}],"wp:featuredmedia":[{"embeddable":true,"href":"https:\/\/madelinefashion.pl\/sk\/wp-json\/wp\/v2\/media\/60278"}],"wp:attachment":[{"href":"https:\/\/madelinefashion.pl\/sk\/wp-json\/wp\/v2\/media?parent=18992"}],"wp:term":[{"taxonomy":"product_brand","embeddable":true,"href":"https:\/\/madelinefashion.pl\/sk\/wp-json\/wp\/v2\/product_brand?post=18992"},{"taxonomy":"product_cat","embeddable":true,"href":"https:\/\/madelinefashion.pl\/sk\/wp-json\/wp\/v2\/product_cat?post=18992"},{"taxonomy":"product_tag","embeddable":true,"href":"https:\/\/madelinefashion.pl\/sk\/wp-json\/wp\/v2\/product_tag?post=18992"}],"curies":[{"name":"pracovn\u00fd list","href":"https:\/\/api.w.org\/{rel}","templated":true}]}}

Asymetrický sveter z alpaky Erica Beige

<h3 style="text-align: center;">Asymetrický sveter z alpaky Erica Beige</h3>
<p style="text-align: center;">Zamilovali ste sa do kabátov z alpaky natoľko, že sa objavil najnovší model svetra, ktorý splnil vaše očakávania. Mega štýlový sveter z alpaky vyrobený z tej najkvalitnejšej priadze. <span style="font-size: 10pt;"><strong>Sveter z alpaky je neoddeliteľnou súčasťou každého šatníka! </strong>Kombinovaný asymetrický strih<strong> Výstrih do V</strong> vytvára zaujímavý, originálny celok<strong>. Náš model je perfektnou ponukou na jesenné a zimné dni, bude vyzerať skvele v každodenných štylizáciách. </strong> Produkt je dostupný vo viacerých farebných variantoch. Jedna veľkosť sadne všetkým odporúčaným od <strong>S až XXL</strong></span></p>
<p>&nbsp;</p>
<h3 style="text-align: center;">Charakteristika.</h3>
<ul>
<li style="text-align: center;">Strih OVERSIZE</li>
<li style="text-align: center;">neuveriteľne mäkké a príjemné na telo</li>
<li style="text-align: center;">mäsité a úžasné - u nás vždy nájdete len tie najkvalitnejšie alpaky!</li>
<li style="text-align: center;">asymetrický strih</li>
</ul>
<h2 style="text-align: center;">Rozmery:</h2>
<ul style="text-align: center;">
<li>Celková dĺžka: 73 cm</li>
<li>Celková dĺžka strán: 88 cm</li>
<li>Šírka od podpazušia po: 46-62 cm</li>
<li>Dĺžka rukáva od ramena: 62</li>
<li>Dĺžka rukáva od podpazušia: 49 cm</li>
</ul>
<p style="text-align: center;"><span style="font-size: 10pt;">Rozmery sa môžu mierne líšiť od uvedených +/- 2cm. Všetky uvedené rozmery sú merané plošne.</span></p>
<p style="text-align: center;"><span style="font-size: 10pt;"><strong> </strong> </span></p>
<table width="610">
<tbody>
<tr>
<td width="302">Meno modela</td>
<td width="302">Asymetrický sveter Erica Alpaca</td>
</tr>
<tr>
<td width="302">Farba</td>
<td width="302">Béžová</td>
</tr>
<tr>
<td width="302">veľkosti</td>
<td width="302">Univerzálny</td>
</tr>
<tr>
<td width="302">Móda</td>
<td width="302">nadrozmerné</td>
</tr>
<tr>
<td width="302">Zbierka</td>
<td width="302">Jeseň Zima Jar</td>
</tr>
<tr>
<td width="302">izolované</td>
<td width="302">jednoplášťové</td>
</tr>
<tr>
<td width="302">Materiál</td>
<td width="302">100 % polyamid</td>
</tr>
</tbody>
</table>
<div class="additional-details" style="text-align: center;">
<div class="tabs tabs-bb clear mb-80">
<div class="tab-content">
<div id="tab-description" class="tab-pane fade in woocommerce-Tabs-panel--description active">
<p>Model má <strong>169</strong> cm vysoký, nosí veľkosť každý deň <strong>S</strong></p>
<p>Šírka cez prsia 92 cm</p>
<p>Šírka v páse 62 cm</p>
<p>Šírka v bokoch 94 cm</p>
<p>&nbsp;</p>
</div>
</div>
</div>
<section class="up-sells upsells products mb-80"></section>
</div>

<p>Sweter Alpaka Asymetryczny Erica Beżowy Tak pokochałyście płaszcze alpaki, że wychodząc naprzeciw Waszym oczekiwaniom pojawił się najnowszy model swetra. Mega stylowy sweter alpaka wykonany z najwyższej jakości przędzy. Sweter alpaka to nieodłączny element każdej garderoby! Asymetryczny krój w połączeniu dekoltem w literkę V tworzy ciekawą, niebanalną całość. Nasz model to idealna propozycja na jesienne i</p>
<div class="klb-readmore post-buttons"><a class="button black outline size-sm" href="https://madelinefashion.pl/sk/sweter-alpaka-asymetryczny-erica-bezowy/">Čítať ďalej <i class="klbth-icon-right-arrow"></i></a></div>

pracovný list
