{"id":19073,"date":"2021-09-15T00:38:17","date_gmt":"2021-09-14T22:38:17","guid":{"rendered":"https:\/\/madelinefashion.pl\/?post_type=product&#038;p=19073"},"modified":"2026-02-20T14:58:54","modified_gmt":"2026-02-20T13:58:54","slug":"kamizelka-futerko-zamki-czarna","status":"publish","type":"product","link":"https:\/\/madelinefashion.pl\/sk\/kamizelka-futerko-zamki-czarna\/","title":{"rendered":"Ko\u017eu\u0161inov\u00e1 vesta na zips \u010dierna"},"content":{"rendered":"<h3 style=\"text-align: center;\">Ko\u017eu\u0161inov\u00e1 vesta na zips \u010dierna<\/h3>\n<p style=\"text-align: center;\"><strong>Ko\u017eu\u0161inov\u00e1 vesta so zipsom <\/strong>\u00a0je najm\u00f3dnej\u0161\u00ed strih tejto sez\u00f3ny. Vesta z umelej ko\u017eu\u0161iny. Nezvy\u010dajne <strong>tepl\u00e9 a pr\u00edjemn\u00e9 na dotyk<\/strong>. Vesta s <strong>srs\u0165<\/strong> vhodn\u00e9 pre oboch <a href=\"https:\/\/madelinefashion.pl\/sk\/spodnie\/\">nohavice<\/a>, <a href=\"https:\/\/madelinefashion.pl\/sk\/spodnice\/\">sukne<\/a> ak <a href=\"https:\/\/madelinefashion.pl\/sk\/sukienki-i-kombinezony\/\">\u0160aty<\/a>. Skvele sa k nej bude hodi\u0165 aj ko\u017eu\u0161inov\u00e1 vesta bez ruk\u00e1vov <a href=\"https:\/\/madelinefashion.pl\/sk\/swetry\/swetry-damskie\/\"><strong>svetre<\/strong><\/a>, <a href=\"https:\/\/madelinefashion.pl\/sk\/swetry\/kardigany-damskie\/\">vesty<\/a> a predov\u0161etk\u00fdm je to ide\u00e1lny n\u00e1vrh na nosenie pri v\u0161etk\u00fdch pr\u00edle\u017eitostiach <strong><a href=\"https:\/\/madelinefashion.pl\/sk\/kurtki-i-plaszcze\/kurtki\/\">bundy<\/a><\/strong>. Skvele sa bude hodi\u0165 k na\u0161im <strong>Ramones<\/strong> napr\u00edklad model <strong><a href=\"https:\/\/madelinefashion.pl\/sk\/ramoneska-biker-czarna\/\">motork\u00e1r<\/a><\/strong>\u010do je tie\u017e <strong>najpred\u00e1vanej\u0161\u00ed<\/strong>. je to? <strong>najm\u00f3dnej\u0161\u00ed \u0161t\u00fdl tejto sez\u00f3ny<\/strong> \u2013 na tvorenie v\u00e1m posta\u010d\u00ed jedna z na\u0161ich viest vo va\u0161om \u0161atn\u00edku <strong>nad\u010dasov\u00e9 \u0161t\u00fdly<\/strong>. Eko ko\u017een\u00e1 vesta s ko\u017eu\u0161inou Ve\u013emi nezvy\u010dajn\u00fd model, ktor\u00fd kombinuje eko ko\u017eu, ko\u017eu\u0161inu, zipsy a patentky, na ktor\u00e9 sa zap\u00edna. Skvel\u00e1 ponuka pre mnoho \u0161t\u00fdlov, elegantn\u00fdch aj vo\u013en\u00fdch. Vyu\u017eijete ju ako na vych\u00e1dzky s priate\u013emi do mesta, tak aj na ve\u010dern\u00fd styling na p\u00e1rty. Je to bestseller <strong>ponuka na ka\u017ed\u00fa pr\u00edle\u017eitos\u0165<\/strong>. Ide\u00e1lne na ka\u017ed\u00fd de\u0148 a na p\u00e1rty, kde chcete vyzera\u0165 skvele a z\u00e1rove\u0148 sa c\u00edti\u0165 skvele. Najm\u00f3dnej\u0161\u00ed hit sez\u00f3ny a absol\u00fatny <strong>mus\u00edte ma\u0165 vo svojom \u0161atn\u00edku<\/strong>ktor\u00e9 v\u00e1m pom\u00f4\u017eu vytvori\u0165 <strong>le\u017e\u00e9rny vzh\u013ead<\/strong> a dopln\u00ed mnoh\u00e9 p\u00f4sobiv\u00e9 \u0161tyliz\u00e1cie jesene a skorej jari. Rozhodnite sa pre n\u00e1kup\u00a0<strong>ko\u017eu\u0161inov\u00e1 vesta<\/strong>a nebudete \u013eutova\u0165. Iste sa presved\u010d\u00edte, ko\u013eko v\u00e1m tak\u00e1 jedna vec vo va\u0161om \u0161atn\u00edku d\u00e1. Dostupn\u00e9 v na\u0161om <a href=\"https:\/\/madelinefashion.pl\/sk\/kamizelki\/\">e-shop<\/a> vo viacer\u00fdch farebn\u00fdch variantoch a v r\u00f4znych d\u013a\u017ekach tak nev\u00e1hajte a vyberte si t\u00fa, ktor\u00e1 je pre v\u00e1s <strong>si dokonal\u00fd<\/strong>. Ak sa neviete rozhodn\u00fa\u0165 ak\u00fa farbu, tak ve\u013ekos\u0165 <strong>pre<\/strong> <strong>si najlep\u0161\u00ed<\/strong>, kontaktujte n\u00e1s prostredn\u00edctvom <strong><a href=\"https:\/\/www.facebook.com\/madelinefashionbutik\/\" target=\"_blank\" rel=\"noopener\">Facebook<\/a><\/strong> alebo <a href=\"https:\/\/madelinefashion.pl\/sk\/kontakt\/\">telef\u00f3n<\/a>. \u00da\u017easn\u00e1 kvalita za najlep\u0161iu cenu! <strong>Ko\u017eu\u0161inov\u00e1 vesta na zips dostupn\u00e1 vo ve\u013ekostiach SML XL XXL<\/strong><\/p>\n<h3 style=\"text-align: center;\">Rozmery vesty:<\/h3>\n<p style=\"text-align: center;\"><strong>36\/S<\/strong><br \/>\nCelkov\u00e1 predn\u00e1 d\u013a\u017eka: 65 cm<br \/>\nCelkov\u00e1 d\u013a\u017eka chrbta: 54 cm<br \/>\n\u0160\u00edrka od pazuchy po pazuchu 43 cm x2<br \/>\n\u0160\u00edrka v p\u00e1se - 43 cm x2<br \/>\nObvod hrudn\u00edka max 86 cm<\/p>\n<p style=\"text-align: center;\"><strong>38\/M<\/strong><br \/>\nCelkov\u00e1 predn\u00e1 d\u013a\u017eka: 66 cm<br \/>\nCelkov\u00e1 d\u013a\u017eka chrbta: 55 cm<br \/>\n\u0160\u00edrka od pazuchy po pazuchu 45 cm x2<br \/>\n\u0160\u00edrka p\u00e1sa - 45 cm x2<br \/>\nObvod hrudn\u00edka max 90 cm<\/p>\n<p style=\"text-align: center;\"><strong>40\/L<\/strong><br \/>\nCelkov\u00e1 predn\u00e1 d\u013a\u017eka: 66 cm<br \/>\nCelkov\u00e1 d\u013a\u017eka chrbta: 55 cm<br \/>\n\u0160\u00edrka od pazuchy po pazuchu 48 cm x2<br \/>\n\u0160\u00edrka p\u00e1sa - 48 cm x2<br \/>\nPrsia max 96 cm<\/p>\n<p style=\"text-align: center;\"><strong>42\/XL<\/strong><br \/>\nCelkov\u00e1 predn\u00e1 d\u013a\u017eka: 67 cm<br \/>\nCelkov\u00e1 d\u013a\u017eka chrbta: 56 cm<br \/>\n\u0160\u00edrka od pazuchy po pazuchu 51 cm x2<br \/>\n\u0160\u00edrka v p\u00e1se - 51 cm x2<br \/>\nObvod hrudn\u00edka max 102 cm<\/p>\n<p style=\"text-align: center;\"><strong>44\/XXL<\/strong><br \/>\nCelkov\u00e1 predn\u00e1 d\u013a\u017eka: 68 cm<br \/>\nCelkov\u00e1 d\u013a\u017eka chrbta: 57 cm<br \/>\n\u0160\u00edrka od pazuchy po pazuchu 54 cm x2<br \/>\n\u0160\u00edrka p\u00e1sa - 54 cm x2<br \/>\nObvod hrudn\u00edka max 108 cm<\/p>\n<p style=\"text-align: center;\">Rozmery sa m\u00f4\u017eu mierne l\u00ed\u0161i\u0165 od uveden\u00fdch +\/- 2cm. V\u0161etky uveden\u00e9 rozmery s\u00fa meran\u00e9 plo\u0161ne.<\/p>\n<p style=\"text-align: center;\"><strong>Dokonale sa prisp\u00f4sob\u00ed ka\u017edej postave<\/strong><\/p>\n<table width=\"435\">\n<tbody>\n<tr>\n<td width=\"302\">Meno modela<\/td>\n<td width=\"302\">Ko\u017eu\u0161inov\u00e9 zipsy na vesty<\/td>\n<\/tr>\n<tr>\n<td width=\"302\">Farba<\/td>\n<td width=\"302\">\u010dierna<\/td>\n<\/tr>\n<tr>\n<td width=\"302\">Zbierka<\/td>\n<td width=\"302\">\u00a0JAR\/JESE\u0147\/ZIMA<\/td>\n<\/tr>\n<tr>\n<td width=\"302\">Ve\u013ekos\u0165<\/td>\n<td width=\"302\">SML XL XXL<\/td>\n<\/tr>\n<tr>\n<td width=\"302\">M\u00f3da<\/td>\n<td width=\"302\">Zhoda<\/td>\n<\/tr>\n<tr>\n<td width=\"302\">Hood<\/td>\n<td width=\"302\">Nie<\/td>\n<\/tr>\n<tr>\n<td width=\"302\">Otep\u013eovanie<\/td>\n<td width=\"302\">Pod\u0161\u00edvka<\/td>\n<\/tr>\n<tr>\n<td width=\"302\">Materi\u00e1l<\/td>\n<td width=\"302\">Polyester 100%<\/td>\n<\/tr>\n<\/tbody>\n<\/table>\n<div class=\"tabs tabs-bb clear mb-80\">\n<div class=\"tab-content\">\n<div id=\"tab-description\" class=\"tab-pane fade in woocommerce-Tabs-panel--description active\">\n<div class=\"tabs tabs-bb clear mb-80\">\n<div class=\"tab-content\">\n<div id=\"tab-description\" class=\"tab-pane fade in woocommerce-Tabs-panel--description active\">\n<div class=\"tabs tabs-bb clear mb-80\">\n<div class=\"tab-content\">\n<div id=\"tab-description\" class=\"tab-pane fade in woocommerce-Tabs-panel--description active\">\n<p style=\"text-align: center;\">Model m\u00e1\u00a0<strong>169<\/strong>\u00a0cm vysok\u00fd, nos\u00ed ve\u013ekos\u0165 ka\u017ed\u00fd de\u0148\u00a0<strong>S<\/strong><\/p>\n<p style=\"text-align: center;\">\u0160\u00edrka cez prsia 92 cm<\/p>\n<p style=\"text-align: center;\">\u0160\u00edrka v p\u00e1se 62 cm<\/p>\n<p style=\"text-align: center;\">\u0160\u00edrka v bokoch 94 cm<\/p>\n<\/div>\n<\/div>\n<\/div>\n<\/div>\n<\/div>\n<\/div>\n<\/div>\n<\/div>\n<\/div>\n<section class=\"up-sells upsells products mb-80\"><\/section>\n<p style=\"text-align: center;\"><strong style=\"text-align: center;\">\u00a0<\/strong><\/p>","protected":false},"excerpt":{"rendered":"<p>Kamizelka Futerko Zamki Czarna Kamizelka futrzana z zamkami \u00a0to najmodniejszy fason w tym sezonie. Kamizelka wykonana ze sztucznego futerka. Niezwykle ciep\u0142a i przyjemna w dotyku. Kamizelka z futra nadaje si\u0119 zar\u00f3wno do spodni, sp\u00f3dnic czy sukienek. Bezr\u0119kawnik z futerka idealnie b\u0119dzie komponowa\u0107 si\u0119 r\u00f3wnie\u017c ze swetrami, kardiganami a przede wszystkim jest to idealna propozycja do<\/p>\n<div class=\"klb-readmore post-buttons\"><a class=\"button black outline size-sm\" href=\"https:\/\/madelinefashion.pl\/sk\/kamizelka-futerko-zamki-czarna\/\">\u010c\u00edta\u0165 \u010falej <i class=\"klbth-icon-right-arrow\"><\/i><\/a><\/div>","protected":false},"featured_media":55961,"template":"","meta":[],"product_brand":[],"product_cat":[79,395],"product_tag":[],"class_list":{"0":"post-19073","1":"product","2":"type-product","3":"status-publish","4":"has-post-thumbnail","6":"product_cat-kamizelki","7":"product_cat-nowosci","8":"pa_rozmiar-xl-42","9":"pa_rozmiar-xxl-44","10":"pa_rozmiar-s-36","11":"pa_rozmiar-m-38","12":"pa_rozmiar-l-40","14":"first","15":"instock","16":"purchasable","17":"product-type-variable"},"_links":{"self":[{"href":"https:\/\/madelinefashion.pl\/sk\/wp-json\/wp\/v2\/product\/19073","targetHints":{"allow":["GET"]}}],"collection":[{"href":"https:\/\/madelinefashion.pl\/sk\/wp-json\/wp\/v2\/product"}],"about":[{"href":"https:\/\/madelinefashion.pl\/sk\/wp-json\/wp\/v2\/types\/product"}],"wp:featuredmedia":[{"embeddable":true,"href":"https:\/\/madelinefashion.pl\/sk\/wp-json\/wp\/v2\/media\/55961"}],"wp:attachment":[{"href":"https:\/\/madelinefashion.pl\/sk\/wp-json\/wp\/v2\/media?parent=19073"}],"wp:term":[{"taxonomy":"product_brand","embeddable":true,"href":"https:\/\/madelinefashion.pl\/sk\/wp-json\/wp\/v2\/product_brand?post=19073"},{"taxonomy":"product_cat","embeddable":true,"href":"https:\/\/madelinefashion.pl\/sk\/wp-json\/wp\/v2\/product_cat?post=19073"},{"taxonomy":"product_tag","embeddable":true,"href":"https:\/\/madelinefashion.pl\/sk\/wp-json\/wp\/v2\/product_tag?post=19073"}],"curies":[{"name":"pracovn\u00fd list","href":"https:\/\/api.w.org\/{rel}","templated":true}]}}

Kožušinová vesta na zips čierna

<h3 style="text-align: center;">Kožušinová vesta na zips čierna</h3>
<p style="text-align: center;"><strong>Kožušinová vesta so zipsom </strong> je najmódnejší strih tejto sezóny. Vesta z umelej kožušiny. Nezvyčajne <strong>teplé a príjemné na dotyk</strong>. Vesta s <strong>srsť</strong> vhodné pre oboch <a href="https://madelinefashion.pl/sk/spodnie/">nohavice</a>, <a href="https://madelinefashion.pl/sk/spodnice/">sukne</a> ak <a href="https://madelinefashion.pl/sk/sukienki-i-kombinezony/">Šaty</a>. Skvele sa k nej bude hodiť aj kožušinová vesta bez rukávov <a href="https://madelinefashion.pl/sk/swetry/swetry-damskie/"><strong>svetre</strong></a>, <a href="https://madelinefashion.pl/sk/swetry/kardigany-damskie/">vesty</a> a predovšetkým je to ideálny návrh na nosenie pri všetkých príležitostiach <strong><a href="https://madelinefashion.pl/sk/kurtki-i-plaszcze/kurtki/">bundy</a></strong>. Skvele sa bude hodiť k našim <strong>Ramones</strong> napríklad model <strong><a href="https://madelinefashion.pl/sk/ramoneska-biker-czarna/">motorkár</a></strong>čo je tiež <strong>najpredávanejší</strong>. je to? <strong>najmódnejší štýl tejto sezóny</strong> – na tvorenie vám postačí jedna z našich viest vo vašom šatníku <strong>nadčasové štýly</strong>. Eko kožená vesta s kožušinou Veľmi nezvyčajný model, ktorý kombinuje eko kožu, kožušinu, zipsy a patentky, na ktoré sa zapína. Skvelá ponuka pre mnoho štýlov, elegantných aj voľných. Využijete ju ako na vychádzky s priateľmi do mesta, tak aj na večerný styling na párty. Je to bestseller <strong>ponuka na každú príležitosť</strong>. Ideálne na každý deň a na párty, kde chcete vyzerať skvele a zároveň sa cítiť skvele. Najmódnejší hit sezóny a absolútny <strong>musíte mať vo svojom šatníku</strong>ktoré vám pomôžu vytvoriť <strong>ležérny vzhľad</strong> a doplní mnohé pôsobivé štylizácie jesene a skorej jari. Rozhodnite sa pre nákup <strong>kožušinová vesta</strong>a nebudete ľutovať. Iste sa presvedčíte, koľko vám taká jedna vec vo vašom šatníku dá. Dostupné v našom <a href="https://madelinefashion.pl/sk/kamizelki/">e-shop</a> vo viacerých farebných variantoch a v rôznych dĺžkach tak neváhajte a vyberte si tú, ktorá je pre vás <strong>si dokonalý</strong>. Ak sa neviete rozhodnúť akú farbu, tak veľkosť <strong>pre</strong> <strong>si najlepší</strong>, kontaktujte nás prostredníctvom <strong><a href="https://www.facebook.com/madelinefashionbutik/" target="_blank" rel="noopener">Facebook</a></strong> alebo <a href="https://madelinefashion.pl/sk/kontakt/">telefón</a>. Úžasná kvalita za najlepšiu cenu! <strong>Kožušinová vesta na zips dostupná vo veľkostiach SML XL XXL</strong></p>
<h3 style="text-align: center;">Rozmery vesty:</h3>
<p style="text-align: center;"><strong>36/S</strong><br />
Celková predná dĺžka: 65 cm<br />
Celková dĺžka chrbta: 54 cm<br />
Šírka od pazuchy po pazuchu 43 cm x2<br />
Šírka v páse - 43 cm x2<br />
Obvod hrudníka max 86 cm</p>
<p style="text-align: center;"><strong>38/M</strong><br />
Celková predná dĺžka: 66 cm<br />
Celková dĺžka chrbta: 55 cm<br />
Šírka od pazuchy po pazuchu 45 cm x2<br />
Šírka pása - 45 cm x2<br />
Obvod hrudníka max 90 cm</p>
<p style="text-align: center;"><strong>40/L</strong><br />
Celková predná dĺžka: 66 cm<br />
Celková dĺžka chrbta: 55 cm<br />
Šírka od pazuchy po pazuchu 48 cm x2<br />
Šírka pása - 48 cm x2<br />
Prsia max 96 cm</p>
<p style="text-align: center;"><strong>42/XL</strong><br />
Celková predná dĺžka: 67 cm<br />
Celková dĺžka chrbta: 56 cm<br />
Šírka od pazuchy po pazuchu 51 cm x2<br />
Šírka v páse - 51 cm x2<br />
Obvod hrudníka max 102 cm</p>
<p style="text-align: center;"><strong>44/XXL</strong><br />
Celková predná dĺžka: 68 cm<br />
Celková dĺžka chrbta: 57 cm<br />
Šírka od pazuchy po pazuchu 54 cm x2<br />
Šírka pása - 54 cm x2<br />
Obvod hrudníka max 108 cm</p>
<p style="text-align: center;">Rozmery sa môžu mierne líšiť od uvedených +/- 2cm. Všetky uvedené rozmery sú merané plošne.</p>
<p style="text-align: center;"><strong>Dokonale sa prispôsobí každej postave</strong></p>
<table width="435">
<tbody>
<tr>
<td width="302">Meno modela</td>
<td width="302">Kožušinové zipsy na vesty</td>
</tr>
<tr>
<td width="302">Farba</td>
<td width="302">čierna</td>
</tr>
<tr>
<td width="302">Zbierka</td>
<td width="302"> JAR/JESEŇ/ZIMA</td>
</tr>
<tr>
<td width="302">Veľkosť</td>
<td width="302">SML XL XXL</td>
</tr>
<tr>
<td width="302">Móda</td>
<td width="302">Zhoda</td>
</tr>
<tr>
<td width="302">Hood</td>
<td width="302">Nie</td>
</tr>
<tr>
<td width="302">Otepľovanie</td>
<td width="302">Podšívka</td>
</tr>
<tr>
<td width="302">Materiál</td>
<td width="302">Polyester 100%</td>
</tr>
</tbody>
</table>
<div class="tabs tabs-bb clear mb-80">
<div class="tab-content">
<div id="tab-description" class="tab-pane fade in woocommerce-Tabs-panel--description active">
<div class="tabs tabs-bb clear mb-80">
<div class="tab-content">
<div id="tab-description" class="tab-pane fade in woocommerce-Tabs-panel--description active">
<div class="tabs tabs-bb clear mb-80">
<div class="tab-content">
<div id="tab-description" class="tab-pane fade in woocommerce-Tabs-panel--description active">
<p style="text-align: center;">Model má <strong>169</strong> cm vysoký, nosí veľkosť každý deň <strong>S</strong></p>
<p style="text-align: center;">Šírka cez prsia 92 cm</p>
<p style="text-align: center;">Šírka v páse 62 cm</p>
<p style="text-align: center;">Šírka v bokoch 94 cm</p>
</div>
</div>
</div>
</div>
</div>
</div>
</div>
</div>
</div>
<section class="up-sells upsells products mb-80"></section>
<p style="text-align: center;"><strong style="text-align: center;"> </strong></p>

<p>Kamizelka Futerko Zamki Czarna Kamizelka futrzana z zamkami  to najmodniejszy fason w tym sezonie. Kamizelka wykonana ze sztucznego futerka. Niezwykle ciepła i przyjemna w dotyku. Kamizelka z futra nadaje się zarówno do spodni, spódnic czy sukienek. Bezrękawnik z futerka idealnie będzie komponować się również ze swetrami, kardiganami a przede wszystkim jest to idealna propozycja do</p>
<div class="klb-readmore post-buttons"><a class="button black outline size-sm" href="https://madelinefashion.pl/sk/kamizelka-futerko-zamki-czarna/">Čítať ďalej <i class="klbth-icon-right-arrow"></i></a></div>

pracovný list
