{"id":19770,"date":"2021-09-24T21:00:32","date_gmt":"2021-09-24T19:00:32","guid":{"rendered":"https:\/\/madelinefashion.pl\/?post_type=product&#038;p=19770"},"modified":"2026-03-05T12:01:28","modified_gmt":"2026-03-05T11:01:28","slug":"plaszcz-teddy-bezowy","status":"publish","type":"product","link":"https:\/\/madelinefashion.pl\/sk\/plaszcz-teddy-bezowy\/","title":{"rendered":"B\u00e9\u017eov\u00fd ply\u0161ov\u00fd kab\u00e1t"},"content":{"rendered":"<h3 style=\"text-align: center;\">B\u00e9\u017eov\u00fd ply\u0161ov\u00fd kab\u00e1t<\/h3>\n<p style=\"text-align: center;\"><strong>B\u00e9\u017eov\u00fd ply\u0161ov\u00fd kab\u00e1t <\/strong>tla\u010didlo je skuto\u010dn\u00e9 <strong>sez\u00f3nny hit<\/strong>. Je to spojenie elegancie, modernosti a funk\u010dnosti -<strong> B\u00e9\u017eov\u00e1 <\/strong>kab\u00e1t sa hod\u00ed do ka\u017edej siluety a stylingu. Vyroben\u00e9 z ve\u013emi m\u00f3dneho a mimoriadne pr\u00edjemn\u00e9ho materi\u00e1lu. \u0160t\u00fdlov\u00fd d\u00e1msky kab\u00e1t starostlivo u\u0161it\u00fd z <strong>tepl\u00e9 a pr\u00edjemn\u00e9 na dotyk<\/strong> tkaniny. <strong>Ply\u0161ov\u00fd kab\u00e1tik <\/strong>\u00a0tento model jednoduch\u00e9ho strihu zamaskuje nedokonalosti postavy a z\u00e1rove\u0148 v\u00e1m umo\u017en\u00ed zachova\u0165 si vo\u013enos\u0165 pohybu. Tepl\u00e9, ide\u00e1lne na jese\u0148 a jar. Oversize, vo\u013en\u00fd strih, ktor\u00fd sa hod\u00ed k elegantn\u00e9mu, le\u017e\u00e9rnemu aj \u0161portov\u00e9mu \u0161t\u00fdlu. Mys m\u00e1 <strong>vreck\u00e1<\/strong> na bokoch. Kab\u00e1t m\u00e1 pod\u0161\u00edvku. M\u00f4\u017eete ju skombinova\u0165 s na\u0161imi d\u017e\u00ednsami alebo vypasovan\u00fdmi suk\u0148ami. Na\u0161a v ka\u017edom \u010d\u00edsle <strong>kab\u00e1t <\/strong>bude to vyzera\u0165 p\u00f4sobivo. N\u00e1\u0161 kab\u00e1t je poklad v \u017eenskom \u0161atn\u00edku, absol\u00fatne <strong>mus\u00ed\u0161 to ma\u0165. <\/strong><strong>Perfektn\u00fd kab\u00e1t na ka\u017ed\u00fa pr\u00edle\u017eitos\u0165.<\/strong>\u00a0V na\u0161om internetovom obchode n\u00e1jdete ve\u013ek\u00fd v\u00fdber kab\u00e1tov za bezkonkuren\u010dn\u00e9 ceny <strong>n\u00edzka cena. <\/strong>Hod\u00ed sa ku ka\u017ed\u00e9mu \u0161t\u00fdlu, na ka\u017edodenn\u00e9 nosenie, no v\u010faka spr\u00e1vnym doplnkom si vytvor\u00edte aj origin\u00e1lny ve\u010dern\u00fd outfit<strong>romantick\u00fa prech\u00e1dzku, ako aj pracovn\u00fd v\u00fdlet<\/strong>. Model vhodn\u00fd pre d\u00e1my nosiace ve\u013e <strong>SML XL<\/strong><strong>\u00a0 . Pridajte k svojej objedn\u00e1vke teraz m\u00f3dne vrchn\u00e9 oble\u010denie a vyst\u00fapte z davu origin\u00e1lnym vzh\u013eadom na sez\u00f3nu jese\u0148\/zima.<\/strong><\/p>\n<h2 style=\"text-align: center;\">rozmery kab\u00e1ta:<\/h2>\n<ul style=\"text-align: center;\">\n<li>Celkov\u00e1 d\u013a\u017eka: 98 cm<\/li>\n<li>\u0160\u00edrka od pazuchy po pazuchu: 57 cm x2<\/li>\n<li>Maxim\u00e1lny obvod hrudn\u00edka: 114 cm<\/li>\n<li>D\u013a\u017eka ruk\u00e1va od ramena: 58 cm<br \/>\nD\u013a\u017eka ruk\u00e1va od podpazu\u0161ia: 44 cm<\/li>\n<\/ul>\n<p style=\"text-align: center;\">Rozmery sa m\u00f4\u017eu mierne l\u00ed\u0161i\u0165 od uveden\u00fdch +\/- 2cm. V\u0161etky uveden\u00e9 rozmery s\u00fa meran\u00e9 plo\u0161ne.<\/p>\n<p style=\"text-align: center;\"><strong>\u00a0<\/strong><\/p>\n<table width=\"499\">\n<tbody>\n<tr>\n<td width=\"302\">Meno modela<\/td>\n<td width=\"302\">Ply\u0161ov\u00fd kab\u00e1tik<\/td>\n<\/tr>\n<tr>\n<td width=\"302\">Farba<\/td>\n<td width=\"302\">Bez<\/td>\n<\/tr>\n<tr>\n<td width=\"302\">Zbierka<\/td>\n<td width=\"302\">jar\/jese\u0148\/zima<\/td>\n<\/tr>\n<tr>\n<td width=\"302\">ve\u013ekosti<\/td>\n<td width=\"302\">Univerz\u00e1lny<\/td>\n<\/tr>\n<tr>\n<td width=\"302\">M\u00f3da<\/td>\n<td width=\"302\">nadrozmern\u00e9<\/td>\n<\/tr>\n<tr>\n<td width=\"302\">Hood<\/td>\n<td width=\"302\">Nie<\/td>\n<\/tr>\n<tr>\n<td width=\"302\">Zaspievanie<\/td>\n<td width=\"302\">Tla\u010didlo<\/td>\n<\/tr>\n<tr>\n<td width=\"302\">Materi\u00e1l<\/td>\n<td width=\"302\">Polyester 100 %<\/td>\n<\/tr>\n<\/tbody>\n<\/table>\n<p style=\"text-align: center;\">\u00a0Model m\u00e1\u00a0<strong>169<\/strong>\u00a0cm vysok\u00fd, nos\u00ed ve\u013ekos\u0165 ka\u017ed\u00fd de\u0148\u00a0<strong>S<\/strong><\/p>\n<p style=\"text-align: center;\">\u0160\u00edrka cez prsia 92 cm<\/p>\n<p style=\"text-align: center;\">\u0160\u00edrka v p\u00e1se 62 cm<\/p>\n<p style=\"text-align: center;\">\u0160\u00edrka v bokoch 94 cm<\/p>\n<section class=\"related products mb-80\"><\/section>","protected":false},"excerpt":{"rendered":"<p>P\u0142aszcz Teddy Be\u017cowy P\u0142aszcz Teddy Be\u017cowy zapinany na guzik\u00a0 to prawdziwy hit sezonu. Jest to po\u0142\u0105czenie elegancji, nowoczesno\u015bci i funkcjonalno\u015bci \u2013 Be\u017cowy p\u0142aszczyk wpisuje si\u0119 w ka\u017cd\u0105 sylwetk\u0119 i stylizacj\u0119. Wykonany z bardzo modnego i niezwykle przyjemnego materia\u0142u . Stylowy p\u0142aszcz damski starannie uszyty z ciep\u0142ej i przyjemnej w dotyku tkaniny. P\u0142aszcz Teddy \u00a0to model<\/p>\n<div class=\"klb-readmore post-buttons\"><a class=\"button black outline size-sm\" href=\"https:\/\/madelinefashion.pl\/sk\/plaszcz-teddy-bezowy\/\">\u010c\u00edta\u0165 \u010falej <i class=\"klbth-icon-right-arrow\"><\/i><\/a><\/div>","protected":false},"featured_media":59095,"template":"","meta":[],"product_brand":[],"product_cat":[118,120,395],"product_tag":[],"class_list":{"0":"post-19770","1":"product","2":"type-product","3":"status-publish","4":"has-post-thumbnail","6":"product_cat-plaszcze","7":"product_cat-plaszcze-dlugie","8":"product_cat-nowosci","10":"first","11":"instock","12":"sale","13":"purchasable","14":"product-type-simple"},"_links":{"self":[{"href":"https:\/\/madelinefashion.pl\/sk\/wp-json\/wp\/v2\/product\/19770","targetHints":{"allow":["GET"]}}],"collection":[{"href":"https:\/\/madelinefashion.pl\/sk\/wp-json\/wp\/v2\/product"}],"about":[{"href":"https:\/\/madelinefashion.pl\/sk\/wp-json\/wp\/v2\/types\/product"}],"wp:featuredmedia":[{"embeddable":true,"href":"https:\/\/madelinefashion.pl\/sk\/wp-json\/wp\/v2\/media\/59095"}],"wp:attachment":[{"href":"https:\/\/madelinefashion.pl\/sk\/wp-json\/wp\/v2\/media?parent=19770"}],"wp:term":[{"taxonomy":"product_brand","embeddable":true,"href":"https:\/\/madelinefashion.pl\/sk\/wp-json\/wp\/v2\/product_brand?post=19770"},{"taxonomy":"product_cat","embeddable":true,"href":"https:\/\/madelinefashion.pl\/sk\/wp-json\/wp\/v2\/product_cat?post=19770"},{"taxonomy":"product_tag","embeddable":true,"href":"https:\/\/madelinefashion.pl\/sk\/wp-json\/wp\/v2\/product_tag?post=19770"}],"curies":[{"name":"pracovn\u00fd list","href":"https:\/\/api.w.org\/{rel}","templated":true}]}}

Béžový plyšový kabát

<h3 style="text-align: center;">Béžový plyšový kabát</h3>
<p style="text-align: center;"><strong>Béžový plyšový kabát </strong>tlačidlo je skutočné <strong>sezónny hit</strong>. Je to spojenie elegancie, modernosti a funkčnosti -<strong> Béžová </strong>kabát sa hodí do každej siluety a stylingu. Vyrobené z veľmi módneho a mimoriadne príjemného materiálu. Štýlový dámsky kabát starostlivo ušitý z <strong>teplé a príjemné na dotyk</strong> tkaniny. <strong>Plyšový kabátik </strong> tento model jednoduchého strihu zamaskuje nedokonalosti postavy a zároveň vám umožní zachovať si voľnosť pohybu. Teplé, ideálne na jeseň a jar. Oversize, voľný strih, ktorý sa hodí k elegantnému, ležérnemu aj športovému štýlu. Mys má <strong>vrecká</strong> na bokoch. Kabát má podšívku. Môžete ju skombinovať s našimi džínsami alebo vypasovanými sukňami. Naša v každom čísle <strong>kabát </strong>bude to vyzerať pôsobivo. Náš kabát je poklad v ženskom šatníku, absolútne <strong>musíš to mať. </strong><strong>Perfektný kabát na každú príležitosť.</strong> V našom internetovom obchode nájdete veľký výber kabátov za bezkonkurenčné ceny <strong>nízka cena. </strong>Hodí sa ku každému štýlu, na každodenné nosenie, no vďaka správnym doplnkom si vytvoríte aj originálny večerný outfit<strong>romantickú prechádzku, ako aj pracovný výlet</strong>. Model vhodný pre dámy nosiace veľ <strong>SML XL</strong><strong>  . Pridajte k svojej objednávke teraz módne vrchné oblečenie a vystúpte z davu originálnym vzhľadom na sezónu jeseň/zima.</strong></p>
<h2 style="text-align: center;">rozmery kabáta:</h2>
<ul style="text-align: center;">
<li>Celková dĺžka: 98 cm</li>
<li>Šírka od pazuchy po pazuchu: 57 cm x2</li>
<li>Maximálny obvod hrudníka: 114 cm</li>
<li>Dĺžka rukáva od ramena: 58 cm<br />
Dĺžka rukáva od podpazušia: 44 cm</li>
</ul>
<p style="text-align: center;">Rozmery sa môžu mierne líšiť od uvedených +/- 2cm. Všetky uvedené rozmery sú merané plošne.</p>
<p style="text-align: center;"><strong> </strong></p>
<table width="499">
<tbody>
<tr>
<td width="302">Meno modela</td>
<td width="302">Plyšový kabátik</td>
</tr>
<tr>
<td width="302">Farba</td>
<td width="302">Bez</td>
</tr>
<tr>
<td width="302">Zbierka</td>
<td width="302">jar/jeseň/zima</td>
</tr>
<tr>
<td width="302">veľkosti</td>
<td width="302">Univerzálny</td>
</tr>
<tr>
<td width="302">Móda</td>
<td width="302">nadrozmerné</td>
</tr>
<tr>
<td width="302">Hood</td>
<td width="302">Nie</td>
</tr>
<tr>
<td width="302">Zaspievanie</td>
<td width="302">Tlačidlo</td>
</tr>
<tr>
<td width="302">Materiál</td>
<td width="302">Polyester 100 %</td>
</tr>
</tbody>
</table>
<p style="text-align: center;"> Model má <strong>169</strong> cm vysoký, nosí veľkosť každý deň <strong>S</strong></p>
<p style="text-align: center;">Šírka cez prsia 92 cm</p>
<p style="text-align: center;">Šírka v páse 62 cm</p>
<p style="text-align: center;">Šírka v bokoch 94 cm</p>
<section class="related products mb-80"></section>

<p>Płaszcz Teddy Beżowy Płaszcz Teddy Beżowy zapinany na guzik  to prawdziwy hit sezonu. Jest to połączenie elegancji, nowoczesności i funkcjonalności – Beżowy płaszczyk wpisuje się w każdą sylwetkę i stylizację. Wykonany z bardzo modnego i niezwykle przyjemnego materiału . Stylowy płaszcz damski starannie uszyty z ciepłej i przyjemnej w dotyku tkaniny. Płaszcz Teddy  to model</p>
<div class="klb-readmore post-buttons"><a class="button black outline size-sm" href="https://madelinefashion.pl/sk/plaszcz-teddy-bezowy/">Čítať ďalej <i class="klbth-icon-right-arrow"></i></a></div>

pracovný list
