{"id":19839,"date":"2021-09-24T23:00:23","date_gmt":"2021-09-24T21:00:23","guid":{"rendered":"https:\/\/madelinefashion.pl\/?post_type=product&#038;p=19839"},"modified":"2026-02-24T16:18:20","modified_gmt":"2026-02-24T15:18:20","slug":"kurtka-futerko-czarna-sanya","status":"publish","type":"product","link":"https:\/\/madelinefashion.pl\/sk\/kurtka-futerko-czarna-sanya\/","title":{"rendered":"Ko\u017eu\u0161inov\u00e1 bunda Sanya \u010dierna"},"content":{"rendered":"<h3 style=\"text-align: center;\">Ko\u017eu\u0161inov\u00e1 bunda Sanya \u010dierna<\/h3>\n<div style=\"text-align: center;\">\n<p>Chcete sa c\u00edti\u0165 \u0161t\u00fdlovo a m\u00f3dne? Tento produkt je pre v\u00e1s. <strong><span lang=\"en-us\" xml:lang=\"en-us\">Fenomen\u00e1lna ko\u017eu\u0161inov\u00e1 bunda je nie\u010do pre \u017eeny, ktor\u00e9 miluj\u00fa odv\u00e1\u017ene \u0161tyliz\u00e1cie a eleganciu v jednom. <\/span><\/strong><span lang=\"en-us\" xml:lang=\"en-us\">Dokonal\u00fd strih <\/span><strong><span lang=\"en-us\" xml:lang=\"en-us\">aj na jese\u0148 a zimu. <\/span><\/strong><span lang=\"en-us\" xml:lang=\"en-us\">Umel\u00e1 ko\u017eu\u0161ina sa zap\u00edna na zips s praktick\u00fdm lemom v zadnej \u010dasti bundy, ktor\u00fd sa dokonale prisp\u00f4sob\u00ed postave. <\/span><strong><span lang=\"en-us\" xml:lang=\"en-us\">\u00a0<\/span>Ko\u017eu\u0161ina<\/strong> pasuje na obe<strong> ka\u017edodenn\u00e9 a elegantnej\u0161ie \u0161t\u00fdly<\/strong>,. Zap\u00edna sa na zips, vpredu m\u00e1 dve vreck\u00e1. Bunda s dlh\u00fdmi ruk\u00e1vmi zakon\u010den\u00fdmi lemom <span style=\"text-align: center;\">je to ur\u010den\u00e9 <\/span><strong style=\"text-align: center;\">musie\u0165 ma\u0165<\/strong><span style=\"text-align: center;\"> v ka\u017edom \u0161atn\u00edku! <\/span><span style=\"text-align: center;\">Vyst\u00fapte z davu s na\u0161imi <strong>srs\u0165 <\/strong>. Fant\u00e1zii sa medze neklad\u00fa, tak nev\u00e1hajte a<\/span><strong style=\"text-align: center;\"> vytvorte si svoj vlastn\u00fd \u0161t\u00fdl<\/strong><span style=\"text-align: center;\">. <strong>Ko\u017eu\u0161ina <\/strong><\/span><span style=\"text-align: center;\">\u00a0prich\u00e1dza vo ve\u013ekosti<\/span><strong style=\"text-align: center;\"> SML XL. Tento model je ide\u00e1lny pre\u00a0<strong>jar, jese\u0148.<\/strong> <\/strong><span style=\"text-align: center;\">Ak m\u00e1te nejak\u00e9 ot\u00e1zky, sme tu, aby sme v\u00e1m pomohli.<\/span><\/p>\n<\/div>\n<h3 style=\"text-align: center;\">Rozmery:<\/h3>\n<p style=\"text-align: center;\"><strong>Ve\u013ekos\u0165 S\/36<\/strong><\/p>\n<p style=\"text-align: center;\">D\u0139\u017dKA 52CM<\/p>\n<p style=\"text-align: center;\">\u0160\u00cdRKA OD AARM K AARM: 53-54 CM x2<\/p>\n<p style=\"text-align: center;\">D\u0139\u017dKA RUK\u00c1VU OD PAKU: 40 CM<\/p>\n<p style=\"text-align: center;\">D\u0139\u017dKA RUK\u00c1VU OD RAMENA: 50 CM<\/p>\n<p style=\"text-align: center;\">\u0160\u00cdRKA V DOLE: 46 - 60 CM<\/p>\n<p style=\"text-align: center;\"><strong>Ve\u013ekos\u0165 M\/38<\/strong><\/p>\n<p style=\"text-align: center;\">D\u0139\u017dKA 54CM<\/p>\n<p style=\"text-align: center;\">\u0160\u00cdRKA OD AARM K AARM: 56-57 CM x2<\/p>\n<p style=\"text-align: center;\">D\u0139\u017dKA RUK\u00c1VU OD PAKU: 40 CM<\/p>\n<p style=\"text-align: center;\">D\u0139\u017dKA RUK\u00c1VU OD RAMENA: 50 CM<\/p>\n<p style=\"text-align: center;\">\u0160\u00cdRKA V DOLE: 49 - 63 CM<\/p>\n<p style=\"text-align: center;\"><strong>Ve\u013ekos\u0165 L\/40<\/strong><\/p>\n<p style=\"text-align: center;\">D\u0139\u017dKA 55CM<\/p>\n<p style=\"text-align: center;\">\u0160\u00cdRKA OD AARM K AARM: 59-60 CM x2<\/p>\n<p style=\"text-align: center;\">D\u0139\u017dKA RUK\u00c1VU OD PAKU: 41 CM<\/p>\n<p style=\"text-align: center;\">D\u0139\u017dKA RUK\u00c1VU OD RAMENA: 51 CM<\/p>\n<p style=\"text-align: center;\">\u0160\u00cdRKA V DOLE: 51 - 62 CM<\/p>\n<p style=\"text-align: center;\">Rozmery sa m\u00f4\u017eu mierne l\u00ed\u0161i\u0165 od uveden\u00fdch +\/- 2cm. V\u0161etky uveden\u00e9 rozmery s\u00fa meran\u00e9 plo\u0161ne.<\/p>\n<p>&nbsp;<\/p>\n<h3 style=\"text-align: center;\">Charakteristika:<\/h3>\n<ul>\n<li style=\"text-align: center;\">vo\u013en\u00fd<\/li>\n<li style=\"text-align: center;\">zap\u00edna sa na plastov\u00fd zips<\/li>\n<li style=\"text-align: center;\">oversized fit<\/li>\n<li style=\"text-align: center;\">jednopl\u00e1\u0161\u0165ov\u00e9<\/li>\n<li style=\"text-align: center;\">s pod\u0161\u00edvkou<\/li>\n<li style=\"text-align: center;\">vreck\u00e1<\/li>\n<\/ul>\n<p>&nbsp;<\/p>\n<p>&nbsp;<\/p>\n<p style=\"text-align: center;\">Model m\u00e1\u00a0<strong>169<\/strong>\u00a0cm vysok\u00fd, nos\u00ed ve\u013ekos\u0165 ka\u017ed\u00fd de\u0148\u00a0<strong>S<\/strong><\/p>\n<p style=\"text-align: center;\">\u0160\u00edrka hrudn\u00edka 91 cm<\/p>\n<p style=\"text-align: center;\">\u0160\u00edrka p\u00e1su 71 cm<\/p>\n<p style=\"text-align: center;\">\u0160\u00edrka bokov 96 cm<\/p>\n<p style=\"text-align: center;\"><span style=\"font-size: 10pt;\">\u00a0<\/span><\/p>\n<p style=\"text-align: center;\">","protected":false},"excerpt":{"rendered":"<p>Kurtka Futerko Czarna Sanya Chcesz poczu\u0107 si\u0119 stylowo i modnie?\u00a0 Ten produkt jest dla Ciebie. Fenomenalna kurtka typu futerko to co\u015b dla kobiet uwielbiaj\u0105cych odwa\u017cne stylizacje i elegancj\u0119 w jednym. Idealny fason na nadchodz\u0105c\u0105 jesie\u0144 ale te\u017c na zim\u0119. Futerko zapinane na zamek z praktycznym \u015bci\u0105gaczem z ty\u0142u kurtki przez co idealnie dopasowuje si\u0119 do<\/p>\n<div class=\"klb-readmore post-buttons\"><a class=\"button black outline size-sm\" href=\"https:\/\/madelinefashion.pl\/sk\/kurtka-futerko-czarna-sanya\/\">\u010c\u00edta\u0165 \u010falej <i class=\"klbth-icon-right-arrow\"><\/i><\/a><\/div>","protected":false},"featured_media":108211,"template":"","meta":[],"product_brand":[],"product_cat":[117,395],"product_tag":[],"class_list":{"0":"post-19839","1":"product","2":"type-product","3":"status-publish","4":"has-post-thumbnail","6":"product_cat-kurtki","7":"product_cat-nowosci","8":"pa_rozmiar-s","9":"pa_rozmiar-m","10":"pa_rozmiar-l","11":"pa_rozmiar-xl","13":"first","14":"instock","15":"sale","16":"purchasable","17":"product-type-variable"},"_links":{"self":[{"href":"https:\/\/madelinefashion.pl\/sk\/wp-json\/wp\/v2\/product\/19839","targetHints":{"allow":["GET"]}}],"collection":[{"href":"https:\/\/madelinefashion.pl\/sk\/wp-json\/wp\/v2\/product"}],"about":[{"href":"https:\/\/madelinefashion.pl\/sk\/wp-json\/wp\/v2\/types\/product"}],"wp:featuredmedia":[{"embeddable":true,"href":"https:\/\/madelinefashion.pl\/sk\/wp-json\/wp\/v2\/media\/108211"}],"wp:attachment":[{"href":"https:\/\/madelinefashion.pl\/sk\/wp-json\/wp\/v2\/media?parent=19839"}],"wp:term":[{"taxonomy":"product_brand","embeddable":true,"href":"https:\/\/madelinefashion.pl\/sk\/wp-json\/wp\/v2\/product_brand?post=19839"},{"taxonomy":"product_cat","embeddable":true,"href":"https:\/\/madelinefashion.pl\/sk\/wp-json\/wp\/v2\/product_cat?post=19839"},{"taxonomy":"product_tag","embeddable":true,"href":"https:\/\/madelinefashion.pl\/sk\/wp-json\/wp\/v2\/product_tag?post=19839"}],"curies":[{"name":"pracovn\u00fd list","href":"https:\/\/api.w.org\/{rel}","templated":true}]}}

Kožušinová bunda Sanya čierna

<h3 style="text-align: center;">Kožušinová bunda Sanya čierna</h3>
<div style="text-align: center;">
<p>Chcete sa cítiť štýlovo a módne? Tento produkt je pre vás. <strong><span lang="en-us" xml:lang="en-us">Fenomenálna kožušinová bunda je niečo pre ženy, ktoré milujú odvážne štylizácie a eleganciu v jednom. </span></strong><span lang="en-us" xml:lang="en-us">Dokonalý strih </span><strong><span lang="en-us" xml:lang="en-us">aj na jeseň a zimu. </span></strong><span lang="en-us" xml:lang="en-us">Umelá kožušina sa zapína na zips s praktickým lemom v zadnej časti bundy, ktorý sa dokonale prispôsobí postave. </span><strong><span lang="en-us" xml:lang="en-us"> </span>Kožušina</strong> pasuje na obe<strong> každodenné a elegantnejšie štýly</strong>,. Zapína sa na zips, vpredu má dve vrecká. Bunda s dlhými rukávmi zakončenými lemom <span style="text-align: center;">je to určené </span><strong style="text-align: center;">musieť mať</strong><span style="text-align: center;"> v každom šatníku! </span><span style="text-align: center;">Vystúpte z davu s našimi <strong>srsť </strong>. Fantázii sa medze nekladú, tak neváhajte a</span><strong style="text-align: center;"> vytvorte si svoj vlastný štýl</strong><span style="text-align: center;">. <strong>Kožušina </strong></span><span style="text-align: center;"> prichádza vo veľkosti</span><strong style="text-align: center;"> SML XL. Tento model je ideálny pre <strong>jar, jeseň.</strong> </strong><span style="text-align: center;">Ak máte nejaké otázky, sme tu, aby sme vám pomohli.</span></p>
</div>
<h3 style="text-align: center;">Rozmery:</h3>
<p style="text-align: center;"><strong>Veľkosť S/36</strong></p>
<p style="text-align: center;">DĹŽKA 52CM</p>
<p style="text-align: center;">ŠÍRKA OD AARM K AARM: 53-54 CM x2</p>
<p style="text-align: center;">DĹŽKA RUKÁVU OD PAKU: 40 CM</p>
<p style="text-align: center;">DĹŽKA RUKÁVU OD RAMENA: 50 CM</p>
<p style="text-align: center;">ŠÍRKA V DOLE: 46 - 60 CM</p>
<p style="text-align: center;"><strong>Veľkosť M/38</strong></p>
<p style="text-align: center;">DĹŽKA 54CM</p>
<p style="text-align: center;">ŠÍRKA OD AARM K AARM: 56-57 CM x2</p>
<p style="text-align: center;">DĹŽKA RUKÁVU OD PAKU: 40 CM</p>
<p style="text-align: center;">DĹŽKA RUKÁVU OD RAMENA: 50 CM</p>
<p style="text-align: center;">ŠÍRKA V DOLE: 49 - 63 CM</p>
<p style="text-align: center;"><strong>Veľkosť L/40</strong></p>
<p style="text-align: center;">DĹŽKA 55CM</p>
<p style="text-align: center;">ŠÍRKA OD AARM K AARM: 59-60 CM x2</p>
<p style="text-align: center;">DĹŽKA RUKÁVU OD PAKU: 41 CM</p>
<p style="text-align: center;">DĹŽKA RUKÁVU OD RAMENA: 51 CM</p>
<p style="text-align: center;">ŠÍRKA V DOLE: 51 - 62 CM</p>
<p style="text-align: center;">Rozmery sa môžu mierne líšiť od uvedených +/- 2cm. Všetky uvedené rozmery sú merané plošne.</p>
<p>&nbsp;</p>
<h3 style="text-align: center;">Charakteristika:</h3>
<ul>
<li style="text-align: center;">voľný</li>
<li style="text-align: center;">zapína sa na plastový zips</li>
<li style="text-align: center;">oversized fit</li>
<li style="text-align: center;">jednoplášťové</li>
<li style="text-align: center;">s podšívkou</li>
<li style="text-align: center;">vrecká</li>
</ul>
<p>&nbsp;</p>
<p>&nbsp;</p>
<p style="text-align: center;">Model má <strong>169</strong> cm vysoký, nosí veľkosť každý deň <strong>S</strong></p>
<p style="text-align: center;">Šírka hrudníka 91 cm</p>
<p style="text-align: center;">Šírka pásu 71 cm</p>
<p style="text-align: center;">Šírka bokov 96 cm</p>
<p style="text-align: center;"><span style="font-size: 10pt;"> </span></p>
<p style="text-align: center;">

<p>Kurtka Futerko Czarna Sanya Chcesz poczuć się stylowo i modnie?  Ten produkt jest dla Ciebie. Fenomenalna kurtka typu futerko to coś dla kobiet uwielbiających odważne stylizacje i elegancję w jednym. Idealny fason na nadchodzącą jesień ale też na zimę. Futerko zapinane na zamek z praktycznym ściągaczem z tyłu kurtki przez co idealnie dopasowuje się do</p>
<div class="klb-readmore post-buttons"><a class="button black outline size-sm" href="https://madelinefashion.pl/sk/kurtka-futerko-czarna-sanya/">Čítať ďalej <i class="klbth-icon-right-arrow"></i></a></div>

pracovný list
