{"id":20065,"date":"2021-09-25T20:48:16","date_gmt":"2021-09-25T18:48:16","guid":{"rendered":"https:\/\/madelinefashion.pl\/?post_type=product&#038;p=20065"},"modified":"2025-09-09T10:33:14","modified_gmt":"2025-09-09T08:33:14","slug":"sukienka-szyfonowa-z-dlugim-rekawem-turkusowa-lisbona","status":"publish","type":"product","link":"https:\/\/madelinefashion.pl\/sk\/sukienka-szyfonowa-z-dlugim-rekawem-turkusowa-lisbona\/","title":{"rendered":"Tyrkysov\u00e9 lisabonsk\u00e9 \u0161if\u00f3nov\u00e9 \u0161aty s dlh\u00fdm ruk\u00e1vom"},"content":{"rendered":"<h3 style=\"text-align: center;\">Tyrkysov\u00e9 lisabonsk\u00e9 \u0161if\u00f3nov\u00e9 \u0161aty s dlh\u00fdm ruk\u00e1vom<\/h3>\n<p style=\"text-align: center;\">\u0160aty <strong>lisabonsk\u00e9 \u0161aty<\/strong> vo farbe <strong>more <\/strong>je vyroben\u00e1 z na dotyk pr\u00edjemn\u00e9ho vzdu\u0161n\u00e9ho materi\u00e1lu. Vrch \u0161iat je v p\u00e1se vybaven\u00fd gumi\u010dkou. <strong>\u0160aty<\/strong> <strong>Lisabon<\/strong> s vol\u00e1nmi. Ide\u00e1lne ako na ka\u017ed\u00fd de\u0148, tak aj na udalosti. Dokonale sa prisp\u00f4sob\u00ed postave. Ide\u00e1lne do \u0161koly, pr\u00e1ce, na rande alebo na stretnutie s priate\u013emi! <strong>Ide\u00e1lne pre ka\u017ed\u00fa pr\u00edle\u017eitos\u0165 a \u010das! Neuverite\u013ene \u017eensk\u00e9, elegantn\u00e9 \u0161aty<\/strong> m\u00e1 pod\u0161\u00edvku a elegantn\u00fd opasok. \u0160if\u00f3nov\u00e9 \u0161aty maj\u00fa pod\u0161\u00edvku a dlh\u00e9 ruk\u00e1vy zakon\u010den\u00e9 ozdobn\u00fdm lemom. \u0160aty v univerz\u00e1lnej ve\u013ekosti odpor\u00fa\u010dan\u00e9 od<strong> S a\u017e XL.<\/strong> Dostupn\u00e9 vo viacer\u00fdch farb\u00e1ch. Vzdu\u0161n\u00fd strih zais\u0165uje pohodlie pri pohybe. Ide\u00e1lna ponuka na svadby, svadobn\u00e9 hostiny, rodinn\u00e9 oslavy, bankety.<\/p>\n<h3 style=\"text-align: center;\">Rozmery:<\/h3>\n<ul style=\"text-align: center;\">\n<li style=\"text-align: center;\"><span style=\"font-size: 10pt;\">\u00a0\u00a0\u00a0\u00a0\u00a0\u00a0\u00a0 celkov\u00e1 predn\u00e1 d\u013a\u017eka: 96 cm<\/span><\/li>\n<li style=\"text-align: center;\"><span style=\"font-size: 10pt;\">\u00a0\u00a0\u00a0\u00a0\u00a0\u00a0\u00a0 \u0161\u00edrka od pazuchy po pazuchu: 40-54 cm x2<\/span><\/li>\n<li style=\"text-align: center;\"><span style=\"font-size: 10pt;\">\u00a0\u00a0\u00a0\u00a0\u00a0\u00a0\u00a0 d\u013a\u017eka ruk\u00e1va od podpazu\u0161ia: 49 cm<\/span><\/li>\n<li style=\"text-align: center;\"><span style=\"font-size: 10pt;\">\u00a0\u00a0\u00a0\u00a0\u00a0\u00a0\u00a0 d\u013a\u017eka ruk\u00e1va od ramena: 64 cm<\/span><\/li>\n<li style=\"text-align: center;\"><span style=\"font-size: 10pt;\">\u00a0\u00a0\u00a0\u00a0\u00a0\u00a0\u00a0 \u0161\u00edrka p\u00e1sa: 28-46 cm x2<\/span><\/li>\n<\/ul>\n<p>&nbsp;<\/p>\n<p style=\"text-align: center;\"><span style=\"font-size: 10pt;\">Rozmery sa m\u00f4\u017eu mierne l\u00ed\u0161i\u0165 od uveden\u00fdch +\/- 2cm. V\u0161etky uveden\u00e9 rozmery s\u00fa meran\u00e9 plo\u0161ne.<\/span><\/p>\n<p style=\"text-align: center;\"><span style=\"font-size: 10pt;\">\u00a0<\/span><\/p>\n<table width=\"621\">\n<tbody>\n<tr>\n<td width=\"302\">Meno modela<\/td>\n<td width=\"302\">Lisabonsk\u00e9 \u0161if\u00f3nov\u00e9 \u0161aty s dlh\u00fdm ruk\u00e1vom<\/td>\n<\/tr>\n<tr>\n<td width=\"302\">Farba<\/td>\n<td width=\"302\">More - tyrkysov\u00e9<\/td>\n<\/tr>\n<tr>\n<td width=\"302\">M\u00f3da<\/td>\n<td width=\"302\">nadrozmern\u00e9<\/td>\n<\/tr>\n<tr>\n<td width=\"302\">Materi\u00e1l<\/td>\n<td width=\"302\">95 % Polyester 5% Elastan<\/td>\n<\/tr>\n<tr>\n<td width=\"302\">D\u013a\u017eka<\/td>\n<td width=\"302\">Na koleno<\/td>\n<\/tr>\n<\/tbody>\n<\/table>\n<p>&nbsp;<\/p>\n<p style=\"text-align: center;\">\u00a0Model m\u00e1 <strong>165<\/strong> cm vysok\u00fd, nos\u00ed ve\u013ekos\u0165 ka\u017ed\u00fd de\u0148\u00a0<strong>S<\/strong><\/p>\n<div class=\"additional-details\" style=\"text-align: center;\">\n<p>&nbsp;<\/p>\n<\/div>","protected":false},"excerpt":{"rendered":"<p>Sukienka Szyfonowa z D\u0142ugim R\u0119kawem Turkusowa Lisbona Sukienka Sukienka Lisbona w kolorze Morskim wykonana jest\u00a0 z przyjemnego w dotyku\u00a0 zwiewnego materia\u0142u. G\u00f3ra sukienki dopasowana w tali gumka. Sukienka Lisbona z falbankami.\u00a0 Idealna zar\u00f3wno na co dzie\u0144 jak i na imprezy. Idealnie dopasowuje si\u0119 do sylwetki. Idealne do szko\u0142y, do pracy, na randk\u0119 czy spotkanie z<\/p>\n<div class=\"klb-readmore post-buttons\"><a class=\"button black outline size-sm\" href=\"https:\/\/madelinefashion.pl\/sk\/sukienka-szyfonowa-z-dlugim-rekawem-turkusowa-lisbona\/\">\u010c\u00edta\u0165 \u010falej <i class=\"klbth-icon-right-arrow\"><\/i><\/a><\/div>","protected":false},"featured_media":20038,"template":"","meta":[],"product_brand":[],"product_cat":[125,395],"product_tag":[],"class_list":{"0":"post-20065","1":"product","2":"type-product","3":"status-publish","4":"has-post-thumbnail","6":"product_cat-sukienki","7":"product_cat-nowosci","9":"first","10":"instock","11":"purchasable","12":"product-type-simple"},"_links":{"self":[{"href":"https:\/\/madelinefashion.pl\/sk\/wp-json\/wp\/v2\/product\/20065","targetHints":{"allow":["GET"]}}],"collection":[{"href":"https:\/\/madelinefashion.pl\/sk\/wp-json\/wp\/v2\/product"}],"about":[{"href":"https:\/\/madelinefashion.pl\/sk\/wp-json\/wp\/v2\/types\/product"}],"wp:featuredmedia":[{"embeddable":true,"href":"https:\/\/madelinefashion.pl\/sk\/wp-json\/wp\/v2\/media\/20038"}],"wp:attachment":[{"href":"https:\/\/madelinefashion.pl\/sk\/wp-json\/wp\/v2\/media?parent=20065"}],"wp:term":[{"taxonomy":"product_brand","embeddable":true,"href":"https:\/\/madelinefashion.pl\/sk\/wp-json\/wp\/v2\/product_brand?post=20065"},{"taxonomy":"product_cat","embeddable":true,"href":"https:\/\/madelinefashion.pl\/sk\/wp-json\/wp\/v2\/product_cat?post=20065"},{"taxonomy":"product_tag","embeddable":true,"href":"https:\/\/madelinefashion.pl\/sk\/wp-json\/wp\/v2\/product_tag?post=20065"}],"curies":[{"name":"pracovn\u00fd list","href":"https:\/\/api.w.org\/{rel}","templated":true}]}}

Tyrkysové lisabonské šifónové šaty s dlhým rukávom

<h3 style="text-align: center;">Tyrkysové lisabonské šifónové šaty s dlhým rukávom</h3>
<p style="text-align: center;">Šaty <strong>lisabonské šaty</strong> vo farbe <strong>more </strong>je vyrobená z na dotyk príjemného vzdušného materiálu. Vrch šiat je v páse vybavený gumičkou. <strong>Šaty</strong> <strong>Lisabon</strong> s volánmi. Ideálne ako na každý deň, tak aj na udalosti. Dokonale sa prispôsobí postave. Ideálne do školy, práce, na rande alebo na stretnutie s priateľmi! <strong>Ideálne pre každú príležitosť a čas! Neuveriteľne ženské, elegantné šaty</strong> má podšívku a elegantný opasok. Šifónové šaty majú podšívku a dlhé rukávy zakončené ozdobným lemom. Šaty v univerzálnej veľkosti odporúčané od<strong> S až XL.</strong> Dostupné vo viacerých farbách. Vzdušný strih zaisťuje pohodlie pri pohybe. Ideálna ponuka na svadby, svadobné hostiny, rodinné oslavy, bankety.</p>
<h3 style="text-align: center;">Rozmery:</h3>
<ul style="text-align: center;">
<li style="text-align: center;"><span style="font-size: 10pt;">        celková predná dĺžka: 96 cm</span></li>
<li style="text-align: center;"><span style="font-size: 10pt;">        šírka od pazuchy po pazuchu: 40-54 cm x2</span></li>
<li style="text-align: center;"><span style="font-size: 10pt;">        dĺžka rukáva od podpazušia: 49 cm</span></li>
<li style="text-align: center;"><span style="font-size: 10pt;">        dĺžka rukáva od ramena: 64 cm</span></li>
<li style="text-align: center;"><span style="font-size: 10pt;">        šírka pása: 28-46 cm x2</span></li>
</ul>
<p>&nbsp;</p>
<p style="text-align: center;"><span style="font-size: 10pt;">Rozmery sa môžu mierne líšiť od uvedených +/- 2cm. Všetky uvedené rozmery sú merané plošne.</span></p>
<p style="text-align: center;"><span style="font-size: 10pt;"> </span></p>
<table width="621">
<tbody>
<tr>
<td width="302">Meno modela</td>
<td width="302">Lisabonské šifónové šaty s dlhým rukávom</td>
</tr>
<tr>
<td width="302">Farba</td>
<td width="302">More - tyrkysové</td>
</tr>
<tr>
<td width="302">Móda</td>
<td width="302">nadrozmerné</td>
</tr>
<tr>
<td width="302">Materiál</td>
<td width="302">95 % Polyester 5% Elastan</td>
</tr>
<tr>
<td width="302">Dĺžka</td>
<td width="302">Na koleno</td>
</tr>
</tbody>
</table>
<p>&nbsp;</p>
<p style="text-align: center;"> Model má <strong>165</strong> cm vysoký, nosí veľkosť každý deň <strong>S</strong></p>
<div class="additional-details" style="text-align: center;">
<p>&nbsp;</p>
</div>

<p>Sukienka Szyfonowa z Długim Rękawem Turkusowa Lisbona Sukienka Sukienka Lisbona w kolorze Morskim wykonana jest  z przyjemnego w dotyku  zwiewnego materiału. Góra sukienki dopasowana w tali gumka. Sukienka Lisbona z falbankami.  Idealna zarówno na co dzień jak i na imprezy. Idealnie dopasowuje się do sylwetki. Idealne do szkoły, do pracy, na randkę czy spotkanie z</p>
<div class="klb-readmore post-buttons"><a class="button black outline size-sm" href="https://madelinefashion.pl/sk/sukienka-szyfonowa-z-dlugim-rekawem-turkusowa-lisbona/">Čítať ďalej <i class="klbth-icon-right-arrow"></i></a></div>

pracovný list
