{"id":20314,"date":"2021-09-26T15:48:27","date_gmt":"2021-09-26T13:48:27","guid":{"rendered":"https:\/\/madelinefashion.pl\/?post_type=product&#038;p=20314"},"modified":"2026-04-10T14:43:40","modified_gmt":"2026-04-10T12:43:40","slug":"sukienka-z-lancuszkiem-na-ramiaczkach-czarna-koki","status":"publish","type":"product","link":"https:\/\/madelinefashion.pl\/sk\/sukienka-z-lancuszkiem-na-ramiaczkach-czarna-koki\/","title":{"rendered":"\u0160aty s retiazkami Black Coca"},"content":{"rendered":"<h3 style=\"text-align: center;\">\u0160aty s retiazkami Black Coca<\/h3>\n<p style=\"text-align: center;\">Fenomen\u00e1lne mini\u0161aty s\u00fa MUST HAVE. v tejto sez\u00f3ne. <strong>V\u010faka v\u00fdrazne vykrojen\u00e9mu v\u00fdstrihu p\u00f4sob\u00ed strih ve\u013emi \u017eensky. \u0160aty<\/strong> so zlat\u00fdmi retiazkami - super sexi. c\u00edti\u0165<strong> v\u00fdnimo\u010dne. <\/strong>Ve\u013emi m\u00e4kk\u00fd a pru\u017en\u00fd materi\u00e1l. <strong>Ide\u00e1lne \u0161aty na ka\u017edodenn\u00e9 vych\u00e1dzky, cestovanie alebo do pr\u00e1ce. Tepl\u00e9 a priliehav\u00e9 \u0161aty sa hodia do ka\u017ed\u00e9ho po\u010dasia.<\/strong> Elegantn\u00fd model sa bude hodi\u0165 na ka\u017ed\u00fa pr\u00edle\u017eitos\u0165, kde sa chcete c\u00edti\u0165 v\u00fdnimo\u010dne. \u0160aty ve\u013emi jemn\u00fdm sp\u00f4sobom zd\u00f4raz\u0148uj\u00fa siluetu. \u0160aty v univerz\u00e1lnej ve\u013ekosti, odpor\u00fa\u010dame od XS do max L<\/p>\n<p>&nbsp;<\/p>\n<h3 style=\"text-align: center;\">\u00a0 \u00a0 \u00a0 \u00a0 \u00a0 \u00a0 \u00a0 \u00a0 \u00a0 Rozmery:<\/h3>\n<ul>\n<li style=\"text-align: center;\">\u00a0 \u00a0 Celkov\u00e1 predn\u00e1 d\u013a\u017eka - 97 cm<\/li>\n<li style=\"text-align: center;\">\u0160\u00edrka od pazuchy po pazuchu - 27-48 cm<\/li>\n<li style=\"text-align: center;\">\u0160\u00edrka p\u00e1sa - 21-48 cm<\/li>\n<li style=\"text-align: center;\">\u0160\u00edrka v spodnej \u010dasti - 26-56 cm<\/li>\n<\/ul>\n<p style=\"text-align: center;\">Rozmery sa m\u00f4\u017eu mierne l\u00ed\u0161i\u0165 od uveden\u00fdch +\/- 2cm. V\u0161etky uveden\u00e9 rozmery s\u00fa meran\u00e9 plo\u0161ne. <strong>rozmer x2<\/strong><\/p>\n<h3 style=\"text-align: center;\">Charakteristika:<\/h3>\n<p style=\"text-align: center;\">- midi \u0161aty<br \/>\n- retiazkov\u00e9 ramenn\u00e9 popruhy<br \/>\n- univerz\u00e1lny<br \/>\n- V\u00fdstrih do V<br \/>\n-m\u00f3dne<br \/>\n-\u017dena<br \/>\n- osaden\u00e1<br \/>\n- pohodln\u00e9<\/p>\n<p>&nbsp;<\/p>\n<table>\n<tbody>\n<tr>\n<td width=\"302\"><span style=\"font-size: 10pt;\">Meno modela<\/span><\/td>\n<td width=\"302\">Coca \u0161aty s retiazkami<\/td>\n<\/tr>\n<tr>\n<td width=\"302\"><span style=\"font-size: 10pt;\">Farba<\/span><\/td>\n<td width=\"302\">\u010dierna<\/td>\n<\/tr>\n<tr>\n<td width=\"302\"><span style=\"font-size: 10pt;\">M\u00f3da<\/span><\/td>\n<td width=\"302\"><span style=\"font-size: 10pt;\">Zhoda<\/span><\/td>\n<\/tr>\n<tr>\n<td width=\"302\"><span style=\"font-size: 10pt;\">Materi\u00e1l<\/span><\/td>\n<td width=\"302\"><span style=\"font-size: 10pt;\">80 % Akryl 20 % Vl\u00e1kno<\/span><\/td>\n<\/tr>\n<tr>\n<td width=\"302\"><span style=\"font-size: 10pt;\">D\u013a\u017eka<\/span><\/td>\n<td width=\"302\"><span style=\"font-size: 10pt;\">Pred kolenom<\/span><\/td>\n<\/tr>\n<\/tbody>\n<\/table>\n<p>&nbsp;<\/p>\n<p style=\"text-align: center;\"><span style=\"font-size: 10pt;\">\u00a0<\/span><\/p>\n<div class=\"tabs tabs-bb clear mb-80\">\n<div class=\"tab-content\">\n<div id=\"tab-description\" class=\"tab-pane fade in woocommerce-Tabs-panel--description active\">\n<p style=\"text-align: center;\">\u00a0Model m\u00e1\u00a0<strong>169<\/strong>\u00a0cm vysok\u00fd, nos\u00ed ve\u013ekos\u0165 ka\u017ed\u00fd de\u0148\u00a0<strong>S<\/strong><\/p>\n<p style=\"text-align: center;\">\u0160\u00edrka cez prsia 92 cm<\/p>\n<p style=\"text-align: center;\">\u0160\u00edrka v p\u00e1se 62 cm<\/p>\n<p style=\"text-align: center;\">\u0160\u00edrka v bokoch 94 cm<\/p>\n<\/div>\n<\/div>\n<\/div>","protected":false},"excerpt":{"rendered":"<p>Sukienka z \u0141a\u0144cuszkiem Na Rami\u0105czkach Czarna Koki Zjawiskowa sukienka o d\u0142ugo\u015bci mini to MUST HAVE. w tym sezonie. Dzi\u0119ki mocno wyci\u0119temu dekoltowi fason sprawia, \u017ce jest bardzo kobieca. Sukienka na rami\u0105czkach ze z\u0142otego \u0142a\u0144cuszka &#8211; mega sexowna. Poczuj si\u0119 wyj\u0105tkowo. Bardzo mi\u0119kki i rozci\u0105gliwy materia\u0142. Idealna sukienka na codzienne wyj\u015bcia, w podr\u00f3\u017c czy do pracy.<\/p>\n<div class=\"klb-readmore post-buttons\"><a class=\"button black outline size-sm\" href=\"https:\/\/madelinefashion.pl\/sk\/sukienka-z-lancuszkiem-na-ramiaczkach-czarna-koki\/\">\u010c\u00edta\u0165 \u010falej <i class=\"klbth-icon-right-arrow\"><\/i><\/a><\/div>","protected":false},"featured_media":36065,"template":"","meta":[],"product_brand":[],"product_cat":[125,395],"product_tag":[213],"class_list":{"0":"post-20314","1":"product","2":"type-product","3":"status-publish","4":"has-post-thumbnail","6":"product_cat-sukienki","7":"product_cat-nowosci","8":"product_tag-sukienka-czarna","10":"first","11":"instock","12":"purchasable","13":"product-type-simple"},"_links":{"self":[{"href":"https:\/\/madelinefashion.pl\/sk\/wp-json\/wp\/v2\/product\/20314","targetHints":{"allow":["GET"]}}],"collection":[{"href":"https:\/\/madelinefashion.pl\/sk\/wp-json\/wp\/v2\/product"}],"about":[{"href":"https:\/\/madelinefashion.pl\/sk\/wp-json\/wp\/v2\/types\/product"}],"wp:featuredmedia":[{"embeddable":true,"href":"https:\/\/madelinefashion.pl\/sk\/wp-json\/wp\/v2\/media\/36065"}],"wp:attachment":[{"href":"https:\/\/madelinefashion.pl\/sk\/wp-json\/wp\/v2\/media?parent=20314"}],"wp:term":[{"taxonomy":"product_brand","embeddable":true,"href":"https:\/\/madelinefashion.pl\/sk\/wp-json\/wp\/v2\/product_brand?post=20314"},{"taxonomy":"product_cat","embeddable":true,"href":"https:\/\/madelinefashion.pl\/sk\/wp-json\/wp\/v2\/product_cat?post=20314"},{"taxonomy":"product_tag","embeddable":true,"href":"https:\/\/madelinefashion.pl\/sk\/wp-json\/wp\/v2\/product_tag?post=20314"}],"curies":[{"name":"pracovn\u00fd list","href":"https:\/\/api.w.org\/{rel}","templated":true}]}}

Šaty s retiazkami Black Coca

<h3 style="text-align: center;">Šaty s retiazkami Black Coca</h3>
<p style="text-align: center;">Fenomenálne minišaty sú MUST HAVE. v tejto sezóne. <strong>Vďaka výrazne vykrojenému výstrihu pôsobí strih veľmi žensky. Šaty</strong> so zlatými retiazkami - super sexi. cítiť<strong> výnimočne. </strong>Veľmi mäkký a pružný materiál. <strong>Ideálne šaty na každodenné vychádzky, cestovanie alebo do práce. Teplé a priliehavé šaty sa hodia do každého počasia.</strong> Elegantný model sa bude hodiť na každú príležitosť, kde sa chcete cítiť výnimočne. Šaty veľmi jemným spôsobom zdôrazňujú siluetu. Šaty v univerzálnej veľkosti, odporúčame od XS do max L</p>
<p>&nbsp;</p>
<h3 style="text-align: center;">                  Rozmery:</h3>
<ul>
<li style="text-align: center;">    Celková predná dĺžka - 97 cm</li>
<li style="text-align: center;">Šírka od pazuchy po pazuchu - 27-48 cm</li>
<li style="text-align: center;">Šírka pása - 21-48 cm</li>
<li style="text-align: center;">Šírka v spodnej časti - 26-56 cm</li>
</ul>
<p style="text-align: center;">Rozmery sa môžu mierne líšiť od uvedených +/- 2cm. Všetky uvedené rozmery sú merané plošne. <strong>rozmer x2</strong></p>
<h3 style="text-align: center;">Charakteristika:</h3>
<p style="text-align: center;">- midi šaty<br />
- retiazkové ramenné popruhy<br />
- univerzálny<br />
- Výstrih do V<br />
-módne<br />
-Žena<br />
- osadená<br />
- pohodlné</p>
<p>&nbsp;</p>
<table>
<tbody>
<tr>
<td width="302"><span style="font-size: 10pt;">Meno modela</span></td>
<td width="302">Coca šaty s retiazkami</td>
</tr>
<tr>
<td width="302"><span style="font-size: 10pt;">Farba</span></td>
<td width="302">čierna</td>
</tr>
<tr>
<td width="302"><span style="font-size: 10pt;">Móda</span></td>
<td width="302"><span style="font-size: 10pt;">Zhoda</span></td>
</tr>
<tr>
<td width="302"><span style="font-size: 10pt;">Materiál</span></td>
<td width="302"><span style="font-size: 10pt;">80 % Akryl 20 % Vlákno</span></td>
</tr>
<tr>
<td width="302"><span style="font-size: 10pt;">Dĺžka</span></td>
<td width="302"><span style="font-size: 10pt;">Pred kolenom</span></td>
</tr>
</tbody>
</table>
<p>&nbsp;</p>
<p style="text-align: center;"><span style="font-size: 10pt;"> </span></p>
<div class="tabs tabs-bb clear mb-80">
<div class="tab-content">
<div id="tab-description" class="tab-pane fade in woocommerce-Tabs-panel--description active">
<p style="text-align: center;"> Model má <strong>169</strong> cm vysoký, nosí veľkosť každý deň <strong>S</strong></p>
<p style="text-align: center;">Šírka cez prsia 92 cm</p>
<p style="text-align: center;">Šírka v páse 62 cm</p>
<p style="text-align: center;">Šírka v bokoch 94 cm</p>
</div>
</div>
</div>

<p>Sukienka z Łańcuszkiem Na Ramiączkach Czarna Koki Zjawiskowa sukienka o długości mini to MUST HAVE. w tym sezonie. Dzięki mocno wyciętemu dekoltowi fason sprawia, że jest bardzo kobieca. Sukienka na ramiączkach ze złotego łańcuszka &#8211; mega sexowna. Poczuj się wyjątkowo. Bardzo miękki i rozciągliwy materiał. Idealna sukienka na codzienne wyjścia, w podróż czy do pracy.</p>
<div class="klb-readmore post-buttons"><a class="button black outline size-sm" href="https://madelinefashion.pl/sk/sukienka-z-lancuszkiem-na-ramiaczkach-czarna-koki/">Čítať ďalej <i class="klbth-icon-right-arrow"></i></a></div>

pracovný list
