{"id":2077,"date":"2020-05-15T12:31:33","date_gmt":"2020-05-15T12:31:33","guid":{"rendered":"http:\/\/serwer2078743.home.pl\/?post_type=product&#038;p=2077"},"modified":"2026-03-26T12:40:49","modified_gmt":"2026-03-26T11:40:49","slug":"sukienka-vacaldo-midi-bordowa","status":"publish","type":"product","link":"https:\/\/madelinefashion.pl\/sk\/sukienka-vacaldo-midi-bordowa\/","title":{"rendered":"\u0160aty Vacaldo Burgundy Midi"},"content":{"rendered":"<h3 style=\"text-align: center;\">\u0160aty Vacaldo Burgundy Midi<\/h3>\n<p style=\"text-align: center;\"><span style=\"font-size: 10pt;\"><span style=\"font-family: arial, helvetica, sans-serif;\"><span style=\"font-size: 10pt; font-family: arial, helvetica, sans-serif;\"><b>Elegantn\u00e9 midi \u0161aty s tylom <\/b><\/span><span style=\"font-size: 13.3333px;\"><b>v\u00fdstrihu<\/b><\/span><span style=\"font-size: 10pt; font-family: arial, helvetica, sans-serif;\"><b>\u00a0a ruk\u00e1voch, jej v\u00fdhodou je zips na chrbte.<\/b><\/span><\/span><\/span><\/p>\n<p style=\"text-align: center;\"><span style=\"font-family: arial, helvetica, sans-serif; font-size: 10pt;\">* elastick\u00fd materi\u00e1l<\/span><br \/>\n<span style=\"font-family: arial, helvetica, sans-serif; font-size: 10pt;\">* Elastick\u00e9 v p\u00e1se<\/span><\/p>\n<p style=\"text-align: center;\"><span style=\"font-family: arial, helvetica, sans-serif; font-size: 10pt;\">\u0160aty s\u00fa dostupn\u00e9 aj v in\u00fdch farb\u00e1ch - odpor\u00fa\u010dame v\u00e1m zozn\u00e1mi\u0165 sa s na\u0161imi \u010fal\u0161\u00edmi produktmi.\u00a0<\/span><\/p>\n<h3 style=\"text-align: center;\">\u00a0Rozmery:<\/h3>\n<ul style=\"text-align: center;\">\n<li><span style=\"font-family: arial, helvetica, sans-serif; font-size: 10pt;\">\u00a0\u00a0\u00a0\u00a0\u00a0\u00a0\u00a0 celkov\u00e1 d\u013a\u017eka: 89 cm\u00a0<\/span><\/li>\n<li><span style=\"font-family: arial, helvetica, sans-serif; font-size: 10pt;\">\u00a0\u00a0\u00a0\u00a0\u00a0\u00a0\u00a0 \u0161\u00edrka od pazuchy po pazuchu: 40-50 cm<\/span><\/li>\n<li><span style=\"font-family: arial, helvetica, sans-serif; font-size: 10pt;\">\u00a0\u00a0\u00a0\u00a0\u00a0\u00a0\u00a0 d\u013a\u017eka ruk\u00e1va od podpazu\u0161ia: 54 cm<\/span><\/li>\n<li><span style=\"font-family: arial, helvetica, sans-serif; font-size: 10pt;\">\u00a0\u00a0\u00a0\u00a0\u00a0\u00a0\u00a0 d\u013a\u017eka ruk\u00e1va od ramena: 64 cm<\/span><\/li>\n<li><span style=\"font-family: arial, helvetica, sans-serif; font-size: 10pt;\">\u00a0\u00a0\u00a0\u00a0\u00a0\u00a0\u00a0 \u0161\u00edrka p\u00e1sa: 33-42 cm<\/span><\/li>\n<li><span style=\"font-family: arial, helvetica, sans-serif; font-size: 10pt;\">\u00a0\u00a0\u00a0\u00a0\u00a0\u00a0\u00a0 odpor\u00fa\u010dan\u00fd maxim\u00e1lny obvod poprsia: 100 cm<\/span><\/li>\n<\/ul>\n<p style=\"text-align: center;\"><span style=\"font-size: 10pt;\">\u00a0<\/span><\/p>\n<p style=\"text-align: center;\"><span style=\"font-family: arial, helvetica, sans-serif; font-size: 10pt;\">Rozmery sa m\u00f4\u017eu mierne l\u00ed\u0161i\u0165 od uveden\u00fdch +\/- 2cm. V\u0161etky uveden\u00e9 rozmery s\u00fa meran\u00e9 plo\u0161ne.<\/span><\/p>\n<p style=\"text-align: center;\"><span style=\"font-family: arial, helvetica, sans-serif; font-size: 10pt;\"><strong>\u00a0<\/strong>\u00a0<\/span><\/p>\n<p>&nbsp;<\/p>\n<table>\n<tbody>\n<tr>\n<td width=\"302\"><span style=\"font-family: arial, helvetica, sans-serif; font-size: 10pt;\">Meno modela<\/span><\/td>\n<td width=\"302\"><span style=\"font-family: arial, helvetica, sans-serif; font-size: 10pt;\">Vacaldo midi<\/span><\/td>\n<\/tr>\n<tr>\n<td width=\"302\"><span style=\"font-family: arial, helvetica, sans-serif; font-size: 10pt;\">Farba<\/span><\/td>\n<td width=\"302\"><span style=\"font-size: 10pt;\"><span style=\"font-family: arial, helvetica, sans-serif;\">Claret<\/span><\/span><\/td>\n<\/tr>\n<tr>\n<td width=\"302\"><span style=\"font-family: arial, helvetica, sans-serif; font-size: 10pt;\">M\u00f3da<\/span><\/td>\n<td width=\"302\"><span style=\"font-family: arial, helvetica, sans-serif; font-size: 10pt;\">Vzplanul<\/span><\/td>\n<\/tr>\n<tr>\n<td width=\"302\"><span style=\"font-family: arial, helvetica, sans-serif; font-size: 10pt;\">Materi\u00e1l<\/span><\/td>\n<td width=\"302\"><span style=\"font-family: arial, helvetica, sans-serif; font-size: 10pt;\">65 %Polyester 35% visk\u00f3za<\/span><\/p>\n<p><span style=\"font-family: arial, helvetica, sans-serif; font-size: 10pt;\"> Elastan 5%<\/span><\/td>\n<\/tr>\n<tr>\n<td width=\"302\"><span style=\"font-family: arial, helvetica, sans-serif; font-size: 10pt;\">D\u013a\u017eka<\/span><\/td>\n<td width=\"302\"><span style=\"font-family: arial, helvetica, sans-serif; font-size: 10pt;\">Pred kolenom<\/span><\/td>\n<\/tr>\n<\/tbody>\n<\/table>\n<p>&nbsp;<\/p>\n<p style=\"text-align: center;\"><span style=\"font-family: arial, helvetica, sans-serif; font-size: 10pt;\">\u00a0<\/span><\/p>\n<div class=\"tabs tabs-bb clear mb-80\">\n<div class=\"tab-content\">\n<div id=\"tab-description\" class=\"tab-pane fade in woocommerce-Tabs-panel--description active\">\n<p style=\"text-align: center;\">\u00a0Model m\u00e1\u00a0<strong>165<\/strong>\u00a0cm vysok\u00fd, nos\u00ed ve\u013ekos\u0165 ka\u017ed\u00fd de\u0148\u00a0<strong>S<\/strong><\/p>\n<\/div>\n<\/div>\n<\/div>\n<section class=\"up-sells upsells products mb-80\"><\/section>\n<p style=\"text-align: center;\"><span style=\"font-family: arial, helvetica, sans-serif; font-size: 10pt;\">\u00a0<\/span><\/p>\n<div class=\"additional-details\" style=\"text-align: center;\">\n<p style=\"text-align: center;\"><span style=\"font-family: arial, helvetica, sans-serif; font-size: 10pt;\">\u00a0<\/span><\/p>\n<\/div>","protected":false},"excerpt":{"rendered":"<p>Sukienka Midi Vacaldo Bordowa Elegancka sukienka Midi z tiulowym dekoltem\u00a0i r\u0119kawkami , atutem jej jest suwak na plecach . * materia\u0142 elastyczny * gumka w talii Sukienka dost\u0119pna r\u00f3wnie\u017c w innych wariantach kolorystycznych \u2013 zach\u0119camy do zapoznania si\u0119 z naszymi innymi produktami.\u00a0 \u00a0Wymiary: \u00a0\u00a0\u00a0\u00a0\u00a0\u00a0\u00a0 d\u0142ugo\u015b\u0107 ca\u0142kowita: 89 cm\u00a0 \u00a0\u00a0\u00a0\u00a0\u00a0\u00a0\u00a0 szeroko\u015b\u0107 od pachy do pachy: 40-50<\/p>\n<div class=\"klb-readmore post-buttons\"><a class=\"button black outline size-sm\" href=\"https:\/\/madelinefashion.pl\/sk\/sukienka-vacaldo-midi-bordowa\/\">\u010c\u00edta\u0165 \u010falej <i class=\"klbth-icon-right-arrow\"><\/i><\/a><\/div>","protected":false},"featured_media":11472,"template":"","meta":[],"product_brand":[],"product_cat":[125,380],"product_tag":[],"class_list":{"0":"post-2077","1":"product","2":"type-product","3":"status-publish","4":"has-post-thumbnail","6":"product_cat-sukienki","7":"product_cat-wyprzedaz","9":"first","10":"instock","11":"sale","12":"purchasable","13":"product-type-simple"},"_links":{"self":[{"href":"https:\/\/madelinefashion.pl\/sk\/wp-json\/wp\/v2\/product\/2077","targetHints":{"allow":["GET"]}}],"collection":[{"href":"https:\/\/madelinefashion.pl\/sk\/wp-json\/wp\/v2\/product"}],"about":[{"href":"https:\/\/madelinefashion.pl\/sk\/wp-json\/wp\/v2\/types\/product"}],"wp:featuredmedia":[{"embeddable":true,"href":"https:\/\/madelinefashion.pl\/sk\/wp-json\/wp\/v2\/media\/11472"}],"wp:attachment":[{"href":"https:\/\/madelinefashion.pl\/sk\/wp-json\/wp\/v2\/media?parent=2077"}],"wp:term":[{"taxonomy":"product_brand","embeddable":true,"href":"https:\/\/madelinefashion.pl\/sk\/wp-json\/wp\/v2\/product_brand?post=2077"},{"taxonomy":"product_cat","embeddable":true,"href":"https:\/\/madelinefashion.pl\/sk\/wp-json\/wp\/v2\/product_cat?post=2077"},{"taxonomy":"product_tag","embeddable":true,"href":"https:\/\/madelinefashion.pl\/sk\/wp-json\/wp\/v2\/product_tag?post=2077"}],"curies":[{"name":"pracovn\u00fd list","href":"https:\/\/api.w.org\/{rel}","templated":true}]}}

Šaty Vacaldo Burgundy Midi

<h3 style="text-align: center;">Šaty Vacaldo Burgundy Midi</h3>
<p style="text-align: center;"><span style="font-size: 10pt;"><span style="font-family: arial, helvetica, sans-serif;"><span style="font-size: 10pt; font-family: arial, helvetica, sans-serif;"><b>Elegantné midi šaty s tylom </b></span><span style="font-size: 13.3333px;"><b>výstrihu</b></span><span style="font-size: 10pt; font-family: arial, helvetica, sans-serif;"><b> a rukávoch, jej výhodou je zips na chrbte.</b></span></span></span></p>
<p style="text-align: center;"><span style="font-family: arial, helvetica, sans-serif; font-size: 10pt;">* elastický materiál</span><br />
<span style="font-family: arial, helvetica, sans-serif; font-size: 10pt;">* Elastické v páse</span></p>
<p style="text-align: center;"><span style="font-family: arial, helvetica, sans-serif; font-size: 10pt;">Šaty sú dostupné aj v iných farbách - odporúčame vám zoznámiť sa s našimi ďalšími produktmi. </span></p>
<h3 style="text-align: center;"> Rozmery:</h3>
<ul style="text-align: center;">
<li><span style="font-family: arial, helvetica, sans-serif; font-size: 10pt;">        celková dĺžka: 89 cm </span></li>
<li><span style="font-family: arial, helvetica, sans-serif; font-size: 10pt;">        šírka od pazuchy po pazuchu: 40-50 cm</span></li>
<li><span style="font-family: arial, helvetica, sans-serif; font-size: 10pt;">        dĺžka rukáva od podpazušia: 54 cm</span></li>
<li><span style="font-family: arial, helvetica, sans-serif; font-size: 10pt;">        dĺžka rukáva od ramena: 64 cm</span></li>
<li><span style="font-family: arial, helvetica, sans-serif; font-size: 10pt;">        šírka pása: 33-42 cm</span></li>
<li><span style="font-family: arial, helvetica, sans-serif; font-size: 10pt;">        odporúčaný maximálny obvod poprsia: 100 cm</span></li>
</ul>
<p style="text-align: center;"><span style="font-size: 10pt;"> </span></p>
<p style="text-align: center;"><span style="font-family: arial, helvetica, sans-serif; font-size: 10pt;">Rozmery sa môžu mierne líšiť od uvedených +/- 2cm. Všetky uvedené rozmery sú merané plošne.</span></p>
<p style="text-align: center;"><span style="font-family: arial, helvetica, sans-serif; font-size: 10pt;"><strong> </strong> </span></p>
<p>&nbsp;</p>
<table>
<tbody>
<tr>
<td width="302"><span style="font-family: arial, helvetica, sans-serif; font-size: 10pt;">Meno modela</span></td>
<td width="302"><span style="font-family: arial, helvetica, sans-serif; font-size: 10pt;">Vacaldo midi</span></td>
</tr>
<tr>
<td width="302"><span style="font-family: arial, helvetica, sans-serif; font-size: 10pt;">Farba</span></td>
<td width="302"><span style="font-size: 10pt;"><span style="font-family: arial, helvetica, sans-serif;">Claret</span></span></td>
</tr>
<tr>
<td width="302"><span style="font-family: arial, helvetica, sans-serif; font-size: 10pt;">Móda</span></td>
<td width="302"><span style="font-family: arial, helvetica, sans-serif; font-size: 10pt;">Vzplanul</span></td>
</tr>
<tr>
<td width="302"><span style="font-family: arial, helvetica, sans-serif; font-size: 10pt;">Materiál</span></td>
<td width="302"><span style="font-family: arial, helvetica, sans-serif; font-size: 10pt;">65 %Polyester 35% viskóza</span></p>
<p><span style="font-family: arial, helvetica, sans-serif; font-size: 10pt;"> Elastan 5%</span></td>
</tr>
<tr>
<td width="302"><span style="font-family: arial, helvetica, sans-serif; font-size: 10pt;">Dĺžka</span></td>
<td width="302"><span style="font-family: arial, helvetica, sans-serif; font-size: 10pt;">Pred kolenom</span></td>
</tr>
</tbody>
</table>
<p>&nbsp;</p>
<p style="text-align: center;"><span style="font-family: arial, helvetica, sans-serif; font-size: 10pt;"> </span></p>
<div class="tabs tabs-bb clear mb-80">
<div class="tab-content">
<div id="tab-description" class="tab-pane fade in woocommerce-Tabs-panel--description active">
<p style="text-align: center;"> Model má <strong>165</strong> cm vysoký, nosí veľkosť každý deň <strong>S</strong></p>
</div>
</div>
</div>
<section class="up-sells upsells products mb-80"></section>
<p style="text-align: center;"><span style="font-family: arial, helvetica, sans-serif; font-size: 10pt;"> </span></p>
<div class="additional-details" style="text-align: center;">
<p style="text-align: center;"><span style="font-family: arial, helvetica, sans-serif; font-size: 10pt;"> </span></p>
</div>

<p>Sukienka Midi Vacaldo Bordowa Elegancka sukienka Midi z tiulowym dekoltem i rękawkami , atutem jej jest suwak na plecach . * materiał elastyczny * gumka w talii Sukienka dostępna również w innych wariantach kolorystycznych – zachęcamy do zapoznania się z naszymi innymi produktami.   Wymiary:         długość całkowita: 89 cm          szerokość od pachy do pachy: 40-50</p>
<div class="klb-readmore post-buttons"><a class="button black outline size-sm" href="https://madelinefashion.pl/sk/sukienka-vacaldo-midi-bordowa/">Čítať ďalej <i class="klbth-icon-right-arrow"></i></a></div>

pracovný list
