{"id":21688,"date":"2021-10-21T21:18:37","date_gmt":"2021-10-21T19:18:37","guid":{"rendered":"https:\/\/madelinefashion.pl\/?post_type=product&#038;p=21688"},"modified":"2026-03-26T12:40:29","modified_gmt":"2026-03-26T11:40:29","slug":"kurtka-jeansowa-z-futerkiem-i-kapturem-jeans-czarny","status":"publish","type":"product","link":"https:\/\/madelinefashion.pl\/sk\/kurtka-jeansowa-z-futerkiem-i-kapturem-jeans-czarny\/","title":{"rendered":"D\u017e\u00ednsov\u00e1 bunda s ko\u017eu\u0161inovou kapuc\u0148ou Jeans \u010dierna + ru\u017eov\u00e1"},"content":{"rendered":"<h3 style=\"text-align: center;\">D\u017e\u00ednsov\u00e1 bunda s ko\u017eu\u0161inovou kapuc\u0148ou Jeans \u010dierna + ru\u017eov\u00e1<\/h3>\n<p style=\"text-align: center;\"><strong>D\u017e\u00ednsov\u00e1 bunda s ko\u017eu\u0161inkou<\/strong> nadrozmern\u00e9<strong> izolovan\u00e9 <\/strong>vn\u00fatri <strong>srs\u0165.<\/strong> Je to ist\u00e9<strong> musie\u0165 ma\u0165 <\/strong>v \u0161\u00e9fovi<strong> ka\u017ed\u00e1 \u017eena <\/strong>ktor\u00fd sleduje najnov\u0161ie m\u00f3dne trendy! D\u00e1mske <strong>oversized d\u017e\u00ednsov\u00e1 bunda s kapuc\u0148ou <\/strong>s klasick\u00fdm strihom je zateplen\u00e1<strong> pr\u00edjemn\u00e1 na dotyk ko\u017eu\u0161ina.<\/strong> Zap\u00ednanie na zips a patentky. M\u00f3dna bunda m\u00e1 dve ve\u013ek\u00e9 predn\u00e9 vreck\u00e1. Pohodln\u00e9, \u0161t\u00fdlov\u00e9 a z\u00e1rove\u0148 ve\u013emi tepl\u00e9 <strong>d\u017e\u00ednsov\u00fd bomber<\/strong> je perfektn\u00fd n\u00e1vrh<strong> chladnej\u0161ie dni. <\/strong>Vyroben\u00e9 z najkvalitnej\u0161ieho materi\u00e1lu.<strong> Odn\u00edmate\u013en\u00e1 ko\u017eu\u0161ina <\/strong>od goliera, ruk\u00e1vov a stredu <strong>\u2013 Model, ktor\u00fd v\u00e1m bude sl\u00fa\u017ei\u0165 po cel\u00fd rok!!<br \/>\n<\/strong>\u00a0Vyzerajte m\u00f3dne a \u0161t\u00fdlovo ka\u017ed\u00fd de\u0148! D\u00e1 sa pou\u017ei\u0165 v akomko\u013evek \u0161t\u00fdle, ako s klasick\u00fdmi d\u017e\u00ednsami, tak aj s bielym tri\u010dkom na ka\u017edodenn\u00e9 vych\u00e1dzky. V\u0161etky<strong> chlpat\u00fd<\/strong> prvky s\u00fa <strong>odn\u00edmate\u013en\u00e9<\/strong> aby sme to mohli pou\u017ei\u0165 <strong>pou\u017e\u00edva\u0165 po cel\u00fd rok<\/strong>. Je to ist\u00e9 <strong>musie\u0165 ma\u0165<\/strong> v ka\u017edom \u0161atn\u00edku! Dlh\u00fd ruk\u00e1v na konci zdoben\u00fd ko\u017eu\u0161inkou. V\u010faka vhodne zvolen\u00fdm doplnkom \u013eahko vytvor\u00edte jedine\u010dn\u00e9 \u0161tyliz\u00e1cie na spolo\u010densk\u00e9 udalosti \u010di oslavy. Vyst\u00fapte z davu s na\u0161imi <strong>Rif\u013eov\u00e1 bunda<\/strong>. Bunda m\u00e1 spodok<strong> jamka, <\/strong>aby to bolo dokonal\u00e9 <strong>upravte si ho na svoju postavu. <\/strong>Bunda je dostupn\u00e1 vo viacer\u00fdch farebn\u00fdch variantoch ve\u013ekost\u00ed<strong> XS SML XL . Ak sa neviete rozhodn\u00fa\u0165, ktor\u00e1 farba, ve\u013ekos\u0165 je pre v\u00e1s najlep\u0161ia, kontaktujte n\u00e1s prostredn\u00edctvom\u00a0<a href=\"https:\/\/www.facebook.com\/madelinefashionbutik\/\" target=\"_blank\" rel=\"noopener\">Facebook<\/a>\u00a0alebo\u00a0<a href=\"https:\/\/madelinefashion.pl\/sk\/kontakt\/\">telef\u00f3n<\/a>. \u00da\u017easn\u00e1 kvalita za najlep\u0161iu cenu!<br \/>\n<\/strong><\/p>\n<h3 style=\"text-align: center;\">Rozmery:<\/h3>\n<p style=\"text-align: center;\"><strong>XS<\/strong><\/p>\n<p style=\"text-align: center;\">Celkov\u00e1 predn\u00e1 d\u013a\u017eka: 50 cm<br \/>\nCelkov\u00e1 d\u013a\u017eka chrbta: 56 cm<br \/>\n\u0160\u00edrka od pazuchy po pazuchu: 68 cm x2<br \/>\n\u0160\u00edrka v spodnej \u010dasti: 61 cm x 2<br \/>\nD\u013a\u017eka ruk\u00e1va od ramena: 51 cm<br \/>\nD\u013a\u017eka ruk\u00e1va od podpazu\u0161ia: 38 cm<\/p>\n<p style=\"text-align: center;\"><strong>S<br \/>\n<\/strong>Celkov\u00e1 predn\u00e1 d\u013a\u017eka: 52 cm<br \/>\nCelkov\u00e1 d\u013a\u017eka chrbta: 59 cm<br \/>\n\u0160\u00edrka od pazuchy po pazuchu: 70 cm x 2<br \/>\n\u0160\u00edrka v spodnej \u010dasti: 63 cm x 2<br \/>\nD\u013a\u017eka ruk\u00e1va od ramena: 51 cm<br \/>\nD\u013a\u017eka ruk\u00e1va od podpazu\u0161ia: 38 cm<\/p>\n<p style=\"text-align: center;\"><strong>m<br \/>\n<\/strong>Celkov\u00e1 predn\u00e1 d\u013a\u017eka: 54 cm<br \/>\nCelkov\u00e1 d\u013a\u017eka chrbta: 63 cm<br \/>\n\u0160\u00edrka od pazuchy po pazuchu: 71 cm x2<br \/>\n\u0160\u00edrka v spodnej \u010dasti: 65 cm x 2<br \/>\nD\u013a\u017eka ruk\u00e1va od ramena: 52 cm<br \/>\nD\u013a\u017eka ruk\u00e1va od podpazu\u0161ia: 39 cm<br \/>\n<strong><br \/>\nL<\/strong><br \/>\nCelkov\u00e1 predn\u00e1 d\u013a\u017eka: 55 cm<br \/>\nCelkov\u00e1 d\u013a\u017eka chrbta: 65 cm<br \/>\n\u0160\u00edrka od pazuchy po pazuchu: 72 cm x2<br \/>\n\u0160\u00edrka v spodnej \u010dasti: 67 cm x 2<br \/>\nD\u013a\u017eka ruk\u00e1va od ramena: 54 cm<br \/>\nD\u013a\u017eka ruk\u00e1va od podpazu\u0161ia: 41 cm<br \/>\n<strong><br \/>\nXL<\/strong><br \/>\nCelkov\u00e1 predn\u00e1 d\u013a\u017eka: 57 cm<br \/>\nCelkov\u00e1 d\u013a\u017eka chrbta: 67 cm<br \/>\n\u0160\u00edrka od pazuchy po pazuchu: 74 cm x2<br \/>\n\u0160\u00edrka v spodnej \u010dasti: 69 cm x 2<br \/>\nD\u013a\u017eka ruk\u00e1va od ramena: 55 cm<br \/>\nD\u013a\u017eka ruk\u00e1va od podpazu\u0161ia: 42 cm<\/p>\n<p style=\"text-align: center;\">Rozmery sa m\u00f4\u017eu mierne l\u00ed\u0161i\u0165 od uveden\u00fdch +\/- 2cm. V\u0161etky uveden\u00e9 rozmery s\u00fa meran\u00e9 plo\u0161ne.<\/p>\n<p style=\"text-align: center;\"><strong>Dokonale sa prisp\u00f4sob\u00ed ka\u017edej postave<\/strong><\/p>\n<table class=\"table\" style=\"height: 241px;\" width=\"584\">\n<tbody>\n<tr>\n<td width=\"302\">Meno modela<\/td>\n<td width=\"302\">D\u017e\u00ednsov\u00e1 bunda s ko\u017eu\u0161inou a D\u017e\u00ednsy s kapuc\u0148ou<\/td>\n<\/tr>\n<tr>\n<td width=\"302\">Farba<\/td>\n<td width=\"302\">D\u017e\u00ednsy \u010dierna + ru\u017eov\u00e1<\/td>\n<\/tr>\n<tr>\n<td width=\"302\">Zbierka<\/td>\n<td width=\"302\">\u00a0JAR\/JESE\u0147\/ZIMA<\/td>\n<\/tr>\n<tr>\n<td width=\"302\">Ve\u013ekos\u0165<\/td>\n<td width=\"302\">XS SML XL<\/td>\n<\/tr>\n<tr>\n<td width=\"302\">M\u00f3da<\/td>\n<td width=\"302\">nadrozmern\u00e9<\/td>\n<\/tr>\n<tr>\n<td width=\"302\">Hood<\/td>\n<td width=\"302\">\u00c1no<\/td>\n<\/tr>\n<tr>\n<td width=\"302\">Otep\u013eovanie<\/td>\n<td width=\"302\">\u00c1no, ko\u017eu\u0161ina<\/td>\n<\/tr>\n<tr>\n<td width=\"302\">Materi\u00e1l<\/td>\n<td width=\"302\">Polyester 100%<\/td>\n<\/tr>\n<\/tbody>\n<\/table>\n<div class=\"tabs tabs-bb clear mb-80\">\n<div class=\"tab-content\">\n<div id=\"tab-description\" class=\"tab-pane fade in woocommerce-Tabs-panel--description active\">\n<div class=\"tabs tabs-bb clear mb-80\">\n<div class=\"tab-content\">\n<div id=\"tab-description\" class=\"tab-pane fade in woocommerce-Tabs-panel--description active\">\n<div class=\"tabs tabs-bb clear mb-80\">\n<div class=\"tab-content\">\n<div id=\"tab-description\" class=\"tab-pane fade in woocommerce-Tabs-panel--description active\">\n<p style=\"text-align: center;\">\u00a0Model m\u00e1\u00a0<strong>165<\/strong>\u00a0cm vysok\u00fd, nos\u00ed ve\u013ekos\u0165 ka\u017ed\u00fd de\u0148\u00a0<strong>S<\/strong><\/p>\n<\/div>\n<\/div>\n<\/div>\n<\/div>\n<\/div>\n<\/div>\n<\/div>\n<\/div>\n<\/div>\n<p style=\"text-align: center;\">","protected":false},"excerpt":{"rendered":"<p>Kurtka Jeansowa z Futerkiem i Kapturem Jeans Czarny + R\u00f3\u017cowy Kurtka Jeansowa z Futerkiem oversize ocieplana w \u015brodku futerkiem. Jest to zdecydowany must have w szefie ka\u017cdej kobiety, kt\u00f3ra pod\u0105\u017ca za najnowszymi trendami modowymi! Damska kurtka jeansowa oversize z kapturem o klasycznym kroju ocieplana jest przyjemnym w dotyku futerkiem. Zapinana na zamek i napy. Modna<\/p>\n<div class=\"klb-readmore post-buttons\"><a class=\"button black outline size-sm\" href=\"https:\/\/madelinefashion.pl\/sk\/kurtka-jeansowa-z-futerkiem-i-kapturem-jeans-czarny\/\">\u010c\u00edta\u0165 \u010falej <i class=\"klbth-icon-right-arrow\"><\/i><\/a><\/div>","protected":false},"featured_media":21609,"template":"","meta":[],"product_brand":[],"product_cat":[117,380],"product_tag":[240,507],"class_list":{"0":"post-21688","1":"product","2":"type-product","3":"status-publish","4":"has-post-thumbnail","6":"product_cat-kurtki","7":"product_cat-wyprzedaz","8":"product_tag-jeans","9":"product_tag-kurtka-jeansowa","10":"pa_rozmiar-m","11":"pa_rozmiar-l","12":"pa_rozmiar-xl","13":"pa_rozmiar-xs","14":"pa_rozmiar-s","16":"first","17":"outofstock","18":"product-type-variable"},"_links":{"self":[{"href":"https:\/\/madelinefashion.pl\/sk\/wp-json\/wp\/v2\/product\/21688","targetHints":{"allow":["GET"]}}],"collection":[{"href":"https:\/\/madelinefashion.pl\/sk\/wp-json\/wp\/v2\/product"}],"about":[{"href":"https:\/\/madelinefashion.pl\/sk\/wp-json\/wp\/v2\/types\/product"}],"wp:featuredmedia":[{"embeddable":true,"href":"https:\/\/madelinefashion.pl\/sk\/wp-json\/wp\/v2\/media\/21609"}],"wp:attachment":[{"href":"https:\/\/madelinefashion.pl\/sk\/wp-json\/wp\/v2\/media?parent=21688"}],"wp:term":[{"taxonomy":"product_brand","embeddable":true,"href":"https:\/\/madelinefashion.pl\/sk\/wp-json\/wp\/v2\/product_brand?post=21688"},{"taxonomy":"product_cat","embeddable":true,"href":"https:\/\/madelinefashion.pl\/sk\/wp-json\/wp\/v2\/product_cat?post=21688"},{"taxonomy":"product_tag","embeddable":true,"href":"https:\/\/madelinefashion.pl\/sk\/wp-json\/wp\/v2\/product_tag?post=21688"}],"curies":[{"name":"pracovn\u00fd list","href":"https:\/\/api.w.org\/{rel}","templated":true}]}}

Džínsová bunda s kožušinovou kapucňou Jeans čierna + ružová

<h3 style="text-align: center;">Džínsová bunda s kožušinovou kapucňou Jeans čierna + ružová</h3>
<p style="text-align: center;"><strong>Džínsová bunda s kožušinkou</strong> nadrozmerné<strong> izolované </strong>vnútri <strong>srsť.</strong> Je to isté<strong> musieť mať </strong>v šéfovi<strong> každá žena </strong>ktorý sleduje najnovšie módne trendy! Dámske <strong>oversized džínsová bunda s kapucňou </strong>s klasickým strihom je zateplená<strong> príjemná na dotyk kožušina.</strong> Zapínanie na zips a patentky. Módna bunda má dve veľké predné vrecká. Pohodlné, štýlové a zároveň veľmi teplé <strong>džínsový bomber</strong> je perfektný návrh<strong> chladnejšie dni. </strong>Vyrobené z najkvalitnejšieho materiálu.<strong> Odnímateľná kožušina </strong>od goliera, rukávov a stredu <strong>– Model, ktorý vám bude slúžiť po celý rok!!<br />
</strong> Vyzerajte módne a štýlovo každý deň! Dá sa použiť v akomkoľvek štýle, ako s klasickými džínsami, tak aj s bielym tričkom na každodenné vychádzky. Všetky<strong> chlpatý</strong> prvky sú <strong>odnímateľné</strong> aby sme to mohli použiť <strong>používať po celý rok</strong>. Je to isté <strong>musieť mať</strong> v každom šatníku! Dlhý rukáv na konci zdobený kožušinkou. Vďaka vhodne zvoleným doplnkom ľahko vytvoríte jedinečné štylizácie na spoločenské udalosti či oslavy. Vystúpte z davu s našimi <strong>Rifľová bunda</strong>. Bunda má spodok<strong> jamka, </strong>aby to bolo dokonalé <strong>upravte si ho na svoju postavu. </strong>Bunda je dostupná vo viacerých farebných variantoch veľkostí<strong> XS SML XL . Ak sa neviete rozhodnúť, ktorá farba, veľkosť je pre vás najlepšia, kontaktujte nás prostredníctvom <a href="https://www.facebook.com/madelinefashionbutik/" target="_blank" rel="noopener">Facebook</a> alebo <a href="https://madelinefashion.pl/sk/kontakt/">telefón</a>. Úžasná kvalita za najlepšiu cenu!<br />
</strong></p>
<h3 style="text-align: center;">Rozmery:</h3>
<p style="text-align: center;"><strong>XS</strong></p>
<p style="text-align: center;">Celková predná dĺžka: 50 cm<br />
Celková dĺžka chrbta: 56 cm<br />
Šírka od pazuchy po pazuchu: 68 cm x2<br />
Šírka v spodnej časti: 61 cm x 2<br />
Dĺžka rukáva od ramena: 51 cm<br />
Dĺžka rukáva od podpazušia: 38 cm</p>
<p style="text-align: center;"><strong>S<br />
</strong>Celková predná dĺžka: 52 cm<br />
Celková dĺžka chrbta: 59 cm<br />
Šírka od pazuchy po pazuchu: 70 cm x 2<br />
Šírka v spodnej časti: 63 cm x 2<br />
Dĺžka rukáva od ramena: 51 cm<br />
Dĺžka rukáva od podpazušia: 38 cm</p>
<p style="text-align: center;"><strong>m<br />
</strong>Celková predná dĺžka: 54 cm<br />
Celková dĺžka chrbta: 63 cm<br />
Šírka od pazuchy po pazuchu: 71 cm x2<br />
Šírka v spodnej časti: 65 cm x 2<br />
Dĺžka rukáva od ramena: 52 cm<br />
Dĺžka rukáva od podpazušia: 39 cm<br />
<strong><br />
L</strong><br />
Celková predná dĺžka: 55 cm<br />
Celková dĺžka chrbta: 65 cm<br />
Šírka od pazuchy po pazuchu: 72 cm x2<br />
Šírka v spodnej časti: 67 cm x 2<br />
Dĺžka rukáva od ramena: 54 cm<br />
Dĺžka rukáva od podpazušia: 41 cm<br />
<strong><br />
XL</strong><br />
Celková predná dĺžka: 57 cm<br />
Celková dĺžka chrbta: 67 cm<br />
Šírka od pazuchy po pazuchu: 74 cm x2<br />
Šírka v spodnej časti: 69 cm x 2<br />
Dĺžka rukáva od ramena: 55 cm<br />
Dĺžka rukáva od podpazušia: 42 cm</p>
<p style="text-align: center;">Rozmery sa môžu mierne líšiť od uvedených +/- 2cm. Všetky uvedené rozmery sú merané plošne.</p>
<p style="text-align: center;"><strong>Dokonale sa prispôsobí každej postave</strong></p>
<table class="table" style="height: 241px;" width="584">
<tbody>
<tr>
<td width="302">Meno modela</td>
<td width="302">Džínsová bunda s kožušinou a Džínsy s kapucňou</td>
</tr>
<tr>
<td width="302">Farba</td>
<td width="302">Džínsy čierna + ružová</td>
</tr>
<tr>
<td width="302">Zbierka</td>
<td width="302"> JAR/JESEŇ/ZIMA</td>
</tr>
<tr>
<td width="302">Veľkosť</td>
<td width="302">XS SML XL</td>
</tr>
<tr>
<td width="302">Móda</td>
<td width="302">nadrozmerné</td>
</tr>
<tr>
<td width="302">Hood</td>
<td width="302">Áno</td>
</tr>
<tr>
<td width="302">Otepľovanie</td>
<td width="302">Áno, kožušina</td>
</tr>
<tr>
<td width="302">Materiál</td>
<td width="302">Polyester 100%</td>
</tr>
</tbody>
</table>
<div class="tabs tabs-bb clear mb-80">
<div class="tab-content">
<div id="tab-description" class="tab-pane fade in woocommerce-Tabs-panel--description active">
<div class="tabs tabs-bb clear mb-80">
<div class="tab-content">
<div id="tab-description" class="tab-pane fade in woocommerce-Tabs-panel--description active">
<div class="tabs tabs-bb clear mb-80">
<div class="tab-content">
<div id="tab-description" class="tab-pane fade in woocommerce-Tabs-panel--description active">
<p style="text-align: center;"> Model má <strong>165</strong> cm vysoký, nosí veľkosť každý deň <strong>S</strong></p>
</div>
</div>
</div>
</div>
</div>
</div>
</div>
</div>
</div>
<p style="text-align: center;">

<p>Kurtka Jeansowa z Futerkiem i Kapturem Jeans Czarny + Różowy Kurtka Jeansowa z Futerkiem oversize ocieplana w środku futerkiem. Jest to zdecydowany must have w szefie każdej kobiety, która podąża za najnowszymi trendami modowymi! Damska kurtka jeansowa oversize z kapturem o klasycznym kroju ocieplana jest przyjemnym w dotyku futerkiem. Zapinana na zamek i napy. Modna</p>
<div class="klb-readmore post-buttons"><a class="button black outline size-sm" href="https://madelinefashion.pl/sk/kurtka-jeansowa-z-futerkiem-i-kapturem-jeans-czarny/">Čítať ďalej <i class="klbth-icon-right-arrow"></i></a></div>

pracovný list
