{"id":22577,"date":"2021-11-01T18:23:46","date_gmt":"2021-11-01T17:23:46","guid":{"rendered":"https:\/\/madelinefashion.pl\/?post_type=product&#038;p=22577"},"modified":"2026-03-01T12:58:43","modified_gmt":"2026-03-01T11:58:43","slug":"komplet-czapka-komin-alpaka-czarny","status":"publish","type":"product","link":"https:\/\/madelinefashion.pl\/sk\/komplet-czapka-komin-alpaka-czarny\/","title":{"rendered":"\u010ciapka alpaka + s\u00faprava kom\u00edna \u010dierna"},"content":{"rendered":"<h3 style=\"text-align: center;\">\u010ciapka alpaka + s\u00faprava kom\u00edna \u010dierna<\/h3>\n<p style=\"text-align: center;\"><b>Set Klob\u00fak + Kom\u00edn Alpaka PO\u013dSK\u00c1 V\u00ddROBA !! <\/b>M\u00f3da na sez\u00f3nu jese\u0148-zima vyroben\u00e1 z pr\u00edjemn\u00e9ho a na dotyk pr\u00edjemnej\u0161ieho\u00a0<b>ALPACA<\/b>. Klasick\u00fd jednotn\u00fd strih, ktor\u00fd sa hod\u00ed k v\u00e4\u010d\u0161ine \u0161t\u00fdlov.\u00a0<b>Elegantn\u00e9 a \u017eensk\u00e9. <\/b>Zimn\u00fd set vyroben\u00fd z l\u00e1tky imituj\u00facej ko\u017eu\u0161inu alpaky. S\u00faprava obsahuje \u0161mrncovn\u00fd klob\u00fak a vysok\u00fd kom\u00edn.<\/p>\n<form id=\"projector_form\" class=\"projector_details disable\" action=\"https:\/\/www.sklep.kochamczapki.pl\/pl\/basketchange.html\" method=\"post\" data-product_id=\"9107\" data-type=\"product_item\">\n<div class=\"projector_details__wrapper\">\n<div id=\"projector_prices_wrapper\" class=\"projector_details__prices projector_prices\"><\/div>\n<\/div>\n<\/form>\n<p style=\"text-align: center;\"><b>Klob\u00fak:<\/b><\/p>\n<ul>\n<li style=\"text-align: center;\">dvojit\u00fd materi\u00e1l,<\/li>\n<li style=\"text-align: center;\">pohodln\u00e9, netla\u010d\u00ed na hlavu,<\/li>\n<li style=\"text-align: center;\">d\u013a\u017eka \u010diapky 22 cm<\/li>\n<li style=\"text-align: center;\">univerz\u00e1lny obvod 46-60 cm<\/li>\n<li style=\"text-align: center;\">ve\u013ea farebn\u00fdch variantov<\/li>\n<\/ul>\n<p>&nbsp;<\/p>\n<p>&nbsp;<\/p>\n<table width=\"611\">\n<tbody>\n<tr>\n<td width=\"302\">Model<\/td>\n<td width=\"302\">S\u00faprava klob\u00faka alpaky + kom\u00edn<\/td>\n<\/tr>\n<tr>\n<td width=\"302\">Farba<\/td>\n<td width=\"302\">\u010dierna<\/td>\n<\/tr>\n<tr>\n<td width=\"302\">Zbierka<\/td>\n<td width=\"302\">jar\/jese\u0148\/zima<\/td>\n<\/tr>\n<tr>\n<td width=\"302\">ve\u013ekosti<\/td>\n<td width=\"302\">Univerz\u00e1lny<\/td>\n<\/tr>\n<tr>\n<td width=\"302\">Kom\u00edn<\/td>\n<td width=\"302\">\u00c1no<\/td>\n<\/tr>\n<tr>\n<td width=\"302\">izolovan\u00e9<\/td>\n<td width=\"302\">Alpaka<\/td>\n<\/tr>\n<tr>\n<td width=\"302\">Materi\u00e1l<\/td>\n<td width=\"302\">100% akryl<\/td>\n<\/tr>\n<\/tbody>\n<\/table>\n<p style=\"text-align: center;\">","protected":false},"excerpt":{"rendered":"<p>Komplet Czapka + Komin Alpaka Czarny Komplet Czapka + Komin Alpaka POLSKIEJ PRODUKCJI !! Fason na sezon jesienno-zimowy wykonany z mi\u0142ej i przyjemniej w dotyku\u00a0ALPAKI. Klasyczny, jednolity fason, kt\u00f3ry b\u0119dzie pasowa\u0142 do wi\u0119kszo\u015bci stylizacji.\u00a0Elegancki i kobiecy. Komplet zimowy wykonany\u00a0 z tkaniny imituj\u0105cej futerko alpaki. W sk\u0142ad kompletu wchodzi czapka smerfetka i wysoki komin. Czapka: podw\u00f3jny<\/p>\n<div class=\"klb-readmore post-buttons\"><a class=\"button black outline size-sm\" href=\"https:\/\/madelinefashion.pl\/sk\/komplet-czapka-komin-alpaka-czarny\/\">\u010c\u00edta\u0165 \u010falej <i class=\"klbth-icon-right-arrow\"><\/i><\/a><\/div>","protected":false},"featured_media":62246,"template":"","meta":[],"product_brand":[],"product_cat":[115,395],"product_tag":[],"class_list":{"0":"post-22577","1":"product","2":"type-product","3":"status-publish","4":"has-post-thumbnail","6":"product_cat-czapki","7":"product_cat-nowosci","9":"first","10":"instock","11":"sale","12":"purchasable","13":"product-type-simple"},"_links":{"self":[{"href":"https:\/\/madelinefashion.pl\/sk\/wp-json\/wp\/v2\/product\/22577","targetHints":{"allow":["GET"]}}],"collection":[{"href":"https:\/\/madelinefashion.pl\/sk\/wp-json\/wp\/v2\/product"}],"about":[{"href":"https:\/\/madelinefashion.pl\/sk\/wp-json\/wp\/v2\/types\/product"}],"wp:featuredmedia":[{"embeddable":true,"href":"https:\/\/madelinefashion.pl\/sk\/wp-json\/wp\/v2\/media\/62246"}],"wp:attachment":[{"href":"https:\/\/madelinefashion.pl\/sk\/wp-json\/wp\/v2\/media?parent=22577"}],"wp:term":[{"taxonomy":"product_brand","embeddable":true,"href":"https:\/\/madelinefashion.pl\/sk\/wp-json\/wp\/v2\/product_brand?post=22577"},{"taxonomy":"product_cat","embeddable":true,"href":"https:\/\/madelinefashion.pl\/sk\/wp-json\/wp\/v2\/product_cat?post=22577"},{"taxonomy":"product_tag","embeddable":true,"href":"https:\/\/madelinefashion.pl\/sk\/wp-json\/wp\/v2\/product_tag?post=22577"}],"curies":[{"name":"pracovn\u00fd list","href":"https:\/\/api.w.org\/{rel}","templated":true}]}}

Čiapka alpaka + súprava komína čierna

<h3 style="text-align: center;">Čiapka alpaka + súprava komína čierna</h3>
<p style="text-align: center;"><b>Set Klobúk + Komín Alpaka POĽSKÁ VÝROBA !! </b>Móda na sezónu jeseň-zima vyrobená z príjemného a na dotyk príjemnejšieho <b>ALPACA</b>. Klasický jednotný strih, ktorý sa hodí k väčšine štýlov. <b>Elegantné a ženské. </b>Zimný set vyrobený z látky imitujúcej kožušinu alpaky. Súprava obsahuje šmrncovný klobúk a vysoký komín.</p>
<form id="projector_form" class="projector_details disable" action="https://www.sklep.kochamczapki.pl/pl/basketchange.html" method="post" data-product_id="9107" data-type="product_item">
<div class="projector_details__wrapper">
<div id="projector_prices_wrapper" class="projector_details__prices projector_prices"></div>
</div>
</form>
<p style="text-align: center;"><b>Klobúk:</b></p>
<ul>
<li style="text-align: center;">dvojitý materiál,</li>
<li style="text-align: center;">pohodlné, netlačí na hlavu,</li>
<li style="text-align: center;">dĺžka čiapky 22 cm</li>
<li style="text-align: center;">univerzálny obvod 46-60 cm</li>
<li style="text-align: center;">veľa farebných variantov</li>
</ul>
<p>&nbsp;</p>
<p>&nbsp;</p>
<table width="611">
<tbody>
<tr>
<td width="302">Model</td>
<td width="302">Súprava klobúka alpaky + komín</td>
</tr>
<tr>
<td width="302">Farba</td>
<td width="302">čierna</td>
</tr>
<tr>
<td width="302">Zbierka</td>
<td width="302">jar/jeseň/zima</td>
</tr>
<tr>
<td width="302">veľkosti</td>
<td width="302">Univerzálny</td>
</tr>
<tr>
<td width="302">Komín</td>
<td width="302">Áno</td>
</tr>
<tr>
<td width="302">izolované</td>
<td width="302">Alpaka</td>
</tr>
<tr>
<td width="302">Materiál</td>
<td width="302">100% akryl</td>
</tr>
</tbody>
</table>
<p style="text-align: center;">

<p>Komplet Czapka + Komin Alpaka Czarny Komplet Czapka + Komin Alpaka POLSKIEJ PRODUKCJI !! Fason na sezon jesienno-zimowy wykonany z miłej i przyjemniej w dotyku ALPAKI. Klasyczny, jednolity fason, który będzie pasował do większości stylizacji. Elegancki i kobiecy. Komplet zimowy wykonany  z tkaniny imitującej futerko alpaki. W skład kompletu wchodzi czapka smerfetka i wysoki komin. Czapka: podwójny</p>
<div class="klb-readmore post-buttons"><a class="button black outline size-sm" href="https://madelinefashion.pl/sk/komplet-czapka-komin-alpaka-czarny/">Čítať ďalej <i class="klbth-icon-right-arrow"></i></a></div>

pracovný list
