{"id":22854,"date":"2021-11-02T19:20:12","date_gmt":"2021-11-02T18:20:12","guid":{"rendered":"https:\/\/madelinefashion.pl\/?post_type=product&#038;p=22854"},"modified":"2026-02-20T14:58:16","modified_gmt":"2026-02-20T13:58:16","slug":"sweterek-z-koronkowymi-rekawami-pudrowy-roz-nostella","status":"publish","type":"product","link":"https:\/\/madelinefashion.pl\/sk\/sweterek-z-koronkowymi-rekawami-pudrowy-roz-nostella\/","title":{"rendered":"Sweterek z Koronkowymi R\u0119kawami Pudrowy R\u00f3\u017c Nostella"},"content":{"rendered":"<h3 style=\"text-align: center;\">Sweterek z Koronkowymi R\u0119kawami Pudrowy R\u00f3\u017c Nostella<\/h3>\n<p style=\"text-align: center;\"><strong>Sweterek z Koronkowymi R\u0119kawami Pudrowy\u00a0 r\u00f3\u017c Nostella <\/strong>toto<strong> MUSIE\u0164 MA\u0164 <\/strong>w tym sezonie. Fason wyr\u00f3\u017cnia si\u0119<strong> koronkowymi wstawkami na r\u0119kawach oraz u g\u00f3ry sweterka. <\/strong>Gipiura nadaj\u0105 mu delikatno\u015bci i sprawiaj\u0105, \u017ce prezentuje si\u0119 bardzo kobieco. Nasz model to idealny wyb\u00f3r do codziennych, a nawet eleganckich stylizacji. <strong>Pi\u0119kny, milutki w dotyku sweterek ala alpaka. <\/strong>Uroku dodaje <strong>koronka na r\u0119kawach\u00a0<\/strong>zako\u0144czonych<strong> \u015bci\u0105gaczem. <\/strong><strong>Prosty kr\u00f3j<\/strong> sprawa, \u017ce ka\u017cda kobieta b\u0119dzie si\u0119 w\u00a0nim czu\u0107 pi\u0119knie i\u00a0komfortowo.\u00a0\u00a0<strong>Produkt je dostupn\u00fd vo viacer\u00fdch farebn\u00fdch variantoch. <\/strong>\u00a0Idealna dla Pa\u0144 w rozmiarze <strong>XS,S,M,L,XL <\/strong>Svetr\u00edk s ozdobnou \u010dipkou dod\u00e1 v\u00e1\u0161mu stylingu nad\u010dasov\u00fd \u0161ik.<strong>\u00a0<\/strong><\/p>\n<h3 style=\"text-align: center;\">\u00a0 \u00a0 \u00a0Rozmery:<\/h3>\n<ul style=\"text-align: center;\">\n<li style=\"list-style-type: none;\">\n<ul>\n<li>celkov\u00e1 d\u013a\u017eka: 55 cm<\/li>\n<li>szeroko\u015b\u0107 od pachy do pachy: 44 cm\u00a0 -55 cm<\/li>\n<li>d\u013a\u017eka ruk\u00e1va od ramena: 59 cm<\/li>\n<li>d\u013a\u017eka ruk\u00e1va od podpazu\u0161ia: 44 cm<\/li>\n<li>szeroko\u015b\u0107 na dole: 38 cm -50 cm<\/li>\n<\/ul>\n<p>Rozmery sa m\u00f4\u017eu mierne l\u00ed\u0161i\u0165 od uveden\u00fdch +\/- 2cm. V\u0161etky uveden\u00e9 rozmery s\u00fa meran\u00e9 plo\u0161ne. rozmer x2<\/li>\n<\/ul>\n<table style=\"height: 160px;\" width=\"707\">\n<tbody>\n<tr>\n<td width=\"302\">Meno modela<\/td>\n<td width=\"302\">Sweterek z Koronkowymi R\u0119kawami Nostella<\/td>\n<\/tr>\n<tr>\n<td width=\"302\">Farba<\/td>\n<td width=\"302\">P\u00fadrov\u00e1 ru\u017eov\u00e1<\/td>\n<\/tr>\n<tr>\n<td width=\"302\">ve\u013ekosti<\/td>\n<td width=\"302\">Univerz\u00e1lny<\/td>\n<\/tr>\n<tr>\n<td width=\"302\">M\u00f3da<\/td>\n<td width=\"302\">nadrozmern\u00e9<\/td>\n<\/tr>\n<tr>\n<td width=\"302\">Materi\u00e1l<\/td>\n<td width=\"302\">52% Wiskoza 29% Poliester 19% Nylon<\/td>\n<\/tr>\n<\/tbody>\n<\/table>\n<p>&nbsp;<\/p>\n<p>&nbsp;<\/p>\n<div class=\"tabs tabs-bb clear mb-80\">\n<div class=\"tab-content\">\n<div id=\"tab-description\" class=\"tab-pane fade in woocommerce-Tabs-panel--description active\">\n<div class=\"tabs tabs-bb clear mb-80\">\n<div class=\"tab-content\">\n<div id=\"tab-description\" class=\"tab-pane fade in woocommerce-Tabs-panel--description active\">\n<p style=\"text-align: center;\">\u00a0Model m\u00e1\u00a0<strong>165<\/strong>\u00a0cm vysok\u00fd, nos\u00ed ve\u013ekos\u0165 ka\u017ed\u00fd de\u0148\u00a0<strong>S<\/strong><\/p>\n<\/div>\n<\/div>\n<\/div>\n<\/div>\n<\/div>\n<\/div>\n<section class=\"up-sells upsells products mb-80\"><\/section>\n<p style=\"text-align: center;\">","protected":false},"excerpt":{"rendered":"<p>Sweterek z Koronkowymi R\u0119kawami Pudrowy R\u00f3\u017c Nostella Sweterek z Koronkowymi R\u0119kawami Pudrowy\u00a0 r\u00f3\u017c Nostella to MUST HAVE w tym sezonie. Fason wyr\u00f3\u017cnia si\u0119 koronkowymi wstawkami na r\u0119kawach oraz u g\u00f3ry sweterka. Gipiura nadaj\u0105 mu delikatno\u015bci i sprawiaj\u0105, \u017ce prezentuje si\u0119 bardzo kobieco. Nasz model to idealny wyb\u00f3r do codziennych, a nawet eleganckich stylizacji. Pi\u0119kny, milutki<\/p>\n<div class=\"klb-readmore post-buttons\"><a class=\"button black outline size-sm\" href=\"https:\/\/madelinefashion.pl\/sk\/sweterek-z-koronkowymi-rekawami-pudrowy-roz-nostella\/\">\u010c\u00edta\u0165 \u010falej <i class=\"klbth-icon-right-arrow\"><\/i><\/a><\/div>","protected":false},"featured_media":22847,"template":"","meta":[],"product_brand":[],"product_cat":[77,78,395],"product_tag":[],"class_list":{"0":"post-22854","1":"product","2":"type-product","3":"status-publish","4":"has-post-thumbnail","6":"product_cat-bluzki","7":"product_cat-swetry-damskie","8":"product_cat-nowosci","10":"first","11":"outofstock","12":"purchasable","13":"product-type-simple"},"_links":{"self":[{"href":"https:\/\/madelinefashion.pl\/sk\/wp-json\/wp\/v2\/product\/22854","targetHints":{"allow":["GET"]}}],"collection":[{"href":"https:\/\/madelinefashion.pl\/sk\/wp-json\/wp\/v2\/product"}],"about":[{"href":"https:\/\/madelinefashion.pl\/sk\/wp-json\/wp\/v2\/types\/product"}],"wp:featuredmedia":[{"embeddable":true,"href":"https:\/\/madelinefashion.pl\/sk\/wp-json\/wp\/v2\/media\/22847"}],"wp:attachment":[{"href":"https:\/\/madelinefashion.pl\/sk\/wp-json\/wp\/v2\/media?parent=22854"}],"wp:term":[{"taxonomy":"product_brand","embeddable":true,"href":"https:\/\/madelinefashion.pl\/sk\/wp-json\/wp\/v2\/product_brand?post=22854"},{"taxonomy":"product_cat","embeddable":true,"href":"https:\/\/madelinefashion.pl\/sk\/wp-json\/wp\/v2\/product_cat?post=22854"},{"taxonomy":"product_tag","embeddable":true,"href":"https:\/\/madelinefashion.pl\/sk\/wp-json\/wp\/v2\/product_tag?post=22854"}],"curies":[{"name":"pracovn\u00fd list","href":"https:\/\/api.w.org\/{rel}","templated":true}]}}

Sweterek z Koronkowymi Rękawami Pudrowy Róż Nostella

<h3 style="text-align: center;">Sweterek z Koronkowymi Rękawami Pudrowy Róż Nostella</h3>
<p style="text-align: center;"><strong>Sweterek z Koronkowymi Rękawami Pudrowy  róż Nostella </strong>toto<strong> MUSIEŤ MAŤ </strong>w tym sezonie. Fason wyróżnia się<strong> koronkowymi wstawkami na rękawach oraz u góry sweterka. </strong>Gipiura nadają mu delikatności i sprawiają, że prezentuje się bardzo kobieco. Nasz model to idealny wybór do codziennych, a nawet eleganckich stylizacji. <strong>Piękny, milutki w dotyku sweterek ala alpaka. </strong>Uroku dodaje <strong>koronka na rękawach </strong>zakończonych<strong> ściągaczem. </strong><strong>Prosty krój</strong> sprawa, że każda kobieta będzie się w nim czuć pięknie i komfortowo.  <strong>Produkt je dostupný vo viacerých farebných variantoch. </strong> Idealna dla Pań w rozmiarze <strong>XS,S,M,L,XL </strong>Svetrík s ozdobnou čipkou dodá vášmu stylingu nadčasový šik.<strong> </strong></p>
<h3 style="text-align: center;">     Rozmery:</h3>
<ul style="text-align: center;">
<li style="list-style-type: none;">
<ul>
<li>celková dĺžka: 55 cm</li>
<li>szerokość od pachy do pachy: 44 cm  -55 cm</li>
<li>dĺžka rukáva od ramena: 59 cm</li>
<li>dĺžka rukáva od podpazušia: 44 cm</li>
<li>szerokość na dole: 38 cm -50 cm</li>
</ul>
<p>Rozmery sa môžu mierne líšiť od uvedených +/- 2cm. Všetky uvedené rozmery sú merané plošne. rozmer x2</li>
</ul>
<table style="height: 160px;" width="707">
<tbody>
<tr>
<td width="302">Meno modela</td>
<td width="302">Sweterek z Koronkowymi Rękawami Nostella</td>
</tr>
<tr>
<td width="302">Farba</td>
<td width="302">Púdrová ružová</td>
</tr>
<tr>
<td width="302">veľkosti</td>
<td width="302">Univerzálny</td>
</tr>
<tr>
<td width="302">Móda</td>
<td width="302">nadrozmerné</td>
</tr>
<tr>
<td width="302">Materiál</td>
<td width="302">52% Wiskoza 29% Poliester 19% Nylon</td>
</tr>
</tbody>
</table>
<p>&nbsp;</p>
<p>&nbsp;</p>
<div class="tabs tabs-bb clear mb-80">
<div class="tab-content">
<div id="tab-description" class="tab-pane fade in woocommerce-Tabs-panel--description active">
<div class="tabs tabs-bb clear mb-80">
<div class="tab-content">
<div id="tab-description" class="tab-pane fade in woocommerce-Tabs-panel--description active">
<p style="text-align: center;"> Model má <strong>165</strong> cm vysoký, nosí veľkosť každý deň <strong>S</strong></p>
</div>
</div>
</div>
</div>
</div>
</div>
<section class="up-sells upsells products mb-80"></section>
<p style="text-align: center;">

<p>Sweterek z Koronkowymi Rękawami Pudrowy Róż Nostella Sweterek z Koronkowymi Rękawami Pudrowy  róż Nostella to MUST HAVE w tym sezonie. Fason wyróżnia się koronkowymi wstawkami na rękawach oraz u góry sweterka. Gipiura nadają mu delikatności i sprawiają, że prezentuje się bardzo kobieco. Nasz model to idealny wybór do codziennych, a nawet eleganckich stylizacji. Piękny, milutki</p>
<div class="klb-readmore post-buttons"><a class="button black outline size-sm" href="https://madelinefashion.pl/sk/sweterek-z-koronkowymi-rekawami-pudrowy-roz-nostella/">Čítať ďalej <i class="klbth-icon-right-arrow"></i></a></div>

pracovný list
