{"id":23108,"date":"2021-11-04T07:25:46","date_gmt":"2021-11-04T06:25:46","guid":{"rendered":"https:\/\/madelinefashion.pl\/?post_type=product&#038;p=23108"},"modified":"2026-02-24T12:21:30","modified_gmt":"2026-02-24T11:21:30","slug":"bluzka-brokatowa-z-tiulowym-rekawem-arceana-srebrna","status":"publish","type":"product","link":"https:\/\/madelinefashion.pl\/sk\/bluzka-brokatowa-z-tiulowym-rekawem-arceana-srebrna\/","title":{"rendered":"Brok\u00e1tov\u00e1 bl\u00fazka s tylov\u00fdm ruk\u00e1vom Arceana Silver"},"content":{"rendered":"<h3 style=\"text-align: center;\">Brok\u00e1tov\u00e1 bl\u00fazka s tylov\u00fdm ruk\u00e1vom Arceana Silver<\/h3>\n<p style=\"text-align: center;\"><strong>Brok\u00e1tov\u00e1 bl\u00fazka s tylov\u00fdm ruk\u00e1vom Arceana Silver<\/strong> Dokonale sa hod\u00ed k elegantn\u00fdm aj le\u017e\u00e9rnym \u0161t\u00fdlom. Vybran\u00e9 pre mnoho \u0161t\u00fdlov. kr\u00e1tky <strong>bl\u00fazka s ob\u00e1lkov\u00fdm v\u00fdstrihom<\/strong> \u2013 brok\u00e1t zakon\u010den\u00fd v spodnej \u010dasti jemn\u00fdm lemom. Model, ktor\u00fd si zamilujete. Elegantn\u00e1 bl\u00fazka s dlh\u00fdm ruk\u00e1vom bude dokonale ladi\u0165 s t\u00fdm na\u0161\u00edm <a href=\"https:\/\/madelinefashion.pl\/sk\/spodnica-skora-mini-czarna\/\">sukne<\/a>. Eur\u00f3psky v\u00fdrobok, ve\u013emi kvalitn\u00fd materi\u00e1l. Dokonale sa prisp\u00f4sob\u00ed postave. Ide\u00e1lne do \u0161koly, pr\u00e1ce, na rande alebo na stretnutie s priate\u013emi! <strong>Ide\u00e1lne pre ka\u017ed\u00fa pr\u00edle\u017eitos\u0165 a \u010das!\u00a0<\/strong>Ve\u013ekos\u0165\u00a0<strong>odpor\u00fa\u010dan\u00e9 univerz\u00e1lne<\/strong>\u00a0pre d\u00e1my vo ve\u013ekosti od<strong>\u00a0S a\u017e L<\/strong><\/p>\n<h3 style=\"text-align: center;\">Rozmery :<\/h3>\n<ul style=\"text-align: center;\">\n<li>celkov\u00e1 d\u013a\u017eka: 40 cm<\/li>\n<li>\u0161\u00edrka od pazuchy po pazuchu: 41 cm -50 cm<\/li>\n<li>d\u013a\u017eka ruk\u00e1va od pazuchy 42 cm<\/li>\n<li>d\u013a\u017eka ruk\u00e1va od ramena 61 cm<\/li>\n<li><\/li>\n<li><\/li>\n<\/ul>\n<p style=\"text-align: center;\">Rozmery sa m\u00f4\u017eu mierne l\u00ed\u0161i\u0165 od uveden\u00fdch +\/- 2cm. V\u0161etky uveden\u00e9 rozmery s\u00fa meran\u00e9 plo\u0161ne. rozmer x2<\/p>\n<p style=\"text-align: center;\"><strong>\u00a0<\/strong><\/p>\n<table style=\"height: 173px;\" width=\"718\">\n<tbody>\n<tr>\n<td width=\"302\">Meno modela<\/td>\n<td width=\"302\">Trblietav\u00e1 bl\u00fazka s tylov\u00fdm ruk\u00e1vom Arceana<\/td>\n<\/tr>\n<tr>\n<td width=\"302\">Farba<\/td>\n<td width=\"302\">Strieborn\u00e1<\/td>\n<\/tr>\n<tr>\n<td width=\"302\">ve\u013ekosti<\/td>\n<td width=\"302\">Univerz\u00e1lny<\/td>\n<\/tr>\n<tr>\n<td width=\"302\">Zhoda<\/td>\n<td width=\"302\">\u00c1no<\/td>\n<\/tr>\n<tr>\n<td width=\"302\">\u0160tiepenie<\/td>\n<td width=\"302\">Ob\u00e1lka<\/td>\n<\/tr>\n<tr>\n<td width=\"302\">Materi\u00e1l<\/td>\n<td width=\"302\">75% Nylon 20% Lurex 5% Elastan<\/td>\n<\/tr>\n<\/tbody>\n<\/table>\n<p style=\"text-align: center;\">\u00a0Model m\u00e1\u00a0<strong>165<\/strong>\u00a0cm vysok\u00fd, nos\u00ed ve\u013ekos\u0165 ka\u017ed\u00fd de\u0148\u00a0<strong>S<\/strong><\/p>","protected":false},"excerpt":{"rendered":"<p>Bluzka Brokatowa z Tiulowym R\u0119kawem Arceana Srebrna Bluzka Brokatowa z Tiulowym R\u0119kawem Arceana Srebrna rewelacyjnie sprawdzi si\u0119 zar\u00f3wno w eleganckich, jak i casualowych stylizacjach. Wybierana do wielu stylizacji. Kr\u00f3tka bluzka o kopertowym dekolcie &#8211; brokatowa zako\u0144czona na dole delikatnym \u015bci\u0105gaczem. Model w kt\u00f3rym si\u0119 zakochasz . Elegancka bluzka z d\u0142ugim r\u0119kawem idealnie b\u0119dzie komponowa\u0142a si\u0119<\/p>\n<div class=\"klb-readmore post-buttons\"><a class=\"button black outline size-sm\" href=\"https:\/\/madelinefashion.pl\/sk\/bluzka-brokatowa-z-tiulowym-rekawem-arceana-srebrna\/\">\u010c\u00edta\u0165 \u010falej <i class=\"klbth-icon-right-arrow\"><\/i><\/a><\/div>","protected":false},"featured_media":23103,"template":"","meta":[],"product_brand":[],"product_cat":[395,77],"product_tag":[252],"class_list":{"0":"post-23108","1":"product","2":"type-product","3":"status-publish","4":"has-post-thumbnail","6":"product_cat-nowosci","7":"product_cat-bluzki","8":"product_tag-bluzka-czarna","10":"first","11":"outofstock","12":"sale","13":"purchasable","14":"product-type-simple"},"_links":{"self":[{"href":"https:\/\/madelinefashion.pl\/sk\/wp-json\/wp\/v2\/product\/23108","targetHints":{"allow":["GET"]}}],"collection":[{"href":"https:\/\/madelinefashion.pl\/sk\/wp-json\/wp\/v2\/product"}],"about":[{"href":"https:\/\/madelinefashion.pl\/sk\/wp-json\/wp\/v2\/types\/product"}],"wp:featuredmedia":[{"embeddable":true,"href":"https:\/\/madelinefashion.pl\/sk\/wp-json\/wp\/v2\/media\/23103"}],"wp:attachment":[{"href":"https:\/\/madelinefashion.pl\/sk\/wp-json\/wp\/v2\/media?parent=23108"}],"wp:term":[{"taxonomy":"product_brand","embeddable":true,"href":"https:\/\/madelinefashion.pl\/sk\/wp-json\/wp\/v2\/product_brand?post=23108"},{"taxonomy":"product_cat","embeddable":true,"href":"https:\/\/madelinefashion.pl\/sk\/wp-json\/wp\/v2\/product_cat?post=23108"},{"taxonomy":"product_tag","embeddable":true,"href":"https:\/\/madelinefashion.pl\/sk\/wp-json\/wp\/v2\/product_tag?post=23108"}],"curies":[{"name":"pracovn\u00fd list","href":"https:\/\/api.w.org\/{rel}","templated":true}]}}

Brokátová blúzka s tylovým rukávom Arceana Silver

<h3 style="text-align: center;">Brokátová blúzka s tylovým rukávom Arceana Silver</h3>
<p style="text-align: center;"><strong>Brokátová blúzka s tylovým rukávom Arceana Silver</strong> Dokonale sa hodí k elegantným aj ležérnym štýlom. Vybrané pre mnoho štýlov. krátky <strong>blúzka s obálkovým výstrihom</strong> – brokát zakončený v spodnej časti jemným lemom. Model, ktorý si zamilujete. Elegantná blúzka s dlhým rukávom bude dokonale ladiť s tým naším <a href="https://madelinefashion.pl/sk/spodnica-skora-mini-czarna/">sukne</a>. Európsky výrobok, veľmi kvalitný materiál. Dokonale sa prispôsobí postave. Ideálne do školy, práce, na rande alebo na stretnutie s priateľmi! <strong>Ideálne pre každú príležitosť a čas! </strong>Veľkosť <strong>odporúčané univerzálne</strong> pre dámy vo veľkosti od<strong> S až L</strong></p>
<h3 style="text-align: center;">Rozmery :</h3>
<ul style="text-align: center;">
<li>celková dĺžka: 40 cm</li>
<li>šírka od pazuchy po pazuchu: 41 cm -50 cm</li>
<li>dĺžka rukáva od pazuchy 42 cm</li>
<li>dĺžka rukáva od ramena 61 cm</li>
<li></li>
<li></li>
</ul>
<p style="text-align: center;">Rozmery sa môžu mierne líšiť od uvedených +/- 2cm. Všetky uvedené rozmery sú merané plošne. rozmer x2</p>
<p style="text-align: center;"><strong> </strong></p>
<table style="height: 173px;" width="718">
<tbody>
<tr>
<td width="302">Meno modela</td>
<td width="302">Trblietavá blúzka s tylovým rukávom Arceana</td>
</tr>
<tr>
<td width="302">Farba</td>
<td width="302">Strieborná</td>
</tr>
<tr>
<td width="302">veľkosti</td>
<td width="302">Univerzálny</td>
</tr>
<tr>
<td width="302">Zhoda</td>
<td width="302">Áno</td>
</tr>
<tr>
<td width="302">Štiepenie</td>
<td width="302">Obálka</td>
</tr>
<tr>
<td width="302">Materiál</td>
<td width="302">75% Nylon 20% Lurex 5% Elastan</td>
</tr>
</tbody>
</table>
<p style="text-align: center;"> Model má <strong>165</strong> cm vysoký, nosí veľkosť každý deň <strong>S</strong></p>

<p>Bluzka Brokatowa z Tiulowym Rękawem Arceana Srebrna Bluzka Brokatowa z Tiulowym Rękawem Arceana Srebrna rewelacyjnie sprawdzi się zarówno w eleganckich, jak i casualowych stylizacjach. Wybierana do wielu stylizacji. Krótka bluzka o kopertowym dekolcie &#8211; brokatowa zakończona na dole delikatnym ściągaczem. Model w którym się zakochasz . Elegancka bluzka z długim rękawem idealnie będzie komponowała się</p>
<div class="klb-readmore post-buttons"><a class="button black outline size-sm" href="https://madelinefashion.pl/sk/bluzka-brokatowa-z-tiulowym-rekawem-arceana-srebrna/">Čítať ďalej <i class="klbth-icon-right-arrow"></i></a></div>

pracovný list
