{"id":23383,"date":"2021-11-09T16:06:06","date_gmt":"2021-11-09T15:06:06","guid":{"rendered":"https:\/\/madelinefashion.pl\/?post_type=product&#038;p=23383"},"modified":"2026-02-02T15:05:47","modified_gmt":"2026-02-02T14:05:47","slug":"plaszcz-alpaka-lirosse-zlote-guziki-czerwony","status":"publish","type":"product","link":"https:\/\/madelinefashion.pl\/sk\/plaszcz-alpaka-lirosse-zlote-guziki-czerwony\/","title":{"rendered":"Kab\u00e1t alpaky Lirosse zlat\u00e9 gomb\u00edky \u010derven\u00e9"},"content":{"rendered":"<h3 style=\"text-align: center;\">Kab\u00e1t alpaky Lirosse zlat\u00e9 gomb\u00edky \u010derven\u00e9<\/h3>\n<p style=\"text-align: center;\"><strong>Kab\u00e1t z alpaky Lirosse<\/strong>\u00a0 zap\u00ednanie na zlat\u00e9 gomb\u00edky je skuto\u010dn\u00e9 <strong>sez\u00f3nny hit<\/strong>. Tento dlh\u00fd kab\u00e1t je kombin\u00e1ciou elegancie, modernosti a funk\u010dnosti a dopln\u00ed ka\u017ed\u00fa siluetu a \u0161t\u00fdl. Je vyroben\u00fd z ve\u013emi m\u00f3dnej a neuverite\u013ene pohodlnej alpaky, je tepl\u00fd a ide\u00e1lny na jar a jese\u0148. Jeho nadrozmern\u00fd, vo\u013en\u00fd strih sa hod\u00ed k elegantn\u00fdm, le\u017e\u00e9rnym aj \u0161portov\u00fdm outfitom. Kab\u00e1t m\u00e1 bo\u010dn\u00e9 vreck\u00e1 na zips a zap\u00ednanie na p\u00e4\u0165 gomb\u00edkov. Je ide\u00e1lny na ka\u017ed\u00fa pr\u00edle\u017eitos\u0165. Jeho fenomen\u00e1lny dizajn v\u00e1m dod\u00e1 pocit m\u00f3dy aj pohodlia. <strong>Kab\u00e1t m\u00e1 ozdobn\u00e9 zlat\u00e9 gomb\u00edky, ktor\u00e9 dodaj\u00fa \u0161t\u00fdl a eleganciu.<\/strong>V na\u0161om internetovom obchode n\u00e1jdete ve\u013ek\u00fd v\u00fdber kab\u00e1tov za bezkonkuren\u010dn\u00e9 ceny <strong>n\u00edzka cena<\/strong>. Hod\u00ed sa ku ka\u017ed\u00e9mu \u0161t\u00fdlu, na ka\u017edodenn\u00e9 nosenie, no v\u010faka spr\u00e1vnym doplnkom vytvor\u00edte aj origin\u00e1lny ve\u010dern\u00fd outfit<strong>romantick\u00fa prech\u00e1dzku, ako aj pracovn\u00fd v\u00fdlet<\/strong>. Model vhodn\u00fd pre d\u00e1my nosiace ve\u013e <strong>SML XL<\/strong><strong> a XXL. Kab\u00e1t Alpaca Lirosse Gold Button Coat - dostupn\u00fd vo viacer\u00fdch farb\u00e1ch.<br \/>\n<\/strong><\/p>\n<h3 style=\"text-align: center;\">rozmery kab\u00e1ta:<\/h3>\n<ul>\n<li style=\"text-align: center;\">Celkov\u00e1 d\u013a\u017eka - 91 cm<\/li>\n<li style=\"text-align: center;\">\u0160\u00edrka ramien - 46 cm<\/li>\n<li style=\"text-align: center;\">\u0160\u00edrka od pazuchy po pazuchu - 60 cm x2<\/li>\n<li style=\"text-align: center;\">\u0160\u00edrka v p\u00e1se - 56 cm x2<\/li>\n<li style=\"text-align: center;\">\u0160\u00edrka v bokoch - 56 cm x 2<\/li>\n<li style=\"text-align: center;\">D\u013a\u017eka ruk\u00e1va od ramena - 60 cm<\/li>\n<li style=\"text-align: center;\">D\u013a\u017eka ruk\u00e1va od podpazu\u0161ia - 42 cm<\/li>\n<li style=\"text-align: center;\">\u0160\u00edrka v bicepsoch - 20 cm x 2<\/li>\n<\/ul>\n<p style=\"text-align: center;\">Rozmery sa m\u00f4\u017eu mierne l\u00ed\u0161i\u0165 od uveden\u00fdch +\/- 2cm. V\u0161etky uveden\u00e9 rozmery s\u00fa meran\u00e9 plo\u0161ne.<\/p>\n<p style=\"text-align: center;\"><strong>\u00a0<\/strong><\/p>\n<table width=\"499\">\n<tbody>\n<tr>\n<td width=\"302\">Meno modela<\/td>\n<td width=\"302\">Zlat\u00e9 gomb\u00edky na kab\u00e1t alpaky Lirosse<\/td>\n<\/tr>\n<tr>\n<td width=\"302\">Farba<\/td>\n<td width=\"302\">\u010cerven\u00e1<\/td>\n<\/tr>\n<tr>\n<td width=\"302\">Zbierka<\/td>\n<td width=\"302\">jar\/jese\u0148\/zima<\/td>\n<\/tr>\n<tr>\n<td width=\"302\">ve\u013ekosti<\/td>\n<td width=\"302\">Univerz\u00e1lny<\/td>\n<\/tr>\n<tr>\n<td width=\"302\">M\u00f3da<\/td>\n<td width=\"302\">nadrozmern\u00e9<\/td>\n<\/tr>\n<tr>\n<td width=\"302\">Hood<\/td>\n<td width=\"302\">Bez kapucne<\/td>\n<\/tr>\n<tr>\n<td width=\"302\">Zaspievanie<\/td>\n<td width=\"302\">tla\u010didl\u00e1<\/td>\n<\/tr>\n<tr>\n<td width=\"302\">Materi\u00e1l<\/td>\n<td width=\"302\">38,4 % Vlna 23,5% Polyester 15,3 % Angora 22,8 % Visk\u00f3za<\/td>\n<\/tr>\n<\/tbody>\n<\/table>\n<p>&nbsp;<\/p>\n<p style=\"text-align: center;\">Model m\u00e1 <strong>165<\/strong>\u00a0cm vysok\u00fd, nos\u00ed ho ka\u017ed\u00fd de\u0148\u00a0<strong>ve\u013ekos\u0165 S<\/strong><\/p>","protected":false},"excerpt":{"rendered":"<p>P\u0142aszcz Alpaka Lirosse Z\u0142ote Guziki Czerwony P\u0142aszcz Alpaka Lirosse\u00a0 zapinany na z\u0142ote guziki to prawdziwy hit sezonu. Jest to po\u0142\u0105czenie elegancji, nowoczesno\u015bci i funkcjonalno\u015bci \u2013 D\u0142ugi p\u0142aszczyk wpisuje si\u0119 w ka\u017cd\u0105 sylwetk\u0119 i stylizacj\u0119. Wykonany z bardzo modnego i niezwykle przyjemnego materia\u0142u &#8211; &#8222;alpaka&#8221; . Ciep\u0142y, idealny na wiosn\u0119 i jesie\u0144. Oversizeowy, lu\u017any kr\u00f3j pasuj\u0105cy<\/p>\n<div class=\"klb-readmore post-buttons\"><a class=\"button black outline size-sm\" href=\"https:\/\/madelinefashion.pl\/sk\/plaszcz-alpaka-lirosse-zlote-guziki-czerwony\/\">\u010c\u00edta\u0165 \u010falej <i class=\"klbth-icon-right-arrow\"><\/i><\/a><\/div>","protected":false},"featured_media":23381,"template":"","meta":[],"product_brand":[],"product_cat":[120,102,279],"product_tag":[284],"class_list":{"0":"post-23383","1":"product","2":"type-product","3":"status-publish","4":"has-post-thumbnail","6":"product_cat-plaszcze-dlugie","7":"product_cat-plaszcze-plus-size","8":"product_cat-plaszcze-wiosenne","9":"product_tag-alpaka","10":"pa_rozmiar-xl","11":"pa_rozmiar-s","12":"pa_rozmiar-m","13":"pa_rozmiar-l","15":"first","16":"instock","17":"sale","18":"purchasable","19":"product-type-simple"},"_links":{"self":[{"href":"https:\/\/madelinefashion.pl\/sk\/wp-json\/wp\/v2\/product\/23383","targetHints":{"allow":["GET"]}}],"collection":[{"href":"https:\/\/madelinefashion.pl\/sk\/wp-json\/wp\/v2\/product"}],"about":[{"href":"https:\/\/madelinefashion.pl\/sk\/wp-json\/wp\/v2\/types\/product"}],"wp:featuredmedia":[{"embeddable":true,"href":"https:\/\/madelinefashion.pl\/sk\/wp-json\/wp\/v2\/media\/23381"}],"wp:attachment":[{"href":"https:\/\/madelinefashion.pl\/sk\/wp-json\/wp\/v2\/media?parent=23383"}],"wp:term":[{"taxonomy":"product_brand","embeddable":true,"href":"https:\/\/madelinefashion.pl\/sk\/wp-json\/wp\/v2\/product_brand?post=23383"},{"taxonomy":"product_cat","embeddable":true,"href":"https:\/\/madelinefashion.pl\/sk\/wp-json\/wp\/v2\/product_cat?post=23383"},{"taxonomy":"product_tag","embeddable":true,"href":"https:\/\/madelinefashion.pl\/sk\/wp-json\/wp\/v2\/product_tag?post=23383"}],"curies":[{"name":"pracovn\u00fd list","href":"https:\/\/api.w.org\/{rel}","templated":true}]}}

Kabát alpaky Lirosse zlaté gombíky červené

<h3 style="text-align: center;">Kabát alpaky Lirosse zlaté gombíky červené</h3>
<p style="text-align: center;"><strong>Kabát z alpaky Lirosse</strong>  zapínanie na zlaté gombíky je skutočné <strong>sezónny hit</strong>. Tento dlhý kabát je kombináciou elegancie, modernosti a funkčnosti a doplní každú siluetu a štýl. Je vyrobený z veľmi módnej a neuveriteľne pohodlnej alpaky, je teplý a ideálny na jar a jeseň. Jeho nadrozmerný, voľný strih sa hodí k elegantným, ležérnym aj športovým outfitom. Kabát má bočné vrecká na zips a zapínanie na päť gombíkov. Je ideálny na každú príležitosť. Jeho fenomenálny dizajn vám dodá pocit módy aj pohodlia. <strong>Kabát má ozdobné zlaté gombíky, ktoré dodajú štýl a eleganciu.</strong>V našom internetovom obchode nájdete veľký výber kabátov za bezkonkurenčné ceny <strong>nízka cena</strong>. Hodí sa ku každému štýlu, na každodenné nosenie, no vďaka správnym doplnkom vytvoríte aj originálny večerný outfit<strong>romantickú prechádzku, ako aj pracovný výlet</strong>. Model vhodný pre dámy nosiace veľ <strong>SML XL</strong><strong> a XXL. Kabát Alpaca Lirosse Gold Button Coat - dostupný vo viacerých farbách.<br />
</strong></p>
<h3 style="text-align: center;">rozmery kabáta:</h3>
<ul>
<li style="text-align: center;">Celková dĺžka - 91 cm</li>
<li style="text-align: center;">Šírka ramien - 46 cm</li>
<li style="text-align: center;">Šírka od pazuchy po pazuchu - 60 cm x2</li>
<li style="text-align: center;">Šírka v páse - 56 cm x2</li>
<li style="text-align: center;">Šírka v bokoch - 56 cm x 2</li>
<li style="text-align: center;">Dĺžka rukáva od ramena - 60 cm</li>
<li style="text-align: center;">Dĺžka rukáva od podpazušia - 42 cm</li>
<li style="text-align: center;">Šírka v bicepsoch - 20 cm x 2</li>
</ul>
<p style="text-align: center;">Rozmery sa môžu mierne líšiť od uvedených +/- 2cm. Všetky uvedené rozmery sú merané plošne.</p>
<p style="text-align: center;"><strong> </strong></p>
<table width="499">
<tbody>
<tr>
<td width="302">Meno modela</td>
<td width="302">Zlaté gombíky na kabát alpaky Lirosse</td>
</tr>
<tr>
<td width="302">Farba</td>
<td width="302">Červená</td>
</tr>
<tr>
<td width="302">Zbierka</td>
<td width="302">jar/jeseň/zima</td>
</tr>
<tr>
<td width="302">veľkosti</td>
<td width="302">Univerzálny</td>
</tr>
<tr>
<td width="302">Móda</td>
<td width="302">nadrozmerné</td>
</tr>
<tr>
<td width="302">Hood</td>
<td width="302">Bez kapucne</td>
</tr>
<tr>
<td width="302">Zaspievanie</td>
<td width="302">tlačidlá</td>
</tr>
<tr>
<td width="302">Materiál</td>
<td width="302">38,4 % Vlna 23,5% Polyester 15,3 % Angora 22,8 % Viskóza</td>
</tr>
</tbody>
</table>
<p>&nbsp;</p>
<p style="text-align: center;">Model má <strong>165</strong> cm vysoký, nosí ho každý deň <strong>veľkosť S</strong></p>

<p>Płaszcz Alpaka Lirosse Złote Guziki Czerwony Płaszcz Alpaka Lirosse  zapinany na złote guziki to prawdziwy hit sezonu. Jest to połączenie elegancji, nowoczesności i funkcjonalności – Długi płaszczyk wpisuje się w każdą sylwetkę i stylizację. Wykonany z bardzo modnego i niezwykle przyjemnego materiału &#8211; &#8222;alpaka&#8221; . Ciepły, idealny na wiosnę i jesień. Oversizeowy, luźny krój pasujący</p>
<div class="klb-readmore post-buttons"><a class="button black outline size-sm" href="https://madelinefashion.pl/sk/plaszcz-alpaka-lirosse-zlote-guziki-czerwony/">Čítať ďalej <i class="klbth-icon-right-arrow"></i></a></div>

pracovný list
