{"id":23640,"date":"2021-11-11T12:52:13","date_gmt":"2021-11-11T11:52:13","guid":{"rendered":"https:\/\/madelinefashion.pl\/?post_type=product&#038;p=23640"},"modified":"2026-03-07T13:47:24","modified_gmt":"2026-03-07T12:47:24","slug":"sukienka-krotka-cekinowa-samba-czarno-zlota","status":"publish","type":"product","link":"https:\/\/madelinefashion.pl\/sk\/sukienka-krotka-cekinowa-samba-czarno-zlota\/","title":{"rendered":"Samba \u010dierne zlat\u00e9 flitrov\u00e9 kr\u00e1tke \u0161aty"},"content":{"rendered":"<h3 style=\"text-align: center;\">Samba \u010dierne zlat\u00e9 flitrov\u00e9 kr\u00e1tke \u0161aty<\/h3>\n<p style=\"text-align: center;\">Kr\u00e1sne spolo\u010densk\u00e9 \u0161aty zdoben\u00e9 flitrami a strapcami. Odha\u013euje \u017eensk\u00e9 tvary. \u0160aty s v\u00fdstrihom do V - nastavenie h\u013abky pomocou ramienok.<b> \u0160aty sa vo svetle l\u00e1mp rozpr\u00e1vkovo trblietaj\u00fa.<\/b> Nem\u00f4\u017eete by\u0165 k tomu \u013eahostajn\u00ed. \u0160aty maj\u00fa pod\u0161\u00edvku. Vyroben\u00e9 a \u0161it\u00e9 v Po\u013esku. <b>\u0160aty <\/b>dostupn\u00e9 v univerz\u00e1lnej ve\u013ekosti. <strong>\u0160aty so samba flitrami<\/strong> je vynikaj\u00facou vo\u013ebou na svadbu, ples, Silvestra a in\u00e9 elegantn\u00e9 \u0161peci\u00e1lne udalosti.<\/p>\n<h3 style=\"text-align: center;\">ROZMERY \u0161iat:<\/h3>\n<ul>\n<li style=\"text-align: center;\">Celkov\u00e1 d\u013a\u017eka 92 cm (NASTAVITE\u013dN\u00c9 POPRUHY)<\/li>\n<li style=\"text-align: center;\">\u0160\u00edrka od pazuchy po pazuchu od 43 cm - 50 cm<\/li>\n<li style=\"text-align: center;\">\u0160\u00edrka v p\u00e1se: 38 -42 cm<\/li>\n<li style=\"text-align: center;\">\u0160\u00edrka v spodnej \u010dasti 48 cm<\/li>\n<\/ul>\n<p style=\"text-align: center;\">Rozmery sa m\u00f4\u017eu mierne l\u00ed\u0161i\u0165 od uveden\u00fdch +\/- 2cm. V\u0161etky uveden\u00e9 rozmery s\u00fa meran\u00e9 plo\u0161ne. rozmer x2<\/p>\n<p style=\"text-align: center;\">\u0160aty s\u00fa dostupn\u00e9 aj v in\u00fdch farb\u00e1ch - odpor\u00fa\u010dame v\u00e1m zozn\u00e1mi\u0165 sa s na\u0161imi \u010fal\u0161\u00edmi produktmi.<\/p>\n<p style=\"text-align: center;\"><strong>\u00a0<\/strong><\/p>\n<p>&nbsp;<\/p>\n<table>\n<tbody>\n<tr>\n<td width=\"302\">Meno modela<\/td>\n<td width=\"302\">Samba Flitrov\u00e9 kr\u00e1tke \u0161aty<\/td>\n<\/tr>\n<tr>\n<td width=\"302\">Farba<\/td>\n<td width=\"302\"><span style=\"font-size: 10pt;\">\u010cierne zlato<\/span><\/td>\n<\/tr>\n<tr>\n<td width=\"302\">Pod\u0161\u00edvka<\/td>\n<td width=\"302\">\u00c1no<\/td>\n<\/tr>\n<tr>\n<td width=\"302\">ve\u013ekosti<\/td>\n<td width=\"302\">Univerz\u00e1lny<\/td>\n<\/tr>\n<tr>\n<td width=\"302\">M\u00f3da<\/td>\n<td width=\"302\">Zhoda<\/td>\n<\/tr>\n<tr>\n<td width=\"302\">Materi\u00e1l<\/td>\n<td width=\"302\">Polyester 100 %<\/td>\n<\/tr>\n<tr>\n<td width=\"302\">D\u013a\u017eka<\/td>\n<td width=\"302\">Pred kolenom<\/td>\n<\/tr>\n<\/tbody>\n<\/table>\n<p>&nbsp;<\/p>\n<p style=\"text-align: center;\">Aby ste si vybrali\u00a0<strong>perfektn\u00e9 \u0161aty<\/strong>\u00a0kontaktujte n\u00e1s pros\u00edm telefonicky alebo cez n\u00e1\u0161 facebook.<br \/>\nN\u00e1\u0161 t\u00edm v\u00e1m pom\u00f4\u017ee\u00a0<strong>Vyberte si ten spr\u00e1vny<\/strong>\u00a0.\u00a0<strong>Na \u017eelanie kupuj\u00faceho vyrob\u00edme ak\u00e9ko\u013evek \u0161aty\u00a0<\/strong><strong>opatrne mera\u0165.\u00a0<\/strong><\/p>\n<div class=\"additional-details\">\n<p style=\"text-align: center;\">\n<\/div>","protected":false},"excerpt":{"rendered":"<p>Sukienka Kr\u00f3tka Cekinowa Samba Czarno Z\u0142ota Pi\u0119kna suknia wieczorowa zdobiona cekinami oraz fr\u0119dzlami.\u00a0 Eksponuje kobiece kszta\u0142ty. Suknia z dekoltem w kszta\u0142cie V \u2013 regulacje g\u0142\u0119boko\u015bci\u00a0 za pomoc\u0105 rami\u0105czek. Suknia bajecznie mieni si\u0119 w \u015bwietle lamp. Nie mo\u017cna wobec niej przej\u015b\u0107 oboj\u0119tnie. Sukienka posiada podszewk\u0119. Wyprodukowana i uszyta w Polsce. Sukienka dost\u0119pna\u00a0\u00a0w rozmiarze uniwersalnym. Sukienka Cekinowa<\/p>\n<div class=\"klb-readmore post-buttons\"><a class=\"button black outline size-sm\" href=\"https:\/\/madelinefashion.pl\/sk\/sukienka-krotka-cekinowa-samba-czarno-zlota\/\">\u010c\u00edta\u0165 \u010falej <i class=\"klbth-icon-right-arrow\"><\/i><\/a><\/div>","protected":false},"featured_media":74825,"template":"","meta":[],"product_brand":[],"product_cat":[124,395,558],"product_tag":[213,262],"class_list":{"0":"post-23640","1":"product","2":"type-product","3":"status-publish","4":"has-post-thumbnail","6":"product_cat-sukienki-okolicznosciowe","7":"product_cat-nowosci","8":"product_cat-sukienki-cekinowe","9":"product_tag-sukienka-czarna","10":"product_tag-sukienki-krotkie","12":"first","13":"instock","14":"sale","15":"purchasable","16":"product-type-simple"},"_links":{"self":[{"href":"https:\/\/madelinefashion.pl\/sk\/wp-json\/wp\/v2\/product\/23640","targetHints":{"allow":["GET"]}}],"collection":[{"href":"https:\/\/madelinefashion.pl\/sk\/wp-json\/wp\/v2\/product"}],"about":[{"href":"https:\/\/madelinefashion.pl\/sk\/wp-json\/wp\/v2\/types\/product"}],"wp:featuredmedia":[{"embeddable":true,"href":"https:\/\/madelinefashion.pl\/sk\/wp-json\/wp\/v2\/media\/74825"}],"wp:attachment":[{"href":"https:\/\/madelinefashion.pl\/sk\/wp-json\/wp\/v2\/media?parent=23640"}],"wp:term":[{"taxonomy":"product_brand","embeddable":true,"href":"https:\/\/madelinefashion.pl\/sk\/wp-json\/wp\/v2\/product_brand?post=23640"},{"taxonomy":"product_cat","embeddable":true,"href":"https:\/\/madelinefashion.pl\/sk\/wp-json\/wp\/v2\/product_cat?post=23640"},{"taxonomy":"product_tag","embeddable":true,"href":"https:\/\/madelinefashion.pl\/sk\/wp-json\/wp\/v2\/product_tag?post=23640"}],"curies":[{"name":"pracovn\u00fd list","href":"https:\/\/api.w.org\/{rel}","templated":true}]}}

Samba čierne zlaté flitrové krátke šaty

<h3 style="text-align: center;">Samba čierne zlaté flitrové krátke šaty</h3>
<p style="text-align: center;">Krásne spoločenské šaty zdobené flitrami a strapcami. Odhaľuje ženské tvary. Šaty s výstrihom do V - nastavenie hĺbky pomocou ramienok.<b> Šaty sa vo svetle lámp rozprávkovo trblietajú.</b> Nemôžete byť k tomu ľahostajní. Šaty majú podšívku. Vyrobené a šité v Poľsku. <b>Šaty </b>dostupné v univerzálnej veľkosti. <strong>Šaty so samba flitrami</strong> je vynikajúcou voľbou na svadbu, ples, Silvestra a iné elegantné špeciálne udalosti.</p>
<h3 style="text-align: center;">ROZMERY šiat:</h3>
<ul>
<li style="text-align: center;">Celková dĺžka 92 cm (NASTAVITEĽNÉ POPRUHY)</li>
<li style="text-align: center;">Šírka od pazuchy po pazuchu od 43 cm - 50 cm</li>
<li style="text-align: center;">Šírka v páse: 38 -42 cm</li>
<li style="text-align: center;">Šírka v spodnej časti 48 cm</li>
</ul>
<p style="text-align: center;">Rozmery sa môžu mierne líšiť od uvedených +/- 2cm. Všetky uvedené rozmery sú merané plošne. rozmer x2</p>
<p style="text-align: center;">Šaty sú dostupné aj v iných farbách - odporúčame vám zoznámiť sa s našimi ďalšími produktmi.</p>
<p style="text-align: center;"><strong> </strong></p>
<p>&nbsp;</p>
<table>
<tbody>
<tr>
<td width="302">Meno modela</td>
<td width="302">Samba Flitrové krátke šaty</td>
</tr>
<tr>
<td width="302">Farba</td>
<td width="302"><span style="font-size: 10pt;">Čierne zlato</span></td>
</tr>
<tr>
<td width="302">Podšívka</td>
<td width="302">Áno</td>
</tr>
<tr>
<td width="302">veľkosti</td>
<td width="302">Univerzálny</td>
</tr>
<tr>
<td width="302">Móda</td>
<td width="302">Zhoda</td>
</tr>
<tr>
<td width="302">Materiál</td>
<td width="302">Polyester 100 %</td>
</tr>
<tr>
<td width="302">Dĺžka</td>
<td width="302">Pred kolenom</td>
</tr>
</tbody>
</table>
<p>&nbsp;</p>
<p style="text-align: center;">Aby ste si vybrali <strong>perfektné šaty</strong> kontaktujte nás prosím telefonicky alebo cez náš facebook.<br />
Náš tím vám pomôže <strong>Vyberte si ten správny</strong> . <strong>Na želanie kupujúceho vyrobíme akékoľvek šaty </strong><strong>opatrne merať. </strong></p>
<div class="additional-details">
<p style="text-align: center;">
</div>

<p>Sukienka Krótka Cekinowa Samba Czarno Złota Piękna suknia wieczorowa zdobiona cekinami oraz frędzlami.  Eksponuje kobiece kształty. Suknia z dekoltem w kształcie V – regulacje głębokości  za pomocą ramiączek. Suknia bajecznie mieni się w świetle lamp. Nie można wobec niej przejść obojętnie. Sukienka posiada podszewkę. Wyprodukowana i uszyta w Polsce. Sukienka dostępna  w rozmiarze uniwersalnym. Sukienka Cekinowa</p>
<div class="klb-readmore post-buttons"><a class="button black outline size-sm" href="https://madelinefashion.pl/sk/sukienka-krotka-cekinowa-samba-czarno-zlota/">Čítať ďalej <i class="klbth-icon-right-arrow"></i></a></div>

pracovný list
