{"id":24347,"date":"2021-11-19T10:32:42","date_gmt":"2021-11-19T09:32:42","guid":{"rendered":"https:\/\/madelinefashion.pl\/?post_type=product&#038;p=24347"},"modified":"2025-09-09T10:32:06","modified_gmt":"2025-09-09T08:32:06","slug":"sukienka-brokatowa-krotka-na-ramiaczkach-ilon-szara","status":"publish","type":"product","link":"https:\/\/madelinefashion.pl\/sk\/sukienka-brokatowa-krotka-na-ramiaczkach-ilon-szara\/","title":{"rendered":"Kr\u00e1tke brok\u00e1tov\u00e9 \u0161aty na ramienka Ilon Grey"},"content":{"rendered":"<h3 style=\"text-align: center;\">Kr\u00e1tke brok\u00e1tov\u00e9 \u0161aty na ramienka Ilon Grey<\/h3>\n<p style=\"text-align: center;\"><b>Fenomen\u00e1lne kr\u00e1tke brok\u00e1tov\u00e9 \u0161aty na ramienka.<\/b>\u00a0 Skvel\u00e9 brok\u00e1tov\u00e9 spolo\u010densk\u00e9 \u0161aty s v\u00fdstrihom do V - V kr\u00e1sne odha\u013euje poprsie. Spolo\u010densk\u00e9 \u0161aty ve\u013emi pekne padn\u00fa na postavu. Kr\u00e1tke brok\u00e1tov\u00e9 roz\u0161\u00edren\u00e9 ramienko bolo navrhnut\u00e9 pre najn\u00e1ro\u010dnej\u0161\u00edch z\u00e1kazn\u00edkov.\u00a0 \u00a0<strong><span style=\"vertical-align: inherit;\">Brok\u00e1tov\u00e9 \u0161aty na ramienka<\/span><\/strong><span style=\"vertical-align: inherit;\"> pripevnen\u00fd s <strong>z\u00e1mok<\/strong> kr\u00e1sne odha\u013euje aj chrb\u00e1t. <\/span>\u00a0\u00a0<strong>H\u013ead\u00e1te dokonal\u00e9 \u0161aty na svadbu, Silvestra, karneval \u010di ples<\/strong>? Tento model bude perfektne fungova\u0165. Trblietav\u00e9 \u0161aty -<strong>\u00a0je to n\u00e1dhern\u00e9 a vyzer\u00e1 to jednoducho \u00fa\u017easne<\/strong>\u00a0!! Brok\u00e1tov\u00e9 \u0161aty s\u00fa v\u00fdnimo\u010dne elegantn\u00e9 a vyzeraj\u00fa ako v\u00fdtvory filmov\u00fdch hviezd. Zozn\u00e1mte sa s na\u0161ou ponukou\u00a0<a href=\"https:\/\/madelinefashion.pl\/sk\/sukienki-i-kombinezony\/sukienki-okolicznosciowe\/\"><strong>ve\u010dern\u00e9 \u0161aty<\/strong><\/a>\u00a0a vyberte si model, v ktorom budete\u00a0<strong>vyzera\u0165 ako hviezda<\/strong> a budete vy\u010dnieva\u0165 z davu. Maxi \u0161aty sa vo svetle l\u00e1mp rozpr\u00e1vkovo trblietaj\u00fa. Nem\u00f4\u017eete by\u0165 k tomu \u013eahostajn\u00ed. Roz\u0161\u00edren\u00e9 \u0161aty v midi verzii - vypasovan\u00e9 a s hlbok\u00fdm v\u00fdstrihom. <b>\u0160aty v univerz\u00e1lnej ve\u013ekosti odpor\u00fa\u010dan\u00e9 pre \u017eeny XS SML <\/b>\u00a0Dostupn\u00e9 na na\u0161om e-shope vo viacer\u00fdch farebn\u00fdch variantoch, tak nev\u00e1hajte a vyberte si t\u00fa, ktor\u00e1 je pre v\u00e1s ako stvoren\u00e1. Ak sa neviete rozhodn\u00fa\u0165 ak\u00fa farbu,\u00a0<strong>ve\u013ekos\u0165<\/strong>\u00a0je pre v\u00e1s to najlep\u0161ie\u00a0<strong>kontaktuj n\u00e1s<\/strong>\u00a0cez\u00a0<a href=\"https:\/\/www.facebook.com\/madelinefashionbutik\" target=\"_blank\" rel=\"noopener\">Facebook<\/a>\u00a0alebo\u00a0<a href=\"https:\/\/madelinefashion.pl\/sk\/kontakt\/\">telef\u00f3n<\/a>. Ak ve\u013ekos\u0165 nie je na str\u00e1nke, kontaktujte n\u00e1s.<\/p>\n<h3 style=\"text-align: center;\">ROZMERY \u0161iat:<\/h3>\n<ul>\n<li style=\"text-align: center;\">celkov\u00e1 predn\u00e1 d\u013a\u017eka 81 cm<\/li>\n<li style=\"text-align: center;\">\u0161\u00edrka od pazuchy po pazuchu: 32-40 cm<\/li>\n<li style=\"text-align: center;\">\u0161\u00edrka p\u00e1sa: 26-37 cm<\/li>\n<li style=\"text-align: center;\">Max v prsiach 100 cm<\/li>\n<li style=\"text-align: center;\"><\/li>\n<\/ul>\n<p style=\"text-align: center;\">Rozmery sa m\u00f4\u017eu mierne l\u00ed\u0161i\u0165 od uveden\u00fdch +\/- 2cm. V\u0161etky uveden\u00e9 rozmery s\u00fa meran\u00e9 plo\u0161ne. rozmer x2<\/p>\n<p style=\"text-align: center;\"><strong>\u00a0<\/strong><\/p>\n<p>&nbsp;<\/p>\n<table style=\"height: 211px;\" width=\"711\">\n<tbody>\n<tr>\n<td width=\"302\">Meno modela<\/td>\n<td width=\"302\">Brok\u00e1tov\u00e9 kr\u00e1tke \u0161aty na ramienka Ilon<\/td>\n<\/tr>\n<tr>\n<td width=\"302\">Farba<\/td>\n<td width=\"302\">\u0160ed\u00e1 strieborn\u00e1<\/td>\n<\/tr>\n<tr>\n<td width=\"302\">D\u013a\u017eka<\/td>\n<td width=\"302\">Mini<\/td>\n<\/tr>\n<tr>\n<td width=\"302\">ve\u013ekosti<\/td>\n<td width=\"302\">Univerz\u00e1lny XS SML<\/td>\n<\/tr>\n<tr>\n<td width=\"302\">M\u00f3da<\/td>\n<td width=\"302\">Vzplanul<\/td>\n<\/tr>\n<tr>\n<td width=\"302\">Materi\u00e1l<\/td>\n<td width=\"302\">Visk\u00f3za, polyester, bavlna<\/td>\n<\/tr>\n<tr>\n<td width=\"302\">Zap\u00ednanie na zips<\/td>\n<td width=\"302\">\u00c1no<\/td>\n<\/tr>\n<\/tbody>\n<\/table>\n<div class=\"additional-details\">\n<p style=\"text-align: center;\">Model m\u00e1\u00a0<strong>169<\/strong>\u00a0cm vysok\u00fd, nos\u00ed ve\u013ekos\u0165 ka\u017ed\u00fd de\u0148\u00a0<strong>S<\/strong><\/p>\n<p style=\"text-align: center;\">\u0160\u00edrka cez prsia 92 cm<\/p>\n<p style=\"text-align: center;\">\u0160\u00edrka v p\u00e1se 62 cm<\/p>\n<p style=\"text-align: center;\">\u0160\u00edrka v bokoch 94 cm<\/p>\n<\/div>","protected":false},"excerpt":{"rendered":"<p>Sukienka Brokatowa Kr\u00f3tka Na Rami\u0105czkach Ilon Szara Fenomenalna kr\u00f3tka suknia brokatowa na rami\u0105czkach.\u00a0 Wspania\u0142a suknia wieczorowa brokatowa z dekoltem w szpic \u2013 V pi\u0119knie eksponuje biust.\u00a0 Suknia wieczorowa bardzo \u0142adnie dopasowuje si\u0119 do sylwetki. Kr\u00f3tka Brokatowa rozkloszowana na rami\u0105czka\u00a0 zosta\u0142a zaprojektowana z my\u015bl\u0105 o najbardziej wymagaj\u0105cych klientkach.\u00a0 \u00a0Sukienka Brokatowa na rami\u0105czkach zapinana na zamek pi\u0119knie<\/p>\n<div class=\"klb-readmore post-buttons\"><a class=\"button black outline size-sm\" href=\"https:\/\/madelinefashion.pl\/sk\/sukienka-brokatowa-krotka-na-ramiaczkach-ilon-szara\/\">\u010c\u00edta\u0165 \u010falej <i class=\"klbth-icon-right-arrow\"><\/i><\/a><\/div>","protected":false},"featured_media":63827,"template":"","meta":[],"product_brand":[],"product_cat":[124,395,560],"product_tag":[262,214],"class_list":{"0":"post-24347","1":"product","2":"type-product","3":"status-publish","4":"has-post-thumbnail","6":"product_cat-sukienki-okolicznosciowe","7":"product_cat-nowosci","8":"product_cat-sukienki-brokatowe","9":"product_tag-sukienki-krotkie","10":"product_tag-sukienka-szara","12":"first","13":"instock","14":"purchasable","15":"product-type-simple"},"_links":{"self":[{"href":"https:\/\/madelinefashion.pl\/sk\/wp-json\/wp\/v2\/product\/24347","targetHints":{"allow":["GET"]}}],"collection":[{"href":"https:\/\/madelinefashion.pl\/sk\/wp-json\/wp\/v2\/product"}],"about":[{"href":"https:\/\/madelinefashion.pl\/sk\/wp-json\/wp\/v2\/types\/product"}],"wp:featuredmedia":[{"embeddable":true,"href":"https:\/\/madelinefashion.pl\/sk\/wp-json\/wp\/v2\/media\/63827"}],"wp:attachment":[{"href":"https:\/\/madelinefashion.pl\/sk\/wp-json\/wp\/v2\/media?parent=24347"}],"wp:term":[{"taxonomy":"product_brand","embeddable":true,"href":"https:\/\/madelinefashion.pl\/sk\/wp-json\/wp\/v2\/product_brand?post=24347"},{"taxonomy":"product_cat","embeddable":true,"href":"https:\/\/madelinefashion.pl\/sk\/wp-json\/wp\/v2\/product_cat?post=24347"},{"taxonomy":"product_tag","embeddable":true,"href":"https:\/\/madelinefashion.pl\/sk\/wp-json\/wp\/v2\/product_tag?post=24347"}],"curies":[{"name":"pracovn\u00fd list","href":"https:\/\/api.w.org\/{rel}","templated":true}]}}

Krátke brokátové šaty na ramienka Ilon Grey

<h3 style="text-align: center;">Krátke brokátové šaty na ramienka Ilon Grey</h3>
<p style="text-align: center;"><b>Fenomenálne krátke brokátové šaty na ramienka.</b>  Skvelé brokátové spoločenské šaty s výstrihom do V - V krásne odhaľuje poprsie. Spoločenské šaty veľmi pekne padnú na postavu. Krátke brokátové rozšírené ramienko bolo navrhnuté pre najnáročnejších zákazníkov.   <strong><span style="vertical-align: inherit;">Brokátové šaty na ramienka</span></strong><span style="vertical-align: inherit;"> pripevnený s <strong>zámok</strong> krásne odhaľuje aj chrbát. </span>  <strong>Hľadáte dokonalé šaty na svadbu, Silvestra, karneval či ples</strong>? Tento model bude perfektne fungovať. Trblietavé šaty -<strong> je to nádherné a vyzerá to jednoducho úžasne</strong> !! Brokátové šaty sú výnimočne elegantné a vyzerajú ako výtvory filmových hviezd. Zoznámte sa s našou ponukou <a href="https://madelinefashion.pl/sk/sukienki-i-kombinezony/sukienki-okolicznosciowe/"><strong>večerné šaty</strong></a> a vyberte si model, v ktorom budete <strong>vyzerať ako hviezda</strong> a budete vyčnievať z davu. Maxi šaty sa vo svetle lámp rozprávkovo trblietajú. Nemôžete byť k tomu ľahostajní. Rozšírené šaty v midi verzii - vypasované a s hlbokým výstrihom. <b>Šaty v univerzálnej veľkosti odporúčané pre ženy XS SML </b> Dostupné na našom e-shope vo viacerých farebných variantoch, tak neváhajte a vyberte si tú, ktorá je pre vás ako stvorená. Ak sa neviete rozhodnúť akú farbu, <strong>veľkosť</strong> je pre vás to najlepšie <strong>kontaktuj nás</strong> cez <a href="https://www.facebook.com/madelinefashionbutik" target="_blank" rel="noopener">Facebook</a> alebo <a href="https://madelinefashion.pl/sk/kontakt/">telefón</a>. Ak veľkosť nie je na stránke, kontaktujte nás.</p>
<h3 style="text-align: center;">ROZMERY šiat:</h3>
<ul>
<li style="text-align: center;">celková predná dĺžka 81 cm</li>
<li style="text-align: center;">šírka od pazuchy po pazuchu: 32-40 cm</li>
<li style="text-align: center;">šírka pása: 26-37 cm</li>
<li style="text-align: center;">Max v prsiach 100 cm</li>
<li style="text-align: center;"></li>
</ul>
<p style="text-align: center;">Rozmery sa môžu mierne líšiť od uvedených +/- 2cm. Všetky uvedené rozmery sú merané plošne. rozmer x2</p>
<p style="text-align: center;"><strong> </strong></p>
<p>&nbsp;</p>
<table style="height: 211px;" width="711">
<tbody>
<tr>
<td width="302">Meno modela</td>
<td width="302">Brokátové krátke šaty na ramienka Ilon</td>
</tr>
<tr>
<td width="302">Farba</td>
<td width="302">Šedá strieborná</td>
</tr>
<tr>
<td width="302">Dĺžka</td>
<td width="302">Mini</td>
</tr>
<tr>
<td width="302">veľkosti</td>
<td width="302">Univerzálny XS SML</td>
</tr>
<tr>
<td width="302">Móda</td>
<td width="302">Vzplanul</td>
</tr>
<tr>
<td width="302">Materiál</td>
<td width="302">Viskóza, polyester, bavlna</td>
</tr>
<tr>
<td width="302">Zapínanie na zips</td>
<td width="302">Áno</td>
</tr>
</tbody>
</table>
<div class="additional-details">
<p style="text-align: center;">Model má <strong>169</strong> cm vysoký, nosí veľkosť každý deň <strong>S</strong></p>
<p style="text-align: center;">Šírka cez prsia 92 cm</p>
<p style="text-align: center;">Šírka v páse 62 cm</p>
<p style="text-align: center;">Šírka v bokoch 94 cm</p>
</div>

<p>Sukienka Brokatowa Krótka Na Ramiączkach Ilon Szara Fenomenalna krótka suknia brokatowa na ramiączkach.  Wspaniała suknia wieczorowa brokatowa z dekoltem w szpic – V pięknie eksponuje biust.  Suknia wieczorowa bardzo ładnie dopasowuje się do sylwetki. Krótka Brokatowa rozkloszowana na ramiączka  została zaprojektowana z myślą o najbardziej wymagających klientkach.   Sukienka Brokatowa na ramiączkach zapinana na zamek pięknie</p>
<div class="klb-readmore post-buttons"><a class="button black outline size-sm" href="https://madelinefashion.pl/sk/sukienka-brokatowa-krotka-na-ramiaczkach-ilon-szara/">Čítať ďalej <i class="klbth-icon-right-arrow"></i></a></div>

pracovný list
