{"id":25487,"date":"2021-11-30T10:32:57","date_gmt":"2021-11-30T09:32:57","guid":{"rendered":"https:\/\/madelinefashion.pl\/?post_type=product&#038;p=25487"},"modified":"2026-04-16T14:39:30","modified_gmt":"2026-04-16T12:39:30","slug":"plaszcz-alpaka-next-pudrowy-roz","status":"publish","type":"product","link":"https:\/\/madelinefashion.pl\/sk\/plaszcz-alpaka-next-pudrowy-roz\/","title":{"rendered":"Kab\u00e1t z alpaky Next Powder Pink"},"content":{"rendered":"<h3 style=\"text-align: center;\">Kab\u00e1t z alpaky Next Powder Pink<\/h3>\n<p style=\"text-align: center;\"><strong>Kab\u00e1t Alpaca Next <\/strong>zap\u00ednanie na skryt\u00e9 patentky je to skuto\u010dn\u00e9 <strong>sez\u00f3nny hit<\/strong>. Je to spojenie elegancie, modernosti a funk\u010dnosti -<strong> P\u00fadrov\u00e1 ru\u017eov\u00e1<\/strong> Tento kab\u00e1t dopln\u00ed ka\u017ed\u00fa siluetu a \u0161t\u00fdl. Je vyroben\u00fd z ve\u013emi m\u00f3dnej a neuverite\u013ene pohodlnej alpaky, je tepl\u00fd a ide\u00e1lny na jar a jese\u0148. Jeho nadrozmern\u00fd, vo\u013en\u00fd strih sa hod\u00ed k elegantn\u00fdm, le\u017e\u00e9rnym aj \u0161portov\u00fdm outfitom. Kab\u00e1t s kapuc\u0148ou m\u00e1 bo\u010dn\u00e9 vreck\u00e1. <strong>Perfektn\u00fd kab\u00e1t na ka\u017ed\u00fa pr\u00edle\u017eitos\u0165.<\/strong> Alpaka m\u00e1 na kapucni n\u00e1\u0161ivku NEXT. V na\u0161om internetovom obchode n\u00e1jdete ve\u013ek\u00fd v\u00fdber kab\u00e1tov za bezkonkuren\u010dn\u00e9 ceny <strong>n\u00edzka cena<\/strong>. Hod\u00ed sa ku ka\u017ed\u00e9mu \u0161t\u00fdlu, na ka\u017edodenn\u00e9 nosenie, no v\u010faka spr\u00e1vnym doplnkom vytvor\u00edte aj origin\u00e1lny ve\u010dern\u00fd outfit<strong>romantick\u00fa prech\u00e1dzku, ako aj pracovn\u00fd v\u00fdlet<\/strong>. Model vhodn\u00fd pre d\u00e1my nosiace ve\u013e <strong>SML XL<\/strong><strong> a XXL\u00a0<\/strong><\/p>\n<h3 style=\"text-align: center;\">rozmery kab\u00e1ta:<\/h3>\n<ul style=\"text-align: center;\">\n<li>Celkov\u00e1 predn\u00e1 d\u013a\u017eka: 82 cm<\/li>\n<li>Celkov\u00e1 d\u013a\u017eka chrbta: 84 cm<\/li>\n<li>\u0160\u00edrka od pazuchy po pazuchu: 55-60 cm<\/li>\n<li>Maxim\u00e1lny obvod hrudn\u00edka: 120 cm<\/li>\n<li>D\u013a\u017eka ruk\u00e1va od podpazu\u0161ia 45 cm<\/li>\n<li>D\u013a\u017eka ruk\u00e1va od ramena 60 cm<br \/>\n\u0160\u00edrka bokov: -57 cm<\/li>\n<\/ul>\n<p style=\"text-align: center;\">Rozmery sa m\u00f4\u017eu mierne l\u00ed\u0161i\u0165 od uveden\u00fdch +\/- 2cm. V\u0161etky uveden\u00e9 rozmery s\u00fa meran\u00e9 plo\u0161ne.<\/p>\n<p style=\"text-align: center;\"><strong>\u00a0<\/strong><\/p>\n<table width=\"499\">\n<tbody>\n<tr>\n<td width=\"302\">Meno modela<\/td>\n<td width=\"302\">Kab\u00e1t Alpaca Next<\/td>\n<\/tr>\n<tr>\n<td width=\"302\">Farba<\/td>\n<td width=\"302\">P\u00fadrov\u00e1 ru\u017eov\u00e1<\/td>\n<\/tr>\n<tr>\n<td width=\"302\">Zbierka<\/td>\n<td width=\"302\">jar\/jese\u0148\/zima<\/td>\n<\/tr>\n<tr>\n<td width=\"302\">ve\u013ekosti<\/td>\n<td width=\"302\">Univerz\u00e1lny<\/td>\n<\/tr>\n<tr>\n<td width=\"302\">M\u00f3da<\/td>\n<td width=\"302\">nadrozmern\u00e9<\/td>\n<\/tr>\n<tr>\n<td width=\"302\">Hood<\/td>\n<td width=\"302\">\u00c1no<\/td>\n<\/tr>\n<tr>\n<td width=\"302\">Zaspievanie<\/td>\n<td width=\"302\">Sn\u00edmky x3<\/td>\n<\/tr>\n<tr>\n<td width=\"302\">Materi\u00e1l<\/td>\n<td width=\"302\">Alpaka<\/td>\n<\/tr>\n<\/tbody>\n<\/table>\n<p style=\"text-align: center;\">\u00a0Model m\u00e1\u00a0<strong>169<\/strong>\u00a0cm vysok\u00fd, nos\u00ed ve\u013ekos\u0165 ka\u017ed\u00fd de\u0148\u00a0<strong>S<\/strong><\/p>\n<p style=\"text-align: center;\">\u0160\u00edrka cez prsia 92 cm<\/p>\n<p style=\"text-align: center;\">\u0160\u00edrka v p\u00e1se 62 cm<\/p>\n<p style=\"text-align: center;\">\u0160\u00edrka v bokoch 94 cm<\/p>","protected":false},"excerpt":{"rendered":"<p>P\u00fadrovo ru\u017eov\u00fd kab\u00e1t Alpaca Next Kab\u00e1t Alpaca Next so skryt\u00fdmi patentn\u00fdmi cvo\u010dkami je skuto\u010dn\u00fdm hitom sez\u00f3ny. Je kombin\u00e1ciou elegancie, modernosti a funk\u010dnosti \u2013 tento p\u00fadrovo ru\u017eov\u00fd kab\u00e1t dopln\u00ed ka\u017ed\u00fa siluetu a \u0161t\u00fdl. Vyroben\u00fd z ve\u013emi m\u00f3dneho a neuverite\u013ene pohodln\u00e9ho materi\u00e1lu \u2013 \u201ealpaky\u201d. Tepl\u00fd, ide\u00e1lny na jar a jese\u0148. Nadrozmern\u00fd, vo\u013en\u00fd strih, ktor\u00fd sa prisp\u00f4sob\u00ed.<\/p>\n<div class=\"klb-readmore post-buttons\"><a class=\"button black outline size-sm\" href=\"https:\/\/madelinefashion.pl\/sk\/plaszcz-alpaka-next-pudrowy-roz\/\">\u010c\u00edta\u0165 \u010falej <i class=\"klbth-icon-right-arrow\"><\/i><\/a><\/div>","protected":false},"featured_media":32776,"template":"","meta":[],"product_brand":[],"product_cat":[120,395,279],"product_tag":[284],"class_list":{"0":"post-25487","1":"product","2":"type-product","3":"status-publish","4":"has-post-thumbnail","6":"product_cat-plaszcze-dlugie","7":"product_cat-nowosci","8":"product_cat-plaszcze-wiosenne","9":"product_tag-alpaka","10":"pa_rozmiar-xl","11":"pa_rozmiar-s","12":"pa_rozmiar-m","13":"pa_rozmiar-l","15":"first","16":"instock","17":"sale","18":"purchasable","19":"product-type-simple"},"_links":{"self":[{"href":"https:\/\/madelinefashion.pl\/sk\/wp-json\/wp\/v2\/product\/25487","targetHints":{"allow":["GET"]}}],"collection":[{"href":"https:\/\/madelinefashion.pl\/sk\/wp-json\/wp\/v2\/product"}],"about":[{"href":"https:\/\/madelinefashion.pl\/sk\/wp-json\/wp\/v2\/types\/product"}],"wp:featuredmedia":[{"embeddable":true,"href":"https:\/\/madelinefashion.pl\/sk\/wp-json\/wp\/v2\/media\/32776"}],"wp:attachment":[{"href":"https:\/\/madelinefashion.pl\/sk\/wp-json\/wp\/v2\/media?parent=25487"}],"wp:term":[{"taxonomy":"product_brand","embeddable":true,"href":"https:\/\/madelinefashion.pl\/sk\/wp-json\/wp\/v2\/product_brand?post=25487"},{"taxonomy":"product_cat","embeddable":true,"href":"https:\/\/madelinefashion.pl\/sk\/wp-json\/wp\/v2\/product_cat?post=25487"},{"taxonomy":"product_tag","embeddable":true,"href":"https:\/\/madelinefashion.pl\/sk\/wp-json\/wp\/v2\/product_tag?post=25487"}],"curies":[{"name":"pracovn\u00fd list","href":"https:\/\/api.w.org\/{rel}","templated":true}]}}

Kabát z alpaky Next Powder Pink

<h3 style="text-align: center;">Kabát z alpaky Next Powder Pink</h3>
<p style="text-align: center;"><strong>Kabát Alpaca Next </strong>zapínanie na skryté patentky je to skutočné <strong>sezónny hit</strong>. Je to spojenie elegancie, modernosti a funkčnosti -<strong> Púdrová ružová</strong> Tento kabát doplní každú siluetu a štýl. Je vyrobený z veľmi módnej a neuveriteľne pohodlnej alpaky, je teplý a ideálny na jar a jeseň. Jeho nadrozmerný, voľný strih sa hodí k elegantným, ležérnym aj športovým outfitom. Kabát s kapucňou má bočné vrecká. <strong>Perfektný kabát na každú príležitosť.</strong> Alpaka má na kapucni nášivku NEXT. V našom internetovom obchode nájdete veľký výber kabátov za bezkonkurenčné ceny <strong>nízka cena</strong>. Hodí sa ku každému štýlu, na každodenné nosenie, no vďaka správnym doplnkom vytvoríte aj originálny večerný outfit<strong>romantickú prechádzku, ako aj pracovný výlet</strong>. Model vhodný pre dámy nosiace veľ <strong>SML XL</strong><strong> a XXL </strong></p>
<h3 style="text-align: center;">rozmery kabáta:</h3>
<ul style="text-align: center;">
<li>Celková predná dĺžka: 82 cm</li>
<li>Celková dĺžka chrbta: 84 cm</li>
<li>Šírka od pazuchy po pazuchu: 55-60 cm</li>
<li>Maximálny obvod hrudníka: 120 cm</li>
<li>Dĺžka rukáva od podpazušia 45 cm</li>
<li>Dĺžka rukáva od ramena 60 cm<br />
Šírka bokov: -57 cm</li>
</ul>
<p style="text-align: center;">Rozmery sa môžu mierne líšiť od uvedených +/- 2cm. Všetky uvedené rozmery sú merané plošne.</p>
<p style="text-align: center;"><strong> </strong></p>
<table width="499">
<tbody>
<tr>
<td width="302">Meno modela</td>
<td width="302">Kabát Alpaca Next</td>
</tr>
<tr>
<td width="302">Farba</td>
<td width="302">Púdrová ružová</td>
</tr>
<tr>
<td width="302">Zbierka</td>
<td width="302">jar/jeseň/zima</td>
</tr>
<tr>
<td width="302">veľkosti</td>
<td width="302">Univerzálny</td>
</tr>
<tr>
<td width="302">Móda</td>
<td width="302">nadrozmerné</td>
</tr>
<tr>
<td width="302">Hood</td>
<td width="302">Áno</td>
</tr>
<tr>
<td width="302">Zaspievanie</td>
<td width="302">Snímky x3</td>
</tr>
<tr>
<td width="302">Materiál</td>
<td width="302">Alpaka</td>
</tr>
</tbody>
</table>
<p style="text-align: center;"> Model má <strong>169</strong> cm vysoký, nosí veľkosť každý deň <strong>S</strong></p>
<p style="text-align: center;">Šírka cez prsia 92 cm</p>
<p style="text-align: center;">Šírka v páse 62 cm</p>
<p style="text-align: center;">Šírka v bokoch 94 cm</p>

<p>Púdrovo ružový kabát Alpaca Next Kabát Alpaca Next so skrytými patentnými cvočkami je skutočným hitom sezóny. Je kombináciou elegancie, modernosti a funkčnosti – tento púdrovo ružový kabát doplní každú siluetu a štýl. Vyrobený z veľmi módneho a neuveriteľne pohodlného materiálu – „alpaky”. Teplý, ideálny na jar a jeseň. Nadrozmerný, voľný strih, ktorý sa prispôsobí.</p>
<div class="klb-readmore post-buttons"><a class="button black outline size-sm" href="https://madelinefashion.pl/sk/plaszcz-alpaka-next-pudrowy-roz/">Čítať ďalej <i class="klbth-icon-right-arrow"></i></a></div>

pracovný list
