{"id":25493,"date":"2021-11-30T10:56:17","date_gmt":"2021-11-30T09:56:17","guid":{"rendered":"https:\/\/madelinefashion.pl\/?post_type=product&#038;p=25493"},"modified":"2026-02-20T14:58:03","modified_gmt":"2026-02-20T13:58:03","slug":"dzianinowy-komplet-zestaw-sukienka-i-sweter-chain-karmel","status":"publish","type":"product","link":"https:\/\/madelinefashion.pl\/sk\/dzianinowy-komplet-zestaw-sukienka-i-sweter-chain-karmel\/","title":{"rendered":"Pleten\u00e1 s\u00faprava \u0161iat s retiazkou a svetra Karamel"},"content":{"rendered":"<h3 style=\"text-align: center;\">Pleten\u00e1 s\u00faprava \u0161iat s retiazkou a svetra Karamel<\/h3>\n<p style=\"text-align: center;\">Ide\u00e1lny set na jar, jese\u0148 a zimu. Dobre zvolen\u00e1 horn\u00e1 a spodn\u00e1 \u010das\u0165 \u0161atn\u00edka, aby spolu ladili.<br \/>\nVyberte si na\u0161u s\u00fapravu \u2013 dokonale zladen\u00fa! M\u00f3dna s\u00faprava kombinuj\u00faca sveter s pleten\u00fdmi \u0161atami na ramienka je dokonal\u00fdm rie\u0161en\u00edm na ka\u017ed\u00fa pr\u00edle\u017eitos\u0165.<br \/>\nK nohaviciam sa perfektne hod\u00ed aj svetr\u00edk zdoben\u00fd zlatou retiazkou. <strong>Univerz\u00e1lna ve\u013ekos\u0165, odpor\u00fa\u010dan\u00e9 S-XL<\/strong><\/p>\n<ul style=\"text-align: center;\">\n<li><strong>M\u00f3dny \u0161t\u00fdl<\/strong><\/li>\n<li><\/li>\n<li>Ve\u013emi tepl\u00e9 a pr\u00edjemn\u00e9 na dotyk<\/li>\n<li>Eur\u00f3psky v\u00fdrobok - NAJVY\u0160\u0160IA KVALITA<\/li>\n<\/ul>\n<p style=\"text-align: center;\"><strong>rozmery svetra:<\/strong><\/p>\n<p style=\"text-align: center;\">Celkov\u00e1 d\u013a\u017eka: 39 cm<\/p>\n<p style=\"text-align: center;\">\u0160\u00edrka od pazuchy po pazuchu: 60 cm<\/p>\n<p style=\"text-align: center;\">D\u013a\u017eka ruk\u00e1va od podpazu\u0161ia: 46 cm<\/p>\n<p style=\"text-align: center;\">D\u013a\u017eka ruk\u00e1va od ramena: 61 cm<\/p>\n<p style=\"text-align: center;\">\u0160\u00edrka v spodnej \u010dasti: 51 - 61 cm<\/p>\n<p style=\"text-align: center;\"><strong>Rozmery \u0161iat:<\/strong><\/p>\n<p style=\"text-align: center;\">Celkov\u00e1 d\u013a\u017eka: 76 cm<\/p>\n<p style=\"text-align: center;\">\u0160\u00edrka v hornej \u010dasti (elastick\u00fd): 28-40 cm<\/p>\n<p style=\"text-align: center;\">\u0160\u00edrka v p\u00e1se: 30-48 cm<\/p>\n<p style=\"text-align: center;\">\u0160\u00edrka v spodnej \u010dasti: 40-52 cm<\/p>\n<p style=\"text-align: center;\"><strong>Materi\u00e1l sa rozd\u00e1va<\/strong><\/p>\n<p style=\"text-align: center;\">Rozmery sa m\u00f4\u017eu mierne l\u00ed\u0161i\u0165 od uveden\u00fdch +\/- 2cm. V\u0161etky uveden\u00e9 rozmery s\u00fa meran\u00e9 plo\u0161ne.<strong> rozmer x2<\/strong><\/p>\n<p>&nbsp;<\/p>\n<table style=\"height: 244px;\" width=\"762\">\n<tbody>\n<tr>\n<td width=\"302\">Meno modela<\/td>\n<td width=\"302\">Pleten\u00e1 s\u00faprava retiazkov\u00fdch \u0161iat a svetra<\/td>\n<\/tr>\n<tr>\n<td width=\"302\">Farba<\/td>\n<td width=\"302\">karamel<\/td>\n<\/tr>\n<tr>\n<td width=\"302\">Zbierka<\/td>\n<td width=\"302\">jar\/jese\u0148\/zima<\/td>\n<\/tr>\n<tr>\n<td width=\"302\">ve\u013ekosti<\/td>\n<td width=\"302\">Univerz\u00e1lny<\/td>\n<\/tr>\n<tr>\n<td width=\"302\">M\u00f3da<\/td>\n<td width=\"302\">Zhoda<\/td>\n<\/tr>\n<tr>\n<td width=\"302\">Hood<\/td>\n<td width=\"302\">Bez kapucne<\/td>\n<\/tr>\n<tr>\n<td width=\"302\">Dlh\u00fd ruk\u00e1v<\/td>\n<td width=\"302\">\u00c1no<\/td>\n<\/tr>\n<tr>\n<td width=\"302\">Materi\u00e1l<\/td>\n<td width=\"302\">100% akryl<\/td>\n<\/tr>\n<\/tbody>\n<\/table>\n<p style=\"text-align: center;\">Model m\u00e1\u00a0<strong>169<\/strong>\u00a0cm vysok\u00fd, nos\u00ed ve\u013ekos\u0165 ka\u017ed\u00fd de\u0148\u00a0<strong>S<\/strong><\/p>\n<p style=\"text-align: center;\">\u0160\u00edrka cez prsia 92 cm<\/p>\n<p style=\"text-align: center;\">\u0160\u00edrka v p\u00e1se 62 cm<\/p>\n<p style=\"text-align: center;\">\u0160\u00edrka v bokoch 94 cm<\/p>","protected":false},"excerpt":{"rendered":"<p>Dzianinowy Komplet Zestaw Sukienka i Sweter Chain Karmel Idealny zestaw na wiosn\u0119\u00a0 jesie\u0144 i zim\u0119. Dobrze dobrana g\u00f3rna i dolna cz\u0119\u015b\u0107 garderoby, tak by razem wsp\u00f3\u0142gra\u0142y. Wybierz nasz komplet &#8211; idealnie ze sob\u0105 zestawiony! Modny komplet \u0142\u0105cz\u0105cy sweterek z sukienk\u0105 dzianinow\u0105 na rami\u0105czkach to doskona\u0142e rozwi\u0105zanie na ka\u017cd\u0105 okazj\u0119. Sweterek ozdobiony z\u0142otym \u0142a\u0144cuszkiem r\u00f3wnie\u017c idealnie<\/p>\n<div class=\"klb-readmore post-buttons\"><a class=\"button black outline size-sm\" href=\"https:\/\/madelinefashion.pl\/sk\/dzianinowy-komplet-zestaw-sukienka-i-sweter-chain-karmel\/\">\u010c\u00edta\u0165 \u010falej <i class=\"klbth-icon-right-arrow\"><\/i><\/a><\/div>","protected":false},"featured_media":73429,"template":"","meta":[],"product_brand":[],"product_cat":[89,78,395],"product_tag":[],"class_list":{"0":"post-25493","1":"product","2":"type-product","3":"status-publish","4":"has-post-thumbnail","6":"product_cat-komplety","7":"product_cat-swetry-damskie","8":"product_cat-nowosci","10":"first","11":"instock","12":"purchasable","13":"product-type-simple"},"_links":{"self":[{"href":"https:\/\/madelinefashion.pl\/sk\/wp-json\/wp\/v2\/product\/25493","targetHints":{"allow":["GET"]}}],"collection":[{"href":"https:\/\/madelinefashion.pl\/sk\/wp-json\/wp\/v2\/product"}],"about":[{"href":"https:\/\/madelinefashion.pl\/sk\/wp-json\/wp\/v2\/types\/product"}],"wp:featuredmedia":[{"embeddable":true,"href":"https:\/\/madelinefashion.pl\/sk\/wp-json\/wp\/v2\/media\/73429"}],"wp:attachment":[{"href":"https:\/\/madelinefashion.pl\/sk\/wp-json\/wp\/v2\/media?parent=25493"}],"wp:term":[{"taxonomy":"product_brand","embeddable":true,"href":"https:\/\/madelinefashion.pl\/sk\/wp-json\/wp\/v2\/product_brand?post=25493"},{"taxonomy":"product_cat","embeddable":true,"href":"https:\/\/madelinefashion.pl\/sk\/wp-json\/wp\/v2\/product_cat?post=25493"},{"taxonomy":"product_tag","embeddable":true,"href":"https:\/\/madelinefashion.pl\/sk\/wp-json\/wp\/v2\/product_tag?post=25493"}],"curies":[{"name":"pracovn\u00fd list","href":"https:\/\/api.w.org\/{rel}","templated":true}]}}

Pletená súprava šiat s retiazkou a svetra Karamel

<h3 style="text-align: center;">Pletená súprava šiat s retiazkou a svetra Karamel</h3>
<p style="text-align: center;">Ideálny set na jar, jeseň a zimu. Dobre zvolená horná a spodná časť šatníka, aby spolu ladili.<br />
Vyberte si našu súpravu – dokonale zladenú! Módna súprava kombinujúca sveter s pletenými šatami na ramienka je dokonalým riešením na každú príležitosť.<br />
K nohaviciam sa perfektne hodí aj svetrík zdobený zlatou retiazkou. <strong>Univerzálna veľkosť, odporúčané S-XL</strong></p>
<ul style="text-align: center;">
<li><strong>Módny štýl</strong></li>
<li></li>
<li>Veľmi teplé a príjemné na dotyk</li>
<li>Európsky výrobok - NAJVYŠŠIA KVALITA</li>
</ul>
<p style="text-align: center;"><strong>rozmery svetra:</strong></p>
<p style="text-align: center;">Celková dĺžka: 39 cm</p>
<p style="text-align: center;">Šírka od pazuchy po pazuchu: 60 cm</p>
<p style="text-align: center;">Dĺžka rukáva od podpazušia: 46 cm</p>
<p style="text-align: center;">Dĺžka rukáva od ramena: 61 cm</p>
<p style="text-align: center;">Šírka v spodnej časti: 51 - 61 cm</p>
<p style="text-align: center;"><strong>Rozmery šiat:</strong></p>
<p style="text-align: center;">Celková dĺžka: 76 cm</p>
<p style="text-align: center;">Šírka v hornej časti (elastický): 28-40 cm</p>
<p style="text-align: center;">Šírka v páse: 30-48 cm</p>
<p style="text-align: center;">Šírka v spodnej časti: 40-52 cm</p>
<p style="text-align: center;"><strong>Materiál sa rozdáva</strong></p>
<p style="text-align: center;">Rozmery sa môžu mierne líšiť od uvedených +/- 2cm. Všetky uvedené rozmery sú merané plošne.<strong> rozmer x2</strong></p>
<p>&nbsp;</p>
<table style="height: 244px;" width="762">
<tbody>
<tr>
<td width="302">Meno modela</td>
<td width="302">Pletená súprava retiazkových šiat a svetra</td>
</tr>
<tr>
<td width="302">Farba</td>
<td width="302">karamel</td>
</tr>
<tr>
<td width="302">Zbierka</td>
<td width="302">jar/jeseň/zima</td>
</tr>
<tr>
<td width="302">veľkosti</td>
<td width="302">Univerzálny</td>
</tr>
<tr>
<td width="302">Móda</td>
<td width="302">Zhoda</td>
</tr>
<tr>
<td width="302">Hood</td>
<td width="302">Bez kapucne</td>
</tr>
<tr>
<td width="302">Dlhý rukáv</td>
<td width="302">Áno</td>
</tr>
<tr>
<td width="302">Materiál</td>
<td width="302">100% akryl</td>
</tr>
</tbody>
</table>
<p style="text-align: center;">Model má <strong>169</strong> cm vysoký, nosí veľkosť každý deň <strong>S</strong></p>
<p style="text-align: center;">Šírka cez prsia 92 cm</p>
<p style="text-align: center;">Šírka v páse 62 cm</p>
<p style="text-align: center;">Šírka v bokoch 94 cm</p>

<p>Dzianinowy Komplet Zestaw Sukienka i Sweter Chain Karmel Idealny zestaw na wiosnę  jesień i zimę. Dobrze dobrana górna i dolna część garderoby, tak by razem współgrały. Wybierz nasz komplet &#8211; idealnie ze sobą zestawiony! Modny komplet łączący sweterek z sukienką dzianinową na ramiączkach to doskonałe rozwiązanie na każdą okazję. Sweterek ozdobiony złotym łańcuszkiem również idealnie</p>
<div class="klb-readmore post-buttons"><a class="button black outline size-sm" href="https://madelinefashion.pl/sk/dzianinowy-komplet-zestaw-sukienka-i-sweter-chain-karmel/">Čítať ďalej <i class="klbth-icon-right-arrow"></i></a></div>

pracovný list
