{"id":2607,"date":"2020-11-17T19:06:53","date_gmt":"2020-11-17T18:06:53","guid":{"rendered":"http:\/\/serwer2078743.home.pl\/?post_type=product&#038;p=2607"},"modified":"2026-02-20T14:59:09","modified_gmt":"2026-02-20T13:59:09","slug":"komplet-sweterkowy-verona-rozowy","status":"publish","type":"product","link":"https:\/\/madelinefashion.pl\/sk\/komplet-sweterkowy-verona-rozowy\/","title":{"rendered":"S\u00daPRAVA SVETROV VERONA RU\u017dOV\u00dd"},"content":{"rendered":"<h3 style=\"text-align: center;\">S\u00daPRAVA SVETROV VERONA RU\u017dOV\u00dd<\/h3>\n<p style=\"text-align: center;\">Ide\u00e1lny set na jar, jese\u0148 a zimu. Dobre zvolen\u00e1 horn\u00e1 a spodn\u00e1 \u010das\u0165 \u0161atn\u00edka, aby spolu ladili.<br \/>\nVyberte si na\u0161u s\u00fapravu \u2013 dokonale zladen\u00fa! M\u00f3dna s\u00faprava kombinuj\u00faca sveter so suk\u0148ou je dokonal\u00fdm rie\u0161en\u00edm na ka\u017ed\u00fa pr\u00edle\u017eitos\u0165.<br \/>\nSveter sa perfektne hod\u00ed aj k nohaviciam.<\/p>\n<ul style=\"text-align: center;\">\n<li><strong>M\u00f3dny \u0161t\u00fdl<\/strong><\/li>\n<li>Kr\u00e1sne tkan\u00e9 vrko\u010de<\/li>\n<li>Ve\u013emi tepl\u00e9 a pr\u00edjemn\u00e9 na dotyk<\/li>\n<li>Eur\u00f3psky v\u00fdrobok - NAJVY\u0160\u0160IA KVALITA<\/li>\n<\/ul>\n<h3 style=\"text-align: center;\"><strong>Univerz\u00e1lna ve\u013ekos\u0165, odpor\u00fa\u010dan\u00e9 S-XL<\/strong><\/h3>\n<p style=\"text-align: center;\"><strong>rozmery svetra:<\/strong><\/p>\n<p style=\"text-align: center;\">Celkov\u00e1 d\u013a\u017eka: 55 cm<\/p>\n<p style=\"text-align: center;\">\u0160\u00edrka hrudn\u00edka: max 120 cm<\/p>\n<p style=\"text-align: center;\">D\u013a\u017eka ruk\u00e1va od podpazu\u0161ia: 35 cm<\/p>\n<p style=\"text-align: center;\"><strong>Rozmery sukne:<\/strong><\/p>\n<p style=\"text-align: center;\">Celkov\u00e1 d\u013a\u017eka: 65 cm<\/p>\n<p style=\"text-align: center;\">\u0160\u00edrka p\u00e1sa: 35-42 cm (elastick\u00fd) (pri uveden\u00fdch rozmeroch x2)<\/p>\n<p style=\"text-align: center;\">\u0160\u00edrka bokov: 40-44 cm (pri uveden\u00fdch rozmeroch x2)<\/p>\n<p style=\"text-align: center;\"><strong>Materi\u00e1l sa rozd\u00e1va<\/strong><\/p>\n<p style=\"text-align: center;\">Rozmery sa m\u00f4\u017eu mierne l\u00ed\u0161i\u0165 od uveden\u00fdch +\/- 2cm. V\u0161etky uveden\u00e9 rozmery s\u00fa meran\u00e9 plo\u0161ne.<\/p>\n<table class=\"aligncenter\" style=\"height: 240px;\" width=\"616\">\n<tbody>\n<tr>\n<td width=\"302\">Meno modela<\/td>\n<td width=\"302\">S\u00faprava svetrov Verona<\/td>\n<\/tr>\n<tr>\n<td width=\"302\">Farba<\/td>\n<td width=\"302\">Ru\u017eov\u00e1<\/td>\n<\/tr>\n<tr>\n<td width=\"302\">Zbierka<\/td>\n<td width=\"302\">jar\/jese\u0148\/zima<\/td>\n<\/tr>\n<tr>\n<td width=\"302\">ve\u013ekosti<\/td>\n<td width=\"302\">Univerz\u00e1lny<\/td>\n<\/tr>\n<tr>\n<td width=\"302\">M\u00f3da<\/td>\n<td width=\"302\">nadrozmern\u00e9<\/td>\n<\/tr>\n<tr>\n<td width=\"302\">Hood<\/td>\n<td width=\"302\">Bez kapucne<\/td>\n<\/tr>\n<tr>\n<td width=\"302\">izolovan\u00e9<\/td>\n<td width=\"302\">jednopl\u00e1\u0161\u0165ov\u00e9<\/td>\n<\/tr>\n<tr>\n<td style=\"text-align: center;\" width=\"302\">Materi\u00e1l<\/td>\n<td width=\"302\">\n<p style=\"text-align: center;\">74% akryl, 26% polyamid<\/p>\n<\/td>\n<\/tr>\n<\/tbody>\n<\/table>\n<p style=\"text-align: center;\">","protected":false},"excerpt":{"rendered":"<p>KOMPLET SWETERKOWY VERONA R\u00d3\u017bOWY Idealny zestaw na wiosn\u0119\u00a0 jesie\u0144 i zim\u0119. Dobrze dobrana g\u00f3rna i dolna cz\u0119\u015b\u0107 garderoby, tak by razem wsp\u00f3\u0142gra\u0142y. Wybierz nasz komplet &#8211; idealnie ze sob\u0105 zestawiony! Modny komplet \u0142\u0105cz\u0105cy sweterek ze sp\u00f3dnic\u0105 to doskona\u0142e rozwi\u0105zanie na ka\u017cd\u0105 okazj\u0119. Sweterek r\u00f3wnie\u017c idealnie komponuj\u0119 si\u0119 ze spodniami. Modny fason Pi\u0119kny splot w warkocze<\/p>\n<div class=\"klb-readmore post-buttons\"><a class=\"button black outline size-sm\" href=\"https:\/\/madelinefashion.pl\/sk\/komplet-sweterkowy-verona-rozowy\/\">\u010c\u00edta\u0165 \u010falej <i class=\"klbth-icon-right-arrow\"><\/i><\/a><\/div>","protected":false},"featured_media":2605,"template":"","meta":[],"product_brand":[],"product_cat":[89,78],"product_tag":[],"class_list":{"0":"post-2607","1":"product","2":"type-product","3":"status-publish","4":"has-post-thumbnail","6":"product_cat-komplety","7":"product_cat-swetry-damskie","9":"first","10":"instock","11":"purchasable","12":"product-type-simple"},"_links":{"self":[{"href":"https:\/\/madelinefashion.pl\/sk\/wp-json\/wp\/v2\/product\/2607","targetHints":{"allow":["GET"]}}],"collection":[{"href":"https:\/\/madelinefashion.pl\/sk\/wp-json\/wp\/v2\/product"}],"about":[{"href":"https:\/\/madelinefashion.pl\/sk\/wp-json\/wp\/v2\/types\/product"}],"wp:featuredmedia":[{"embeddable":true,"href":"https:\/\/madelinefashion.pl\/sk\/wp-json\/wp\/v2\/media\/2605"}],"wp:attachment":[{"href":"https:\/\/madelinefashion.pl\/sk\/wp-json\/wp\/v2\/media?parent=2607"}],"wp:term":[{"taxonomy":"product_brand","embeddable":true,"href":"https:\/\/madelinefashion.pl\/sk\/wp-json\/wp\/v2\/product_brand?post=2607"},{"taxonomy":"product_cat","embeddable":true,"href":"https:\/\/madelinefashion.pl\/sk\/wp-json\/wp\/v2\/product_cat?post=2607"},{"taxonomy":"product_tag","embeddable":true,"href":"https:\/\/madelinefashion.pl\/sk\/wp-json\/wp\/v2\/product_tag?post=2607"}],"curies":[{"name":"pracovn\u00fd list","href":"https:\/\/api.w.org\/{rel}","templated":true}]}}

SÚPRAVA SVETROV VERONA RUŽOVÝ

<h3 style="text-align: center;">SÚPRAVA SVETROV VERONA RUŽOVÝ</h3>
<p style="text-align: center;">Ideálny set na jar, jeseň a zimu. Dobre zvolená horná a spodná časť šatníka, aby spolu ladili.<br />
Vyberte si našu súpravu – dokonale zladenú! Módna súprava kombinujúca sveter so sukňou je dokonalým riešením na každú príležitosť.<br />
Sveter sa perfektne hodí aj k nohaviciam.</p>
<ul style="text-align: center;">
<li><strong>Módny štýl</strong></li>
<li>Krásne tkané vrkoče</li>
<li>Veľmi teplé a príjemné na dotyk</li>
<li>Európsky výrobok - NAJVYŠŠIA KVALITA</li>
</ul>
<h3 style="text-align: center;"><strong>Univerzálna veľkosť, odporúčané S-XL</strong></h3>
<p style="text-align: center;"><strong>rozmery svetra:</strong></p>
<p style="text-align: center;">Celková dĺžka: 55 cm</p>
<p style="text-align: center;">Šírka hrudníka: max 120 cm</p>
<p style="text-align: center;">Dĺžka rukáva od podpazušia: 35 cm</p>
<p style="text-align: center;"><strong>Rozmery sukne:</strong></p>
<p style="text-align: center;">Celková dĺžka: 65 cm</p>
<p style="text-align: center;">Šírka pása: 35-42 cm (elastický) (pri uvedených rozmeroch x2)</p>
<p style="text-align: center;">Šírka bokov: 40-44 cm (pri uvedených rozmeroch x2)</p>
<p style="text-align: center;"><strong>Materiál sa rozdáva</strong></p>
<p style="text-align: center;">Rozmery sa môžu mierne líšiť od uvedených +/- 2cm. Všetky uvedené rozmery sú merané plošne.</p>
<table class="aligncenter" style="height: 240px;" width="616">
<tbody>
<tr>
<td width="302">Meno modela</td>
<td width="302">Súprava svetrov Verona</td>
</tr>
<tr>
<td width="302">Farba</td>
<td width="302">Ružová</td>
</tr>
<tr>
<td width="302">Zbierka</td>
<td width="302">jar/jeseň/zima</td>
</tr>
<tr>
<td width="302">veľkosti</td>
<td width="302">Univerzálny</td>
</tr>
<tr>
<td width="302">Móda</td>
<td width="302">nadrozmerné</td>
</tr>
<tr>
<td width="302">Hood</td>
<td width="302">Bez kapucne</td>
</tr>
<tr>
<td width="302">izolované</td>
<td width="302">jednoplášťové</td>
</tr>
<tr>
<td style="text-align: center;" width="302">Materiál</td>
<td width="302">
<p style="text-align: center;">74% akryl, 26% polyamid</p>
</td>
</tr>
</tbody>
</table>
<p style="text-align: center;">

<p>KOMPLET SWETERKOWY VERONA RÓŻOWY Idealny zestaw na wiosnę  jesień i zimę. Dobrze dobrana górna i dolna część garderoby, tak by razem współgrały. Wybierz nasz komplet &#8211; idealnie ze sobą zestawiony! Modny komplet łączący sweterek ze spódnicą to doskonałe rozwiązanie na każdą okazję. Sweterek również idealnie komponuję się ze spodniami. Modny fason Piękny splot w warkocze</p>
<div class="klb-readmore post-buttons"><a class="button black outline size-sm" href="https://madelinefashion.pl/sk/komplet-sweterkowy-verona-rozowy/">Čítať ďalej <i class="klbth-icon-right-arrow"></i></a></div>

pracovný list
