{"id":2669,"date":"2020-11-17T21:35:06","date_gmt":"2020-11-17T20:35:06","guid":{"rendered":"http:\/\/serwer2078743.home.pl\/?post_type=product&#038;p=2669"},"modified":"2026-04-13T14:57:37","modified_gmt":"2026-04-13T12:57:37","slug":"kardigan-versa-kaptur-rozowy","status":"publish","type":"product","link":"https:\/\/madelinefashion.pl\/sk\/kardigan-versa-kaptur-rozowy\/","title":{"rendered":"Kardiganov\u00fd pudrov\u00fd pudr Versa s kapuc\u0148ou"},"content":{"rendered":"<h3 style=\"text-align: center;\">Kardiganov\u00fd pudrov\u00fd pudr Versa s kapuc\u0148ou<\/h3>\n<p style=\"text-align: center;\"><span style=\"font-size: 10pt;\">Vyzer\u00e1 skvele v kombin\u00e1cii s d\u017e\u00ednsami alebo leg\u00ednami, m\u00f4\u017ee nahradi\u0165 sako.<\/span><\/p>\n<p style=\"text-align: center;\"><span style=\"font-size: 10pt;\">Tak\u00fdto sveter by mala ma\u0165 v \u0161atn\u00edku ka\u017ed\u00e1 z n\u00e1s.<\/span><\/p>\n<p style=\"text-align: center;\"><span style=\"font-size: 10pt;\">Klasick\u00fd strih, jedine\u010dn\u00fd v le\u017e\u00e9rnom \u0161t\u00fdle.<\/span><\/p>\n<p style=\"text-align: center;\"><span style=\"font-size: 10pt;\">\u00da\u017easn\u00e1 kvalita za najlep\u0161iu cenu!<\/span><\/p>\n<p style=\"text-align: center;\"><span style=\"font-size: 10pt;\">Eur\u00f3psky v\u00fdrobok, ve\u013emi kvalitn\u00fd materi\u00e1l.<\/span><\/p>\n<p style=\"text-align: center;\"><span style=\"font-size: 10pt;\">Dokonale sa prisp\u00f4sob\u00ed postave\u00a0<\/span><\/p>\n<p style=\"text-align: center;\"><strong><span style=\"font-size: 10pt;\">Perfektn\u00fd kardigan na ka\u017ed\u00fa pr\u00edle\u017eitos\u0165<\/span><\/strong><\/p>\n<p style=\"text-align: center;\"><span style=\"font-size: 10pt;\">Ide\u00e1lne do \u0161koly, pr\u00e1ce, na rande alebo na stretnutie s priate\u013emi!<\/span><\/p>\n<p style=\"text-align: center;\"><span style=\"font-size: 10pt;\"><strong>Ide\u00e1lne pre ka\u017ed\u00fa pr\u00edle\u017eitos\u0165 a \u010das!<\/strong><\/span><\/p>\n<p style=\"text-align: center;\"><strong>Univerz\u00e1lna ve\u013ekos\u0165, odpor\u00fa\u010dan\u00e9 S-XL<\/strong><\/p>\n<h3 style=\"text-align: center;\">Rozmery:<\/h3>\n<ul style=\"text-align: center;\">\n<li>Celkov\u00e1 d\u013a\u017eka: 63 cm<\/li>\n<li>\u0160\u00edrka od podpazu\u0161ia po: 55 cm<\/li>\n<li>\u0160\u00edrka v p\u00e1se: 55 cm<\/li>\n<li>D\u013a\u017eka ruk\u00e1va od podpazu\u0161ia: 44 cm<\/li>\n<\/ul>\n<p style=\"text-align: center;\"><span style=\"font-size: 10pt;\">Rozmery sa m\u00f4\u017eu mierne l\u00ed\u0161i\u0165 od uveden\u00fdch +\/- 2cm. V\u0161etky uveden\u00e9 rozmery s\u00fa meran\u00e9 plo\u0161ne.<\/span><\/p>\n<p style=\"text-align: center;\"><span style=\"font-size: 10pt;\"><strong>\u00a0<\/strong>\u00a0<\/span><\/p>\n<table width=\"610\">\n<tbody>\n<tr>\n<td width=\"302\">Meno modela<\/td>\n<td width=\"302\">Pr\u00e9miov\u00fd sveter Versa Cardigan s kapuc\u0148ou<\/td>\n<\/tr>\n<tr>\n<td width=\"302\">Farba<\/td>\n<td width=\"302\">Ru\u017eov\u00e1<\/td>\n<\/tr>\n<tr>\n<td width=\"302\">ve\u013ekosti<\/td>\n<td width=\"302\">Univerz\u00e1lny<\/td>\n<\/tr>\n<tr>\n<td width=\"302\">M\u00f3da<\/td>\n<td width=\"302\">nadrozmern\u00e9<\/td>\n<\/tr>\n<tr>\n<td width=\"302\">Hood<\/td>\n<td width=\"302\">\u00c1no<\/td>\n<\/tr>\n<tr>\n<td width=\"302\">izolovan\u00e9<\/td>\n<td width=\"302\">jednopl\u00e1\u0161\u0165ov\u00e9<\/td>\n<\/tr>\n<tr>\n<td width=\"302\">Materi\u00e1l<\/td>\n<td width=\"302\">75% akryl, 25% polyamid<\/td>\n<\/tr>\n<\/tbody>\n<\/table>\n<div class=\"additional-details\" style=\"text-align: center;\">\n<div class=\"tabs tabs-bb clear mb-80\">\n<div class=\"tab-content\">\n<div id=\"tab-description\" class=\"tab-pane fade in woocommerce-Tabs-panel--description active\">\n<div class=\"overview-buttons\">\n<div class=\"add-to-wishlist\">\n<p>\u00a0Model m\u00e1\u00a0<strong>165<\/strong>\u00a0cm vysok\u00fd, nos\u00ed ve\u013ekos\u0165 ka\u017ed\u00fd de\u0148\u00a0<strong>S<\/strong><\/p>\n<\/div>\n<\/div>\n<\/div>\n<\/div>\n<\/div>\n<section class=\"up-sells upsells products mb-80\"><\/section>\n<\/div>","protected":false},"excerpt":{"rendered":"<p>Kardigan z Kapturem Versa Pudrowy R\u00f3\u017c \u015awietnie wygl\u0105da w zestawieniu z jeansami lub legginsami, mo\u017ce zast\u0105pi\u0107 marynark\u0119. Taki sweterek powinna mie\u0107 ka\u017cda z nas w swojej szafie. Fason klasyczny, unikatowy w stylu casual. Rewelacyjna jako\u015b\u0107 w najlepszej cenie ! Produkt europejski, bardzo dobra jako\u015b\u0107 materia\u0142u. Idealnie dopasowuje si\u0119 do sylwetki\u00a0 Kardigan\u00a0idealny na ka\u017cd\u0105 okazj\u0119 Idealne<\/p>\n<div class=\"klb-readmore post-buttons\"><a class=\"button black outline size-sm\" href=\"https:\/\/madelinefashion.pl\/sk\/kardigan-versa-kaptur-rozowy\/\">\u010c\u00edta\u0165 \u010falej <i class=\"klbth-icon-right-arrow\"><\/i><\/a><\/div>","protected":false},"featured_media":2665,"template":"","meta":[],"product_brand":[],"product_cat":[91],"product_tag":[162],"class_list":{"0":"post-2669","1":"product","2":"type-product","3":"status-publish","4":"has-post-thumbnail","6":"product_cat-kardigany-damskie","7":"product_tag-narzutka","9":"first","10":"instock","11":"purchasable","12":"product-type-simple"},"_links":{"self":[{"href":"https:\/\/madelinefashion.pl\/sk\/wp-json\/wp\/v2\/product\/2669","targetHints":{"allow":["GET"]}}],"collection":[{"href":"https:\/\/madelinefashion.pl\/sk\/wp-json\/wp\/v2\/product"}],"about":[{"href":"https:\/\/madelinefashion.pl\/sk\/wp-json\/wp\/v2\/types\/product"}],"wp:featuredmedia":[{"embeddable":true,"href":"https:\/\/madelinefashion.pl\/sk\/wp-json\/wp\/v2\/media\/2665"}],"wp:attachment":[{"href":"https:\/\/madelinefashion.pl\/sk\/wp-json\/wp\/v2\/media?parent=2669"}],"wp:term":[{"taxonomy":"product_brand","embeddable":true,"href":"https:\/\/madelinefashion.pl\/sk\/wp-json\/wp\/v2\/product_brand?post=2669"},{"taxonomy":"product_cat","embeddable":true,"href":"https:\/\/madelinefashion.pl\/sk\/wp-json\/wp\/v2\/product_cat?post=2669"},{"taxonomy":"product_tag","embeddable":true,"href":"https:\/\/madelinefashion.pl\/sk\/wp-json\/wp\/v2\/product_tag?post=2669"}],"curies":[{"name":"pracovn\u00fd list","href":"https:\/\/api.w.org\/{rel}","templated":true}]}}

Kardiganový pudrový pudr Versa s kapucňou

<h3 style="text-align: center;">Kardiganový pudrový pudr Versa s kapucňou</h3>
<p style="text-align: center;"><span style="font-size: 10pt;">Vyzerá skvele v kombinácii s džínsami alebo legínami, môže nahradiť sako.</span></p>
<p style="text-align: center;"><span style="font-size: 10pt;">Takýto sveter by mala mať v šatníku každá z nás.</span></p>
<p style="text-align: center;"><span style="font-size: 10pt;">Klasický strih, jedinečný v ležérnom štýle.</span></p>
<p style="text-align: center;"><span style="font-size: 10pt;">Úžasná kvalita za najlepšiu cenu!</span></p>
<p style="text-align: center;"><span style="font-size: 10pt;">Európsky výrobok, veľmi kvalitný materiál.</span></p>
<p style="text-align: center;"><span style="font-size: 10pt;">Dokonale sa prispôsobí postave </span></p>
<p style="text-align: center;"><strong><span style="font-size: 10pt;">Perfektný kardigan na každú príležitosť</span></strong></p>
<p style="text-align: center;"><span style="font-size: 10pt;">Ideálne do školy, práce, na rande alebo na stretnutie s priateľmi!</span></p>
<p style="text-align: center;"><span style="font-size: 10pt;"><strong>Ideálne pre každú príležitosť a čas!</strong></span></p>
<p style="text-align: center;"><strong>Univerzálna veľkosť, odporúčané S-XL</strong></p>
<h3 style="text-align: center;">Rozmery:</h3>
<ul style="text-align: center;">
<li>Celková dĺžka: 63 cm</li>
<li>Šírka od podpazušia po: 55 cm</li>
<li>Šírka v páse: 55 cm</li>
<li>Dĺžka rukáva od podpazušia: 44 cm</li>
</ul>
<p style="text-align: center;"><span style="font-size: 10pt;">Rozmery sa môžu mierne líšiť od uvedených +/- 2cm. Všetky uvedené rozmery sú merané plošne.</span></p>
<p style="text-align: center;"><span style="font-size: 10pt;"><strong> </strong> </span></p>
<table width="610">
<tbody>
<tr>
<td width="302">Meno modela</td>
<td width="302">Prémiový sveter Versa Cardigan s kapucňou</td>
</tr>
<tr>
<td width="302">Farba</td>
<td width="302">Ružová</td>
</tr>
<tr>
<td width="302">veľkosti</td>
<td width="302">Univerzálny</td>
</tr>
<tr>
<td width="302">Móda</td>
<td width="302">nadrozmerné</td>
</tr>
<tr>
<td width="302">Hood</td>
<td width="302">Áno</td>
</tr>
<tr>
<td width="302">izolované</td>
<td width="302">jednoplášťové</td>
</tr>
<tr>
<td width="302">Materiál</td>
<td width="302">75% akryl, 25% polyamid</td>
</tr>
</tbody>
</table>
<div class="additional-details" style="text-align: center;">
<div class="tabs tabs-bb clear mb-80">
<div class="tab-content">
<div id="tab-description" class="tab-pane fade in woocommerce-Tabs-panel--description active">
<div class="overview-buttons">
<div class="add-to-wishlist">
<p> Model má <strong>165</strong> cm vysoký, nosí veľkosť každý deň <strong>S</strong></p>
</div>
</div>
</div>
</div>
</div>
<section class="up-sells upsells products mb-80"></section>
</div>

<p>Kardigan z Kapturem Versa Pudrowy Róż Świetnie wygląda w zestawieniu z jeansami lub legginsami, może zastąpić marynarkę. Taki sweterek powinna mieć każda z nas w swojej szafie. Fason klasyczny, unikatowy w stylu casual. Rewelacyjna jakość w najlepszej cenie ! Produkt europejski, bardzo dobra jakość materiału. Idealnie dopasowuje się do sylwetki  Kardigan idealny na każdą okazję Idealne</p>
<div class="klb-readmore post-buttons"><a class="button black outline size-sm" href="https://madelinefashion.pl/sk/kardigan-versa-kaptur-rozowy/">Čítať ďalej <i class="klbth-icon-right-arrow"></i></a></div>

pracovný list
