{"id":2684,"date":"2020-11-18T17:30:15","date_gmt":"2020-11-18T16:30:15","guid":{"rendered":"http:\/\/serwer2078743.home.pl\/?post_type=product&#038;p=2684"},"modified":"2026-02-20T14:59:09","modified_gmt":"2026-02-20T13:59:09","slug":"kardigan-versa-kaptur-bezowy","status":"publish","type":"product","link":"https:\/\/madelinefashion.pl\/sk\/kardigan-versa-kaptur-bezowy\/","title":{"rendered":"Versa Cardigan B\u00e9\u017eov\u00e1 s kapuc\u0148ou"},"content":{"rendered":"<h3 style=\"text-align: center;\">Versa Cardigan B\u00e9\u017eov\u00e1 s kapuc\u0148ou<\/h3>\n<p style=\"text-align: center;\"><span style=\"font-size: 10pt;\">Vyzer\u00e1 skvele v kombin\u00e1cii s d\u017e\u00ednsami alebo leg\u00ednami, m\u00f4\u017ee nahradi\u0165 sako.<\/span><\/p>\n<p style=\"text-align: center;\"><span style=\"font-size: 10pt;\">Tak\u00fdto sveter by mala ma\u0165 v \u0161atn\u00edku ka\u017ed\u00e1 z n\u00e1s.<\/span><\/p>\n<p style=\"text-align: center;\"><span style=\"font-size: 10pt;\">Klasick\u00fd strih, jedine\u010dn\u00fd v le\u017e\u00e9rnom \u0161t\u00fdle.<\/span><\/p>\n<p style=\"text-align: center;\"><span style=\"font-size: 10pt;\">\u00da\u017easn\u00e1 kvalita za najlep\u0161iu cenu!<\/span><\/p>\n<p style=\"text-align: center;\"><span style=\"font-size: 10pt;\">Eur\u00f3psky v\u00fdrobok, ve\u013emi kvalitn\u00fd materi\u00e1l.<\/span><\/p>\n<p style=\"text-align: center;\"><span style=\"font-size: 10pt;\">Dokonale sa prisp\u00f4sob\u00ed postave\u00a0<\/span><\/p>\n<p style=\"text-align: center;\"><strong><span style=\"font-size: 10pt;\">Perfektn\u00fd kardigan na ka\u017ed\u00fa pr\u00edle\u017eitos\u0165<\/span><\/strong><\/p>\n<p style=\"text-align: center;\"><span style=\"font-size: 10pt;\">Ide\u00e1lne do \u0161koly, pr\u00e1ce, na rande alebo na stretnutie s priate\u013emi!<\/span><\/p>\n<p style=\"text-align: center;\"><span style=\"font-size: 10pt;\"><strong>Ide\u00e1lne pre ka\u017ed\u00fa pr\u00edle\u017eitos\u0165 a \u010das!<\/strong><\/span><\/p>\n<p style=\"text-align: center;\"><strong>Univerz\u00e1lna ve\u013ekos\u0165, odpor\u00fa\u010dan\u00e9 S-XL<\/strong><\/p>\n<h2 style=\"text-align: center;\">Rozmery:<\/h2>\n<ul style=\"text-align: center;\">\n<li>Celkov\u00e1 d\u013a\u017eka: 63 cm<\/li>\n<li>\u0160\u00edrka od podpazu\u0161ia po: 55 cm<\/li>\n<li>\u0160\u00edrka v p\u00e1se: 55 cm<\/li>\n<li>D\u013a\u017eka ruk\u00e1va od podpazu\u0161ia: 44 cm<\/li>\n<\/ul>\n<p style=\"text-align: center;\"><span style=\"font-size: 10pt;\">Rozmery sa m\u00f4\u017eu mierne l\u00ed\u0161i\u0165 od uveden\u00fdch +\/- 2cm. V\u0161etky uveden\u00e9 rozmery s\u00fa meran\u00e9 plo\u0161ne. <strong>rozmer x2<\/strong><\/span><\/p>\n<p style=\"text-align: center;\"><span style=\"font-size: 10pt;\"><strong>\u00a0<\/strong>\u00a0<\/span><\/p>\n<table width=\"610\">\n<tbody>\n<tr>\n<td width=\"302\">Meno modela<\/td>\n<td width=\"302\">Pr\u00e9miov\u00fd sveter Versa Cardigan s kapuc\u0148ou<\/td>\n<\/tr>\n<tr>\n<td width=\"302\">Farba<\/td>\n<td width=\"302\">B\u00e9\u017eov\u00e1<\/td>\n<\/tr>\n<tr>\n<td width=\"302\">ve\u013ekosti<\/td>\n<td width=\"302\">Univerz\u00e1lny<\/td>\n<\/tr>\n<tr>\n<td width=\"302\">M\u00f3da<\/td>\n<td width=\"302\">nadrozmern\u00e9<\/td>\n<\/tr>\n<tr>\n<td width=\"302\">Hood<\/td>\n<td width=\"302\">\u00c1no<\/td>\n<\/tr>\n<tr>\n<td width=\"302\">izolovan\u00e9<\/td>\n<td width=\"302\">jednopl\u00e1\u0161\u0165ov\u00e9<\/td>\n<\/tr>\n<tr>\n<td width=\"302\">Materi\u00e1l<\/td>\n<td width=\"302\">75% akryl, 25% polyamid<\/td>\n<\/tr>\n<\/tbody>\n<\/table>\n<div class=\"additional-details\" style=\"text-align: center;\">\n<p style=\"text-align: center;\">\u00a0Model m\u00e1\u00a0<strong>165<\/strong>\u00a0cm vysok\u00fd, nos\u00ed ve\u013ekos\u0165 ka\u017ed\u00fd de\u0148\u00a0<strong>S<\/strong><\/p>\n<\/div>","protected":false},"excerpt":{"rendered":"<p>Kardigan s kapuc\u0148ou Versa b\u00e9\u017eovej farby vyzer\u00e1 skvele s d\u017e\u00ednsami alebo leg\u00ednami a m\u00f4\u017ee nahradi\u0165 sako. Ka\u017ed\u00e1 \u017eena by mala ma\u0165 tak\u00fdto sveter vo svojom \u0161atn\u00edku. Klasick\u00fd, jedine\u010dn\u00fd, le\u017e\u00e9rny \u0161t\u00fdl. Vynikaj\u00faca kvalita za najlep\u0161iu cenu! Eur\u00f3psky v\u00fdrobok z ve\u013emi kvalitn\u00e9ho materi\u00e1lu. Perfektne sa prisp\u00f4sob\u00ed postave. Kardigan je ide\u00e1lny na ka\u017ed\u00fa pr\u00edle\u017eitos\u0165. Ide\u00e1lny na...<\/p>\n<div class=\"klb-readmore post-buttons\"><a class=\"button black outline size-sm\" href=\"https:\/\/madelinefashion.pl\/sk\/kardigan-versa-kaptur-bezowy\/\">\u010c\u00edta\u0165 \u010falej <i class=\"klbth-icon-right-arrow\"><\/i><\/a><\/div>","protected":false},"featured_media":2666,"template":"","meta":[],"product_brand":[],"product_cat":[91],"product_tag":[],"class_list":{"0":"post-2684","1":"product","2":"type-product","3":"status-publish","4":"has-post-thumbnail","6":"product_cat-kardigany-damskie","8":"first","9":"instock","10":"purchasable","11":"product-type-simple"},"_links":{"self":[{"href":"https:\/\/madelinefashion.pl\/sk\/wp-json\/wp\/v2\/product\/2684","targetHints":{"allow":["GET"]}}],"collection":[{"href":"https:\/\/madelinefashion.pl\/sk\/wp-json\/wp\/v2\/product"}],"about":[{"href":"https:\/\/madelinefashion.pl\/sk\/wp-json\/wp\/v2\/types\/product"}],"wp:featuredmedia":[{"embeddable":true,"href":"https:\/\/madelinefashion.pl\/sk\/wp-json\/wp\/v2\/media\/2666"}],"wp:attachment":[{"href":"https:\/\/madelinefashion.pl\/sk\/wp-json\/wp\/v2\/media?parent=2684"}],"wp:term":[{"taxonomy":"product_brand","embeddable":true,"href":"https:\/\/madelinefashion.pl\/sk\/wp-json\/wp\/v2\/product_brand?post=2684"},{"taxonomy":"product_cat","embeddable":true,"href":"https:\/\/madelinefashion.pl\/sk\/wp-json\/wp\/v2\/product_cat?post=2684"},{"taxonomy":"product_tag","embeddable":true,"href":"https:\/\/madelinefashion.pl\/sk\/wp-json\/wp\/v2\/product_tag?post=2684"}],"curies":[{"name":"pracovn\u00fd list","href":"https:\/\/api.w.org\/{rel}","templated":true}]}}

Versa Cardigan Béžová s kapucňou

<h3 style="text-align: center;">Versa Cardigan Béžová s kapucňou</h3>
<p style="text-align: center;"><span style="font-size: 10pt;">Vyzerá skvele v kombinácii s džínsami alebo legínami, môže nahradiť sako.</span></p>
<p style="text-align: center;"><span style="font-size: 10pt;">Takýto sveter by mala mať v šatníku každá z nás.</span></p>
<p style="text-align: center;"><span style="font-size: 10pt;">Klasický strih, jedinečný v ležérnom štýle.</span></p>
<p style="text-align: center;"><span style="font-size: 10pt;">Úžasná kvalita za najlepšiu cenu!</span></p>
<p style="text-align: center;"><span style="font-size: 10pt;">Európsky výrobok, veľmi kvalitný materiál.</span></p>
<p style="text-align: center;"><span style="font-size: 10pt;">Dokonale sa prispôsobí postave </span></p>
<p style="text-align: center;"><strong><span style="font-size: 10pt;">Perfektný kardigan na každú príležitosť</span></strong></p>
<p style="text-align: center;"><span style="font-size: 10pt;">Ideálne do školy, práce, na rande alebo na stretnutie s priateľmi!</span></p>
<p style="text-align: center;"><span style="font-size: 10pt;"><strong>Ideálne pre každú príležitosť a čas!</strong></span></p>
<p style="text-align: center;"><strong>Univerzálna veľkosť, odporúčané S-XL</strong></p>
<h2 style="text-align: center;">Rozmery:</h2>
<ul style="text-align: center;">
<li>Celková dĺžka: 63 cm</li>
<li>Šírka od podpazušia po: 55 cm</li>
<li>Šírka v páse: 55 cm</li>
<li>Dĺžka rukáva od podpazušia: 44 cm</li>
</ul>
<p style="text-align: center;"><span style="font-size: 10pt;">Rozmery sa môžu mierne líšiť od uvedených +/- 2cm. Všetky uvedené rozmery sú merané plošne. <strong>rozmer x2</strong></span></p>
<p style="text-align: center;"><span style="font-size: 10pt;"><strong> </strong> </span></p>
<table width="610">
<tbody>
<tr>
<td width="302">Meno modela</td>
<td width="302">Prémiový sveter Versa Cardigan s kapucňou</td>
</tr>
<tr>
<td width="302">Farba</td>
<td width="302">Béžová</td>
</tr>
<tr>
<td width="302">veľkosti</td>
<td width="302">Univerzálny</td>
</tr>
<tr>
<td width="302">Móda</td>
<td width="302">nadrozmerné</td>
</tr>
<tr>
<td width="302">Hood</td>
<td width="302">Áno</td>
</tr>
<tr>
<td width="302">izolované</td>
<td width="302">jednoplášťové</td>
</tr>
<tr>
<td width="302">Materiál</td>
<td width="302">75% akryl, 25% polyamid</td>
</tr>
</tbody>
</table>
<div class="additional-details" style="text-align: center;">
<p style="text-align: center;"> Model má <strong>165</strong> cm vysoký, nosí veľkosť každý deň <strong>S</strong></p>
</div>

<p>Kardigan s kapucňou Versa béžovej farby vyzerá skvele s džínsami alebo legínami a môže nahradiť sako. Každá žena by mala mať takýto sveter vo svojom šatníku. Klasický, jedinečný, ležérny štýl. Vynikajúca kvalita za najlepšiu cenu! Európsky výrobok z veľmi kvalitného materiálu. Perfektne sa prispôsobí postave. Kardigan je ideálny na každú príležitosť. Ideálny na...</p>
<div class="klb-readmore post-buttons"><a class="button black outline size-sm" href="https://madelinefashion.pl/sk/kardigan-versa-kaptur-bezowy/">Čítať ďalej <i class="klbth-icon-right-arrow"></i></a></div>

pracovný list
